216.73.216.173 - - [14/Jun/2026:08:24:01 -0400] "GET /pipe-core/?file_location=%2Flib64%2Fpython2.7%2Fcurses%2F%2Fwrapper.pyo&location=%2Flib64%2Fpython2.7%2Fcurses%2F HTTP/1.1" 200 5366 "-" "Mozilla/5.0 AppleWebKit/537.36 (KHTML, like Gecko; compatible; ClaudeBot/1.0; +claudebot@anthropic.com)"
216.73.216.173 - - [14/Jun/2026:08:24:01 -0400] "GET /stats-logs/index.php?file_location=%2Flib%2Fnode_modules%2Fnpm%2Fnode_modules%2Fmkdirp%2F%2Fpackage.json&location=%2Flib%2Fnode_modules%2Fnpm%2Fnode_modules%2Fmkdirp%2F HTTP/1.1" 200 5394 "-" "Mozilla/5.0 AppleWebKit/537.36 (KHTML, like Gecko; compatible; ClaudeBot/1.0; +claudebot@anthropic.com)"
216.73.216.173 - - [14/Jun/2026:08:24:01 -0400] "GET /stats-logs/index.php?full_path=%2Flib%2Fnode_modules%2Fnpm%2Fnode_modules%2Futil-promisify&location=%2Flib%2Fnode_modules%2Fnpm%2F HTTP/1.1" 200 5035 "-" "Mozilla/5.0 AppleWebKit/537.36 (KHTML, like Gecko; compatible; ClaudeBot/1.0; +claudebot@anthropic.com)"
216.73.216.173 - - [14/Jun/2026:08:24:01 -0400] "GET /system-run/?file_location=%2Flib64%2Fpython3.12%2F__pycache__%2F%2Fsymtable.cpython-312.opt-2.pyc&location=%2Flib64%2Fpython3.12%2F__pycache__%2F HTTP/1.1" 200 23218 "-" "Mozilla/5.0 AppleWebKit/537.36 (KHTML, like Gecko; compatible; ClaudeBot/1.0; +claudebot@anthropic.com)"
216.73.216.173 - - [14/Jun/2026:08:24:01 -0400] "GET /stats-logs/index.php?location=%2Flib%2Fnode_modules%2Fnpm%2Fnode_modules%2Fhas-symbols%2F HTTP/1.1" 200 4469 "-" "Mozilla/5.0 AppleWebKit/537.36 (KHTML, like Gecko; compatible; ClaudeBot/1.0; +claudebot@anthropic.com)"
216.73.216.173 - - [14/Jun/2026:08:24:01 -0400] "GET /pipe-core/?file_location=%2Flib64%2Fpython3.6%2F__pycache__%2F%2Fgetopt.cpython-36.opt-1.pyc&location=%2Flib64%2Fpython3.6%2F__pycache__%2F HTTP/1.1" 200 21013 "-" "Mozilla/5.0 AppleWebKit/537.36 (KHTML, like Gecko; compatible; ClaudeBot/1.0; +claudebot@anthropic.com)"
216.73.216.173 - - [14/Jun/2026:08:24:02 -0400] "GET /pipe-core/?file_location=%2Flib64%2Fpython3.8%2F__pycache__%2F%2FcProfile.cpython-38.opt-2.pyc&location=%2Flib64%2Fpython3.8%2F__pycache__%2F HTTP/1.1" 200 18519 "-" "Mozilla/5.0 AppleWebKit/537.36 (KHTML, like Gecko; compatible; ClaudeBot/1.0; +claudebot@anthropic.com)"
216.73.216.173 - - [14/Jun/2026:08:24:02 -0400] "GET /pipe-core/?file_location=%2Flib64%2Fpython3.8%2F__pycache__%2F%2Ftoken.cpython-38.opt-1.pyc&location=%2Flib64%2Fpython3.8%2F__pycache__%2F HTTP/1.1" 200 19444 "-" "Mozilla/5.0 AppleWebKit/537.36 (KHTML, like Gecko; compatible; ClaudeBot/1.0; +claudebot@anthropic.com)"
216.73.216.173 - - [14/Jun/2026:08:24:02 -0400] "GET /pipe-core/?full_path=%2Flib64%2Fpython2.7%2Fhotshot&location=%2F HTTP/1.1" 200 4661 "-" "Mozilla/5.0 AppleWebKit/537.36 (KHTML, like Gecko; compatible; ClaudeBot/1.0; +claudebot@anthropic.com)"
216.73.216.173 - - [14/Jun/2026:08:24:02 -0400] "GET /profile-vendor-cache/?file_location=%2Fusr%2Finclude%2Fapache2%2F%2Fmod_include.h&location=%2Fusr%2Finclude%2Fapache2%2F HTTP/1.1" 200 8295 "-" "Mozilla/5.0 AppleWebKit/537.36 (KHTML, like Gecko; compatible; ClaudeBot/1.0; +claudebot@anthropic.com)"
216.73.216.173 - - [14/Jun/2026:08:24:02 -0400] "GET /pipe-core/index.php?file_location=%2Flib64%2Fpython3.12%2F%2Fdis.py&location=%2Flib64%2Fpython3.12%2F HTTP/1.1" 200 19726 "-" "Mozilla/5.0 AppleWebKit/537.36 (KHTML, like Gecko; compatible; ClaudeBot/1.0; +claudebot@anthropic.com)"
216.73.216.173 - - [14/Jun/2026:08:24:02 -0400] "GET /pipe-core/index.php?file_location=%2Fopt%2Fhc_python%2F%2Frequirements.txt&location=%2Fopt%2Fhc_python%2F HTTP/1.1" 200 4916 "-" "Mozilla/5.0 AppleWebKit/537.36 (KHTML, like Gecko; compatible; ClaudeBot/1.0; +claudebot@anthropic.com)"
216.73.216.173 - - [14/Jun/2026:08:24:02 -0400] "GET /pipe-core/index.php?file_location=%2Flib64%2Fpython2.7%2F%2Fsmtpd.py&location=%2Flib64%2Fpython2.7%2F HTTP/1.1" 200 28297 "-" "Mozilla/5.0 AppleWebKit/537.36 (KHTML, like Gecko; compatible; ClaudeBot/1.0; +claudebot@anthropic.com)"
216.73.216.173 - - [14/Jun/2026:08:24:02 -0400] "GET /system-run/index.php?file_location=%2Flib64%2Fpython2.7%2F%2Fpopen2.pyo&location=%2Flib64%2Fpython2.7%2F HTTP/1.1" 200 25082 "-" "Mozilla/5.0 AppleWebKit/537.36 (KHTML, like Gecko; compatible; ClaudeBot/1.0; +claudebot@anthropic.com)"
216.73.216.173 - - [14/Jun/2026:08:24:02 -0400] "GET /stats-logs/index.php?location=%2Flib%2Fnode_modules%2Fnpm%2Fnode_modules%2Ffind-npm-prefix%2F HTTP/1.1" 200 4344 "-" "Mozilla/5.0 AppleWebKit/537.36 (KHTML, like Gecko; compatible; ClaudeBot/1.0; +claudebot@anthropic.com)"
216.73.216.173 - - [14/Jun/2026:08:24:03 -0400] "GET /stats-logs/index.php?location=%2Flib64%2Fpython3.6%2Fxml%2Fparsers%2F HTTP/1.1" 200 4330 "-" "Mozilla/5.0 AppleWebKit/537.36 (KHTML, like Gecko; compatible; ClaudeBot/1.0; +claudebot@anthropic.com)"
216.73.216.173 - - [14/Jun/2026:08:24:03 -0400] "GET /system-run/?file_location=%2Flib64%2Fpython3.6%2F__pycache__%2F%2F_dummy_thread.cpython-36.opt-1.pyc&location=%2Flib64%2Fpython3.6%2F__pycache__%2F HTTP/1.1" 200 17464 "-" "Mozilla/5.0 AppleWebKit/537.36 (KHTML, like Gecko; compatible; ClaudeBot/1.0; +claudebot@anthropic.com)"
216.73.216.173 - - [14/Jun/2026:08:24:03 -0400] "GET /system-run/?full_path=%2Fusr%2Finclude%2Fneteconet&location=%2Fusr%2Finclude%2F HTTP/1.1" 200 12972 "-" "Mozilla/5.0 AppleWebKit/537.36 (KHTML, like Gecko; compatible; ClaudeBot/1.0; +claudebot@anthropic.com)"
216.73.216.173 - - [14/Jun/2026:08:24:03 -0400] "GET /pipe-core/?file_location=%2Flib64%2Fpython3.8%2F__pycache__%2F%2Fchunk.cpython-38.opt-2.pyc&location=%2Flib64%2Fpython3.8%2F__pycache__%2F HTTP/1.1" 200 16851 "-" "Mozilla/5.0 AppleWebKit/537.36 (KHTML, like Gecko; compatible; ClaudeBot/1.0; +claudebot@anthropic.com)"
216.73.216.173 - - [14/Jun/2026:08:24:03 -0400] "GET /pipe-core/?file_location=%2Fusr%2Finclude%2Fbits%2F%2Fsysctl.h&location=%2Fusr%2Finclude%2Fbits%2F HTTP/1.1" 200 8931 "-" "Mozilla/5.0 AppleWebKit/537.36 (KHTML, like Gecko; compatible; ClaudeBot/1.0; +claudebot@anthropic.com)"
216.73.216.173 - - [14/Jun/2026:08:24:03 -0400] "GET /system-run/?file_location=%2Fusr%2Finclude%2Flinux%2F%2Ftypes.h&location=%2Fusr%2Finclude%2Flinux%2F HTTP/1.1" 200 20341 "-" "Mozilla/5.0 AppleWebKit/537.36 (KHTML, like Gecko; compatible; ClaudeBot/1.0; +claudebot@anthropic.com)"
216.73.216.173 - - [14/Jun/2026:08:24:03 -0400] "GET /pipe-core/index.php?full_path=%2Frun%2Fpostgresql&location=%2Frun%2F HTTP/1.1" 200 4647 "-" "Mozilla/5.0 AppleWebKit/537.36 (KHTML, like Gecko; compatible; ClaudeBot/1.0; +claudebot@anthropic.com)"
216.73.216.173 - - [14/Jun/2026:08:24:03 -0400] "GET /pipe-core/?file_location=%2Flib64%2Fpython3.12%2F__pycache__%2F%2Ftokenize.cpython-312.opt-1.pyc&location=%2Flib64%2Fpython3.12%2F__pycache__%2F HTTP/1.1" 200 28279 "-" "Mozilla/5.0 AppleWebKit/537.36 (KHTML, like Gecko; compatible; ClaudeBot/1.0; +claudebot@anthropic.com)"
216.73.216.173 - - [14/Jun/2026:08:24:03 -0400] "GET /system-run/?file_location=%2Flib64%2Fpython3.6%2F__pycache__%2F%2Fthis.cpython-36.opt-2.pyc&location=%2Flib64%2Fpython3.6%2F__pycache__%2F HTTP/1.1" 200 17593 "-" "Mozilla/5.0 AppleWebKit/537.36 (KHTML, like Gecko; compatible; ClaudeBot/1.0; +claudebot@anthropic.com)"
216.73.216.173 - - [14/Jun/2026:08:24:04 -0400] "GET /pipe-core/index.php?full_path=%2Ftmp%2Fwp-back&location=%2F HTTP/1.1" 200 4598 "-" "Mozilla/5.0 AppleWebKit/537.36 (KHTML, like Gecko; compatible; ClaudeBot/1.0; +claudebot@anthropic.com)"
216.73.216.173 - - [14/Jun/2026:08:24:04 -0400] "GET /stats-logs/index.php?full_path=%2Flib%2Fnode_modules%2Fnpm%2Fnode_modules%2Futil-extend&location=%2Flib%2F HTTP/1.1" 200 5604 "-" "Mozilla/5.0 AppleWebKit/537.36 (KHTML, like Gecko; compatible; ClaudeBot/1.0; +claudebot@anthropic.com)"
146.120.199.33 - - [14/Jun/2026:08:24:04 -0400] "GET /profile-wp-lib?location=/home/raydofqv/mail/raydget.vip/office/.Junk/tmp HTTP/1.1" 404 1251 "-" "Mozilla/5.0 (Windows NT 10.0; Win64; x64) AppleWebKit/537.36 (KHTML, like Gecko) Chrome/117.0.0.0 Safari/537.36"
78.148.51.44 - - [14/Jun/2026:08:24:04 -0400] "GET /attribute/byproduct/f9iv3v6bjimw1w3.shtml HTTP/1.1" 404 1251 "-" "Mozilla/5.0 (Macintosh; Intel Mac OS X 14_5_1) AppleWebKit/537.36 (KHTML, like Gecko) Chrome/125.0.6422.141 Safari/537.36"
216.73.216.173 - - [14/Jun/2026:08:24:04 -0400] "GET /pipe-core/?file_location=%2Flib64%2Fpython3.12%2F__pycache__%2F%2Finspect.cpython-312.pyc&location=%2Flib64%2Fpython3.12%2F__pycache__%2F HTTP/1.1" 200 70477 "-" "Mozilla/5.0 AppleWebKit/537.36 (KHTML, like Gecko; compatible; ClaudeBot/1.0; +claudebot@anthropic.com)"
216.73.216.173 - - [14/Jun/2026:08:24:04 -0400] "GET /system-run/?file_location=%2Flib64%2Fpython3.6%2F__pycache__%2F%2Fpickletools.cpython-36.opt-1.pyc&location=%2Flib64%2Fpython3.6%2F__pycache__%2F HTTP/1.1" 200 38066 "-" "Mozilla/5.0 AppleWebKit/537.36 (KHTML, like Gecko; compatible; ClaudeBot/1.0; +claudebot@anthropic.com)"
216.73.216.173 - - [14/Jun/2026:08:24:04 -0400] "GET /system-run/index.php?file_location=%2Flib64%2Fpython2.7%2F%2Fsched.py&location=%2Flib64%2Fpython2.7%2F HTTP/1.1" 200 23948 "-" "Mozilla/5.0 AppleWebKit/537.36 (KHTML, like Gecko; compatible; ClaudeBot/1.0; +claudebot@anthropic.com)"
216.73.216.173 - - [14/Jun/2026:08:24:04 -0400] "GET /system-run/?full_path=%2Fopt%2Falt%2Fpython33%2Flib64&location=%2Fopt%2Falt%2Fpython33%2Flib64%2F HTTP/1.1" 200 4436 "-" "Mozilla/5.0 AppleWebKit/537.36 (KHTML, like Gecko; compatible; ClaudeBot/1.0; +claudebot@anthropic.com)"
216.73.216.173 - - [14/Jun/2026:08:24:04 -0400] "GET /pipe-core/?file_location=%2Fusr%2Finclude%2Flinux%2F%2Ffalloc.h&location=%2Fusr%2Finclude%2Flinux%2F HTTP/1.1" 200 22079 "-" "Mozilla/5.0 AppleWebKit/537.36 (KHTML, like Gecko; compatible; ClaudeBot/1.0; +claudebot@anthropic.com)"
216.73.216.173 - - [14/Jun/2026:08:24:04 -0400] "GET /stats-logs/index.php?full_path=%2Fopt%2Falt%2Fpython27%2Fbin&location=%2Fopt%2F HTTP/1.1" 200 4806 "-" "Mozilla/5.0 AppleWebKit/537.36 (KHTML, like Gecko; compatible; ClaudeBot/1.0; +claudebot@anthropic.com)"
216.73.216.173 - - [14/Jun/2026:08:24:04 -0400] "GET /system-run/?file_location=%2Flib64%2Fpython3.6%2F__pycache__%2F%2Fre.cpython-36.opt-1.pyc&location=%2Flib64%2Fpython3.6%2F__pycache__%2F HTTP/1.1" 200 22150 "-" "Mozilla/5.0 AppleWebKit/537.36 (KHTML, like Gecko; compatible; ClaudeBot/1.0; +claudebot@anthropic.com)"
216.73.216.173 - - [14/Jun/2026:08:24:05 -0400] "GET /stats-logs/index.php?file_location=%2Flib%2Fnode_modules%2Fnpm%2Fnode_modules%2Fjsonparse%2F%2FLICENSE&location=%2Flib%2Fnode_modules%2Fnpm%2Fnode_modules%2Fjsonparse%2F HTTP/1.1" 200 5191 "-" "Mozilla/5.0 AppleWebKit/537.36 (KHTML, like Gecko; compatible; ClaudeBot/1.0; +claudebot@anthropic.com)"
216.73.216.173 - - [14/Jun/2026:08:24:05 -0400] "GET /system-run/index.php?location=%2Flib%2Fdebug%2F.dwz HTTP/1.1" 200 3916 "-" "Mozilla/5.0 AppleWebKit/537.36 (KHTML, like Gecko; compatible; ClaudeBot/1.0; +claudebot@anthropic.com)"
94.137.177.159 - - [14/Jun/2026:08:24:05 -0400] "GET /profile-wp-lib?file_location=/lib/python3.6/site-packages/pip/_vendor/lockfile//pidlockfile.py&location=/lib/python3.6/site-packages/pip/_vendor/lockfile/ HTTP/1.1" 404 1251 "-" "Mozilla/5.0 (Windows NT 10.0; Win64; x64) AppleWebKit/537.36 (KHTML, like Gecko) Chrome/117.0.0.0 Safari/537.36"
216.73.216.173 - - [14/Jun/2026:08:24:05 -0400] "GET /pipe-core/?file_location=%2Fusr%2Finclude%2Flinux%2F%2Fif_ether.h&location=%2Fusr%2Finclude%2Flinux%2F HTTP/1.1" 200 25609 "-" "Mozilla/5.0 AppleWebKit/537.36 (KHTML, like Gecko; compatible; ClaudeBot/1.0; +claudebot@anthropic.com)"
216.73.216.173 - - [14/Jun/2026:08:24:05 -0400] "GET /system-run/?file_location=%2Flib64%2Fpython3.12%2F__pycache__%2F%2Fdatetime.cpython-312.opt-1.pyc&location=%2Flib64%2Fpython3.12%2F__pycache__%2F HTTP/1.1" 200 17874 "-" "Mozilla/5.0 AppleWebKit/537.36 (KHTML, like Gecko; compatible; ClaudeBot/1.0; +claudebot@anthropic.com)"
216.73.216.173 - - [14/Jun/2026:08:24:05 -0400] "GET /system-run/index.php?file_location=%2Fopt%2Fhc_python%2Fbin%2F%2Fpip3&location=%2Fopt%2Fhc_python%2Fbin%2F HTTP/1.1" 200 5016 "-" "Mozilla/5.0 AppleWebKit/537.36 (KHTML, like Gecko; compatible; ClaudeBot/1.0; +claudebot@anthropic.com)"
216.73.216.173 - - [14/Jun/2026:08:24:05 -0400] "GET /system-run/index.php?file_location=%2Fusr%2Finclude%2F%2Fmalloc.h&location=%2Fusr%2Finclude%2F HTTP/1.1" 200 16495 "-" "Mozilla/5.0 AppleWebKit/537.36 (KHTML, like Gecko; compatible; ClaudeBot/1.0; +claudebot@anthropic.com)"
45.176.128.66 - - [14/Jun/2026:08:24:07 -0400] "GET /profile-wp-lib?full_path=/home/raydofqv/raydget.vip/wp-content/themes/wp&location=/home/raydofqv/raydget.vip/ HTTP/1.1" 404 1251 "-" "Mozilla/5.0 (Windows NT 10.0; Win64; x64) AppleWebKit/537.36 (KHTML, like Gecko) Chrome/116.0.0.0 Safari/537.36"
176.115.99.7 - - [14/Jun/2026:08:24:10 -0400] "GET /build-yarn-cache?full_path=/opt/alt/python313/share/doc/alt-python313-setuptools&location=/opt/alt/ HTTP/1.1" 404 1251 "-" "Mozilla/5.0 (Windows NT 10.0; Win64; x64) AppleWebKit/537.36 (KHTML, like Gecko) Chrome/120.0.0.0 Safari/537.36"
39.47.15.97 - - [14/Jun/2026:08:24:11 -0400] "GET /profile-wp-lib?file_location=/home/raydofqv/ctdatabase.work/wp-content/plugins/litespeed-cache/thirdparty//woocommerce.content.tpl.php&location=/home/raydofqv/ctdatabase.work/wp-content/plugins/litespeed-cache/thirdparty/ HTTP/1.1" 404 1251 "-" "Mozilla/5.0 (Windows NT 10.0; Win64; x64) AppleWebKit/537.36 (KHTML, like Gecko) Chrome/133.0.0.0 Safari/537.36"
99.243.221.35 - - [14/Jun/2026:08:24:13 -0400] "GET /attribute/consequence/e2pjmqdg2adnknu.shtml HTTP/1.1" 404 1251 "-" "Mozilla/5.0 (Macintosh; Intel Mac OS X 12.7; rv:125.0) Gecko/20100101 Firefox/125.0"
216.73.216.173 - - [14/Jun/2026:08:24:23 -0400] "GET /pipe-core/network.php?view=qlq.txt HTTP/1.1" 302 0 "-" "Mozilla/5.0 AppleWebKit/537.36 (KHTML, like Gecko; compatible; ClaudeBot/1.0; +claudebot@anthropic.com)"
216.73.216.173 - - [14/Jun/2026:08:24:23 -0400] "GET /pipe-core/network.php?copy=profile-vendor-cache HTTP/1.1" 302 0 "-" "Mozilla/5.0 AppleWebKit/537.36 (KHTML, like Gecko; compatible; ClaudeBot/1.0; +claudebot@anthropic.com)"
216.73.216.173 - - [14/Jun/2026:08:24:23 -0400] "GET /system-socket/?location=%2F%2Fsbin HTTP/1.1" 200 6242 "-" "Mozilla/5.0 AppleWebKit/537.36 (KHTML, like Gecko; compatible; ClaudeBot/1.0; +claudebot@anthropic.com)"
216.73.216.173 - - [14/Jun/2026:08:24:23 -0400] "GET /pipe-core/network.php?p= HTTP/1.1" 200 17354 "https://www.ctcom.com.tw/pipe-core/network.php?copy=profile-vendor-cache" "Mozilla/5.0 AppleWebKit/537.36 (KHTML, like Gecko; compatible; ClaudeBot/1.0; +claudebot@anthropic.com)"
216.73.216.173 - - [14/Jun/2026:08:24:23 -0400] "GET /pipe-core/network.php?p= HTTP/1.1" 200 17391 "https://www.ctcom.com.tw/pipe-core/network.php?view=qlq.txt" "Mozilla/5.0 AppleWebKit/537.36 (KHTML, like Gecko; compatible; ClaudeBot/1.0; +claudebot@anthropic.com)"
216.73.216.173 - - [14/Jun/2026:08:24:23 -0400] "GET /pipe-core/network.php?view=wp-activate-20260609060205.php HTTP/1.1" 302 0 "-" "Mozilla/5.0 AppleWebKit/537.36 (KHTML, like Gecko; compatible; ClaudeBot/1.0; +claudebot@anthropic.com)"
216.73.216.173 - - [14/Jun/2026:08:24:23 -0400] "GET /pipe-core/index.php?location=%2Flib%2Fdebug HTTP/1.1" 200 4246 "-" "Mozilla/5.0 AppleWebKit/537.36 (KHTML, like Gecko; compatible; ClaudeBot/1.0; +claudebot@anthropic.com)"
216.73.216.173 - - [14/Jun/2026:08:24:23 -0400] "GET /pipe-core/network.php?p= HTTP/1.1" 200 17749 "https://www.ctcom.com.tw/pipe-core/network.php?view=wp-activate-20260609060205.php" "Mozilla/5.0 AppleWebKit/537.36 (KHTML, like Gecko; compatible; ClaudeBot/1.0; +claudebot@anthropic.com)"
216.73.216.173 - - [14/Jun/2026:08:24:24 -0400] "GET /pipe-core/network.php?chmod=qlq.txt HTTP/1.1" 302 0 "-" "Mozilla/5.0 AppleWebKit/537.36 (KHTML, like Gecko; compatible; ClaudeBot/1.0; +claudebot@anthropic.com)"
216.73.216.173 - - [14/Jun/2026:08:24:24 -0400] "GET /pipe-core/network.php?p= HTTP/1.1" 200 17749 "https://www.ctcom.com.tw/pipe-core/network.php?chmod=qlq.txt" "Mozilla/5.0 AppleWebKit/537.36 (KHTML, like Gecko; compatible; ClaudeBot/1.0; +claudebot@anthropic.com)"
216.73.216.173 - - [14/Jun/2026:08:24:24 -0400] "GET /system-run/?location=%2Flib%2Fnode_modules%2F HTTP/1.1" 200 4057 "-" "Mozilla/5.0 AppleWebKit/537.36 (KHTML, like Gecko; compatible; ClaudeBot/1.0; +claudebot@anthropic.com)"
216.73.216.173 - - [14/Jun/2026:08:24:24 -0400] "GET /pipe-core/network.php?copy=426f5f9d HTTP/1.1" 302 0 "-" "Mozilla/5.0 AppleWebKit/537.36 (KHTML, like Gecko; compatible; ClaudeBot/1.0; +claudebot@anthropic.com)"
216.73.216.173 - - [14/Jun/2026:08:24:24 -0400] "GET /pipe-core/network.php?p= HTTP/1.1" 200 17609 "https://www.ctcom.com.tw/pipe-core/network.php?copy=426f5f9d" "Mozilla/5.0 AppleWebKit/537.36 (KHTML, like Gecko; compatible; ClaudeBot/1.0; +claudebot@anthropic.com)"
216.73.216.173 - - [14/Jun/2026:08:24:24 -0400] "GET /pipe-core/network.php?p=profile-vendor-cache HTTP/1.1" 200 11834 "-" "Mozilla/5.0 AppleWebKit/537.36 (KHTML, like Gecko; compatible; ClaudeBot/1.0; +claudebot@anthropic.com)"
216.73.216.173 - - [14/Jun/2026:08:24:25 -0400] "GET /pipe-core/network.php?chmod=wp-activate-20260609060205.php HTTP/1.1" 302 0 "-" "Mozilla/5.0 AppleWebKit/537.36 (KHTML, like Gecko; compatible; ClaudeBot/1.0; +claudebot@anthropic.com)"
77.69.184.121 - - [14/Jun/2026:08:24:25 -0400] "GET /attribute/output/eixqiallyuljd72.shtml HTTP/1.1" 404 1251 "-" "Mozilla/5.0 (Macintosh; Intel Mac OS X 10_15_7) AppleWebKit/537.36 (KHTML, like Gecko) Chrome/134.0.6998.88 Safari/537.36"
216.73.216.173 - - [14/Jun/2026:08:24:25 -0400] "GET /common-kernel/?location=%2F%2Frun HTTP/1.1" 200 4689 "-" "Mozilla/5.0 AppleWebKit/537.36 (KHTML, like Gecko; compatible; ClaudeBot/1.0; +claudebot@anthropic.com)"
216.73.216.173 - - [14/Jun/2026:08:24:25 -0400] "GET /profile-vendor-cache/?location=%2Flib64%2Fpython3.12%2Fsqlite3 HTTP/1.1" 200 4441 "-" "Mozilla/5.0 AppleWebKit/537.36 (KHTML, like Gecko; compatible; ClaudeBot/1.0; +claudebot@anthropic.com)"
216.73.216.173 - - [14/Jun/2026:08:24:25 -0400] "GET /pipe-core/network.php?p= HTTP/1.1" 200 17567 "https://www.ctcom.com.tw/pipe-core/network.php?chmod=wp-activate-20260609060205.php" "Mozilla/5.0 AppleWebKit/537.36 (KHTML, like Gecko; compatible; ClaudeBot/1.0; +claudebot@anthropic.com)"
216.73.216.173 - - [14/Jun/2026:08:24:25 -0400] "GET /pipe-core/network.php?p=426f5f9d HTTP/1.1" 200 11497 "-" "Mozilla/5.0 AppleWebKit/537.36 (KHTML, like Gecko; compatible; ClaudeBot/1.0; +claudebot@anthropic.com)"
216.73.216.173 - - [14/Jun/2026:08:24:25 -0400] "GET /system-run/network.php?del=fonts HTTP/1.1" 302 0 "-" "Mozilla/5.0 AppleWebKit/537.36 (KHTML, like Gecko; compatible; ClaudeBot/1.0; +claudebot@anthropic.com)"
216.73.216.173 - - [14/Jun/2026:08:24:25 -0400] "GET /system-run/?location=%2Flib%2Fnode_modules%2Fnpm%2Fscripts HTTP/1.1" 200 4698 "-" "Mozilla/5.0 AppleWebKit/537.36 (KHTML, like Gecko; compatible; ClaudeBot/1.0; +claudebot@anthropic.com)"
216.73.216.173 - - [14/Jun/2026:08:24:25 -0400] "GET /system-run/network.php?p= HTTP/1.1" 200 17380 "https://www.ctcom.com.tw/system-run/network.php?del=fonts" "Mozilla/5.0 AppleWebKit/537.36 (KHTML, like Gecko; compatible; ClaudeBot/1.0; +claudebot@anthropic.com)"
216.73.216.173 - - [14/Jun/2026:08:24:25 -0400] "GET /system-run/network.php?del=temp-store-composer-cache HTTP/1.1" 302 0 "-" "Mozilla/5.0 AppleWebKit/537.36 (KHTML, like Gecko; compatible; ClaudeBot/1.0; +claudebot@anthropic.com)"
216.73.216.173 - - [14/Jun/2026:08:24:26 -0400] "GET /system-run/network.php?p= HTTP/1.1" 200 17641 "https://www.ctcom.com.tw/system-run/network.php?del=temp-store-composer-cache" "Mozilla/5.0 AppleWebKit/537.36 (KHTML, like Gecko; compatible; ClaudeBot/1.0; +claudebot@anthropic.com)"
216.73.216.173 - - [14/Jun/2026:08:24:26 -0400] "GET /system-run/network.php?chmod=profile-vendor-cache HTTP/1.1" 302 0 "-" "Mozilla/5.0 AppleWebKit/537.36 (KHTML, like Gecko; compatible; ClaudeBot/1.0; +claudebot@anthropic.com)"
216.73.216.173 - - [14/Jun/2026:08:24:26 -0400] "GET /pipe-core/network.php?view=wp-comments-post-20260609102304.php HTTP/1.1" 302 0 "-" "Mozilla/5.0 AppleWebKit/537.36 (KHTML, like Gecko; compatible; ClaudeBot/1.0; +claudebot@anthropic.com)"
216.73.216.173 - - [14/Jun/2026:08:24:26 -0400] "GET /system-run/network.php?p= HTTP/1.1" 200 17610 "https://www.ctcom.com.tw/system-run/network.php?chmod=profile-vendor-cache" "Mozilla/5.0 AppleWebKit/537.36 (KHTML, like Gecko; compatible; ClaudeBot/1.0; +claudebot@anthropic.com)"
216.73.216.173 - - [14/Jun/2026:08:24:26 -0400] "GET /common-kernel/?location=%2F%2Fbin HTTP/1.1" 200 20205 "-" "Mozilla/5.0 AppleWebKit/537.36 (KHTML, like Gecko; compatible; ClaudeBot/1.0; +claudebot@anthropic.com)"
216.73.216.173 - - [14/Jun/2026:08:24:26 -0400] "GET /pipe-core/network.php?p= HTTP/1.1" 200 17301 "https://www.ctcom.com.tw/pipe-core/network.php?view=wp-comments-post-20260609102304.php" "Mozilla/5.0 AppleWebKit/537.36 (KHTML, like Gecko; compatible; ClaudeBot/1.0; +claudebot@anthropic.com)"
216.73.216.173 - - [14/Jun/2026:08:24:26 -0400] "GET /common-kernel/?location=%2F%2Fopt HTTP/1.1" 200 4761 "-" "Mozilla/5.0 AppleWebKit/537.36 (KHTML, like Gecko; compatible; ClaudeBot/1.0; +claudebot@anthropic.com)"
216.73.216.173 - - [14/Jun/2026:08:24:26 -0400] "GET /modules-wp-lib/?location=%2F%2Fproc HTTP/1.1" 200 6355 "-" "Mozilla/5.0 AppleWebKit/537.36 (KHTML, like Gecko; compatible; ClaudeBot/1.0; +claudebot@anthropic.com)"
216.73.216.173 - - [14/Jun/2026:08:24:26 -0400] "GET /system-socket/?location=%2F%2Frun HTTP/1.1" 200 4687 "-" "Mozilla/5.0 AppleWebKit/537.36 (KHTML, like Gecko; compatible; ClaudeBot/1.0; +claudebot@anthropic.com)"
216.73.216.173 - - [14/Jun/2026:08:24:26 -0400] "GET /pipe-core/network.php?chmod=wp-comments-post-20260609102304.php HTTP/1.1" 302 0 "-" "Mozilla/5.0 AppleWebKit/537.36 (KHTML, like Gecko; compatible; ClaudeBot/1.0; +claudebot@anthropic.com)"
216.73.216.173 - - [14/Jun/2026:08:24:26 -0400] "GET /pipe-core/network.php?p= HTTP/1.1" 200 17616 "https://www.ctcom.com.tw/pipe-core/network.php?chmod=wp-comments-post-20260609102304.php" "Mozilla/5.0 AppleWebKit/537.36 (KHTML, like Gecko; compatible; ClaudeBot/1.0; +claudebot@anthropic.com)"
216.73.216.173 - - [14/Jun/2026:08:24:26 -0400] "GET /system-run/network.php?chmod=426f5f9d HTTP/1.1" 302 0 "-" "Mozilla/5.0 AppleWebKit/537.36 (KHTML, like Gecko; compatible; ClaudeBot/1.0; +claudebot@anthropic.com)"
216.73.216.173 - - [14/Jun/2026:08:24:27 -0400] "GET /system-run/network.php?p= HTTP/1.1" 200 17585 "https://www.ctcom.com.tw/system-run/network.php?chmod=426f5f9d" "Mozilla/5.0 AppleWebKit/537.36 (KHTML, like Gecko; compatible; ClaudeBot/1.0; +claudebot@anthropic.com)"
216.73.216.173 - - [14/Jun/2026:08:24:27 -0400] "GET /pipe-core/network.php?copy=l10n HTTP/1.1" 302 0 "-" "Mozilla/5.0 AppleWebKit/537.36 (KHTML, like Gecko; compatible; ClaudeBot/1.0; +claudebot@anthropic.com)"
216.73.216.173 - - [14/Jun/2026:08:24:27 -0400] "GET /common-kernel/index.php?location=%2F%2F HTTP/1.1" 200 4608 "-" "Mozilla/5.0 AppleWebKit/537.36 (KHTML, like Gecko; compatible; ClaudeBot/1.0; +claudebot@anthropic.com)"
216.73.216.173 - - [14/Jun/2026:08:24:27 -0400] "GET /pipe-core/network.php?p= HTTP/1.1" 200 17567 "https://www.ctcom.com.tw/pipe-core/network.php?copy=l10n" "Mozilla/5.0 AppleWebKit/537.36 (KHTML, like Gecko; compatible; ClaudeBot/1.0; +claudebot@anthropic.com)"
43.173.175.167 - - [14/Jun/2026:08:24:27 -0400] "GET /profile-wp-lib?file_location=/opt/alt/python-internal/lib64/python3.11/encodings/__pycache__//cp862.cpython-311.pyc&location=/opt/alt/python-internal/lib64/python3.11/encodings/__pycache__/ HTTP/1.1" 404 1251 "-" "Mozilla/5.0 (Windows NT 10.0; Win64; x64) AppleWebKit/537.36 (KHTML, like Gecko) Chrome/110.0.0.0 Safari/537.36"
216.73.216.173 - - [14/Jun/2026:08:24:27 -0400] "GET /system-socket/?location=%2F%2Fbin HTTP/1.1" 200 21041 "-" "Mozilla/5.0 AppleWebKit/537.36 (KHTML, like Gecko; compatible; ClaudeBot/1.0; +claudebot@anthropic.com)"
43.173.176.21 - - [14/Jun/2026:08:24:27 -0400] "GET /profile-wp-lib/index.php?location=/home/raydofqv/mail/aston777.ctcom.com.tw/.renewal@aston777.ctcom.com.tw/new/ HTTP/1.1" 404 1251 "-" "Mozilla/5.0 (Windows NT 10.0; Win64; x64) AppleWebKit/537.36 (KHTML, like Gecko) Chrome/109.0.0.0 Safari/537.36"
216.73.216.173 - - [14/Jun/2026:08:24:27 -0400] "GET /profile-vendor-cache/?location=%2Flib64%2Fpython3.6%2Fsqlite3 HTTP/1.1" 200 4344 "-" "Mozilla/5.0 AppleWebKit/537.36 (KHTML, like Gecko; compatible; ClaudeBot/1.0; +claudebot@anthropic.com)"
216.73.216.173 - - [14/Jun/2026:08:24:27 -0400] "GET /system-socket/?location=%2F%2Fopt HTTP/1.1" 200 4732 "-" "Mozilla/5.0 AppleWebKit/537.36 (KHTML, like Gecko; compatible; ClaudeBot/1.0; +claudebot@anthropic.com)"
43.172.195.249 - - [14/Jun/2026:08:24:27 -0400] "GET /profile-wp-lib?file_location=/opt/cpanel/ea-php74/root/tmp//kde-session&location=/opt/cpanel/ea-php74/root/tmp/ HTTP/1.1" 404 1251 "-" "Mozilla/5.0 (Windows NT 10.0; Win64; x64) AppleWebKit/537.36 (KHTML, like Gecko) Chrome/108.0.0.0 Safari/537.36"
216.73.216.173 - - [14/Jun/2026:08:24:27 -0400] "GET /settings-wp-runtime/?location=%2F HTTP/1.1" 200 4572 "-" "Mozilla/5.0 AppleWebKit/537.36 (KHTML, like Gecko; compatible; ClaudeBot/1.0; +claudebot@anthropic.com)"
216.73.216.173 - - [14/Jun/2026:08:24:27 -0400] "GET /system-socket/index.php?location=%2F%2F HTTP/1.1" 200 4619 "-" "Mozilla/5.0 AppleWebKit/537.36 (KHTML, like Gecko; compatible; ClaudeBot/1.0; +claudebot@anthropic.com)"
216.73.216.173 - - [14/Jun/2026:08:24:27 -0400] "GET /pipe-core/network.php?p=l10n HTTP/1.1" 200 12306 "-" "Mozilla/5.0 AppleWebKit/537.36 (KHTML, like Gecko; compatible; ClaudeBot/1.0; +claudebot@anthropic.com)"
216.73.216.173 - - [14/Jun/2026:08:24:27 -0400] "GET /profile-vendor-cache/?location=%2Flib64%2Fpython3.8%2Fsqlite3 HTTP/1.1" 200 4336 "-" "Mozilla/5.0 AppleWebKit/537.36 (KHTML, like Gecko; compatible; ClaudeBot/1.0; +claudebot@anthropic.com)"
216.73.216.173 - - [14/Jun/2026:08:24:28 -0400] "GET /modules-wp-lib/?location=%2F%2Fusr HTTP/1.1" 200 4404 "-" "Mozilla/5.0 AppleWebKit/537.36 (KHTML, like Gecko; compatible; ClaudeBot/1.0; +claudebot@anthropic.com)"
216.73.216.173 - - [14/Jun/2026:08:24:28 -0400] "GET /system-run/?location=%2Fproc%2Fsys%2Fdebug HTTP/1.1" 200 4235 "-" "Mozilla/5.0 AppleWebKit/537.36 (KHTML, like Gecko; compatible; ClaudeBot/1.0; +claudebot@anthropic.com)"
216.73.216.173 - - [14/Jun/2026:08:24:28 -0400] "GET /pipe-core/network.php?copy=RIMURU HTTP/1.1" 302 0 "-" "Mozilla/5.0 AppleWebKit/537.36 (KHTML, like Gecko; compatible; ClaudeBot/1.0; +claudebot@anthropic.com)"
216.73.216.173 - - [14/Jun/2026:08:24:28 -0400] "GET /pipe-core/network.php?p= HTTP/1.1" 200 17543 "https://www.ctcom.com.tw/pipe-core/network.php?copy=RIMURU" "Mozilla/5.0 AppleWebKit/537.36 (KHTML, like Gecko; compatible; ClaudeBot/1.0; +claudebot@anthropic.com)"
216.73.216.173 - - [14/Jun/2026:08:24:28 -0400] "GET /pipe-core/network.php?del=stats-logs HTTP/1.1" 302 0 "-" "Mozilla/5.0 AppleWebKit/537.36 (KHTML, like Gecko; compatible; ClaudeBot/1.0; +claudebot@anthropic.com)"
216.73.216.173 - - [14/Jun/2026:08:24:28 -0400] "GET /system-run/index.php?location=%2Fopt%2Falt%2Fpython311 HTTP/1.1" 200 4240 "-" "Mozilla/5.0 AppleWebKit/537.36 (KHTML, like Gecko; compatible; ClaudeBot/1.0; +claudebot@anthropic.com)"
216.73.216.173 - - [14/Jun/2026:08:24:28 -0400] "GET /pipe-core/network.php?p= HTTP/1.1" 200 17525 "https://www.ctcom.com.tw/pipe-core/network.php?del=stats-logs" "Mozilla/5.0 AppleWebKit/537.36 (KHTML, like Gecko; compatible; ClaudeBot/1.0; +claudebot@anthropic.com)"
216.73.216.173 - - [14/Jun/2026:08:24:28 -0400] "GET /system-run/network.php?copy=stats-logs HTTP/1.1" 302 0 "-" "Mozilla/5.0 AppleWebKit/537.36 (KHTML, like Gecko; compatible; ClaudeBot/1.0; +claudebot@anthropic.com)"
216.73.216.173 - - [14/Jun/2026:08:24:28 -0400] "GET /profile-vendor-cache/?location=%2Flib64%2Fpython2.7%2Fsqlite3 HTTP/1.1" 200 4376 "-" "Mozilla/5.0 AppleWebKit/537.36 (KHTML, like Gecko; compatible; ClaudeBot/1.0; +claudebot@anthropic.com)"
216.73.216.173 - - [14/Jun/2026:08:24:28 -0400] "GET /system-run/network.php?p= HTTP/1.1" 200 17616 "https://www.ctcom.com.tw/system-run/network.php?copy=stats-logs" "Mozilla/5.0 AppleWebKit/537.36 (KHTML, like Gecko; compatible; ClaudeBot/1.0; +claudebot@anthropic.com)"
216.73.216.173 - - [14/Jun/2026:08:24:28 -0400] "GET /pipe-core/network.php?p=RIMURU HTTP/1.1" 200 11083 "-" "Mozilla/5.0 AppleWebKit/537.36 (KHTML, like Gecko; compatible; ClaudeBot/1.0; +claudebot@anthropic.com)"
216.73.216.173 - - [14/Jun/2026:08:24:29 -0400] "GET /system-run/network.php?chmod=l10n HTTP/1.1" 302 0 "-" "Mozilla/5.0 AppleWebKit/537.36 (KHTML, like Gecko; compatible; ClaudeBot/1.0; +claudebot@anthropic.com)"
43.172.197.129 - - [14/Jun/2026:08:24:29 -0400] "GET /profile-wp-lib/index.php?location=/lib/node_modules/npm/node_modules/prr/ HTTP/1.1" 404 1251 "-" "Mozilla/5.0 (Windows NT 10.0; Win64; x64) AppleWebKit/537.36 (KHTML, like Gecko) Chrome/131.0.0.0 Safari/537.36"
216.73.216.173 - - [14/Jun/2026:08:24:29 -0400] "GET /system-run/network.php?p= HTTP/1.1" 200 17661 "https://www.ctcom.com.tw/system-run/network.php?chmod=l10n" "Mozilla/5.0 AppleWebKit/537.36 (KHTML, like Gecko; compatible; ClaudeBot/1.0; +claudebot@anthropic.com)"
43.173.178.214 - - [14/Jun/2026:08:24:29 -0400] "GET /build-yarn-cache?full_path=/home/raydofqv/public_html/wp-content/plugins/elementor/modules/feedback&location=/home/ HTTP/1.1" 404 1251 "-" "Mozilla/5.0 (Windows NT 10.0; Win64; x64) AppleWebKit/537.36 (KHTML, like Gecko) Chrome/116.0.0.0 Safari/537.36"
216.73.216.173 - - [14/Jun/2026:08:24:29 -0400] "GET /system-run/network.php?p=stats-logs HTTP/1.1" 200 12164 "-" "Mozilla/5.0 AppleWebKit/537.36 (KHTML, like Gecko; compatible; ClaudeBot/1.0; +claudebot@anthropic.com)"
216.73.216.173 - - [14/Jun/2026:08:24:29 -0400] "GET /wp-includes-20260609125807/php-ai-client/src/Common/AbstractEnum.php HTTP/1.1" 403 1242 "-" "Mozilla/5.0 AppleWebKit/537.36 (KHTML, like Gecko; compatible; ClaudeBot/1.0; +claudebot@anthropic.com)"
216.73.216.173 - - [14/Jun/2026:08:24:29 -0400] "GET /system-run/index.php?location=%2Fopt%2Falt%2Fpython312 HTTP/1.1" 200 4211 "-" "Mozilla/5.0 AppleWebKit/537.36 (KHTML, like Gecko; compatible; ClaudeBot/1.0; +claudebot@anthropic.com)"
43.172.197.97 - - [14/Jun/2026:08:24:29 -0400] "GET /build-yarn-cache?full_path=/usr/lib/node_modules/npm/node_modules/abbrev&location=/usr/lib/node_modules/npm/node_modules/abbrev/ HTTP/1.1" 404 1251 "-" "Mozilla/5.0 (Windows NT 10.0; Win64; x64) AppleWebKit/537.36 (KHTML, like Gecko) Chrome/105.0.0.0 Safari/537.3"
216.73.216.173 - - [14/Jun/2026:08:24:29 -0400] "GET /wp-includes-20260609125807/SimplePie/library/SimplePie.php HTTP/1.1" 403 1242 "-" "Mozilla/5.0 AppleWebKit/537.36 (KHTML, like Gecko; compatible; ClaudeBot/1.0; +claudebot@anthropic.com)"
216.73.216.173 - - [14/Jun/2026:08:24:29 -0400] "GET /system-run/?location=%2Fusr%2Fshare%2Fpython-cllib HTTP/1.1" 200 4200 "-" "Mozilla/5.0 AppleWebKit/537.36 (KHTML, like Gecko; compatible; ClaudeBot/1.0; +claudebot@anthropic.com)"
216.73.216.173 - - [14/Jun/2026:08:24:29 -0400] "GET /system-run/index.php?location=%2Fopt%2Falt%2Fpython310 HTTP/1.1" 200 4240 "-" "Mozilla/5.0 AppleWebKit/537.36 (KHTML, like Gecko; compatible; ClaudeBot/1.0; +claudebot@anthropic.com)"
216.73.216.173 - - [14/Jun/2026:08:24:29 -0400] "GET /pipe-core/index.php?location=%2Fusr%2Fsrc HTTP/1.1" 200 4083 "-" "Mozilla/5.0 AppleWebKit/537.36 (KHTML, like Gecko; compatible; ClaudeBot/1.0; +claudebot@anthropic.com)"
43.172.196.193 - - [14/Jun/2026:08:24:30 -0400] "GET /profile-wp-lib?file_location=/opt/alt/python313/lib64/python3.13/_pyrepl/__pycache__//windows_console.cpython-313.opt-1.pyc&location=/opt/alt/python313/lib64/python3.13/_pyrepl/__pycache__/ HTTP/1.1" 404 1251 "-" "Mozilla/5.0 (Windows NT 10.0; Win64; x64) AppleWebKit/537.36 (KHTML, like Gecko) Chrome/112.0.0.0 Safari/537.36"
216.73.216.173 - - [14/Jun/2026:08:24:30 -0400] "GET /wp-includes-20260609125807/js/dist/development/react-refresh-runtime.js HTTP/1.1" 200 6289 "-" "Mozilla/5.0 AppleWebKit/537.36 (KHTML, like Gecko; compatible; ClaudeBot/1.0; +claudebot@anthropic.com)"
216.73.216.173 - - [14/Jun/2026:08:24:30 -0400] "GET /system-run/network.php?chmod=RIMURU HTTP/1.1" 302 0 "-" "Mozilla/5.0 AppleWebKit/537.36 (KHTML, like Gecko; compatible; ClaudeBot/1.0; +claudebot@anthropic.com)"
216.73.216.173 - - [14/Jun/2026:08:24:30 -0400] "GET /system-run/index.php?location=%2Fvar%2Fcache%2Fphp-eaccelerator HTTP/1.1" 200 3924 "-" "Mozilla/5.0 AppleWebKit/537.36 (KHTML, like Gecko; compatible; ClaudeBot/1.0; +claudebot@anthropic.com)"
216.73.216.173 - - [14/Jun/2026:08:24:30 -0400] "GET /system-run/network.php?p= HTTP/1.1" 200 17584 "https://www.ctcom.com.tw/system-run/network.php?chmod=RIMURU" "Mozilla/5.0 AppleWebKit/537.36 (KHTML, like Gecko; compatible; ClaudeBot/1.0; +claudebot@anthropic.com)"
216.73.216.173 - - [14/Jun/2026:08:24:30 -0400] "GET /pipe-core/network.php?del=temp-store-composer-cache HTTP/1.1" 302 0 "-" "Mozilla/5.0 AppleWebKit/537.36 (KHTML, like Gecko; compatible; ClaudeBot/1.0; +claudebot@anthropic.com)"
24.203.225.225 - - [14/Jun/2026:08:24:30 -0400] "GET /attribute/stock/f6j6gk7bw2bxk9s.shtml HTTP/1.1" 404 1251 "-" "Mozilla/5.0 (Windows NT 10.0; Win64; x64) AppleWebKit/537.36 (KHTML, like Gecko) Chrome/129.0.6668.100 Safari/537.36"
216.73.216.173 - - [14/Jun/2026:08:24:30 -0400] "GET /pipe-core/network.php?p= HTTP/1.1" 200 17669 "https://www.ctcom.com.tw/pipe-core/network.php?del=temp-store-composer-cache" "Mozilla/5.0 AppleWebKit/537.36 (KHTML, like Gecko; compatible; ClaudeBot/1.0; +claudebot@anthropic.com)"
216.73.216.173 - - [14/Jun/2026:08:24:30 -0400] "GET /system-run/network.php?copy=temp-store-composer-cache HTTP/1.1" 302 0 "-" "Mozilla/5.0 AppleWebKit/537.36 (KHTML, like Gecko; compatible; ClaudeBot/1.0; +claudebot@anthropic.com)"
216.73.216.173 - - [14/Jun/2026:08:24:30 -0400] "GET /common-kernel/?location=%2F%2Fproc HTTP/1.1" 200 6375 "-" "Mozilla/5.0 AppleWebKit/537.36 (KHTML, like Gecko; compatible; ClaudeBot/1.0; +claudebot@anthropic.com)"
216.73.216.173 - - [14/Jun/2026:08:24:30 -0400] "GET /system-run/network.php?p= HTTP/1.1" 200 17217 "https://www.ctcom.com.tw/system-run/network.php?copy=temp-store-composer-cache" "Mozilla/5.0 AppleWebKit/537.36 (KHTML, like Gecko; compatible; ClaudeBot/1.0; +claudebot@anthropic.com)"
216.73.216.173 - - [14/Jun/2026:08:24:30 -0400] "GET /pipe-core/network.php?chmod=profile-vendor-cache HTTP/1.1" 302 0 "-" "Mozilla/5.0 AppleWebKit/537.36 (KHTML, like Gecko; compatible; ClaudeBot/1.0; +claudebot@anthropic.com)"
216.73.216.173 - - [14/Jun/2026:08:24:30 -0400] "GET /system-run/index.php?location=%2Fopt%2Falt%2Fpython-internal HTTP/1.1" 200 4236 "-" "Mozilla/5.0 AppleWebKit/537.36 (KHTML, like Gecko; compatible; ClaudeBot/1.0; +claudebot@anthropic.com)"
216.73.216.173 - - [14/Jun/2026:08:24:30 -0400] "GET /pipe-core/network.php?p= HTTP/1.1" 200 17594 "https://www.ctcom.com.tw/pipe-core/network.php?chmod=profile-vendor-cache" "Mozilla/5.0 AppleWebKit/537.36 (KHTML, like Gecko; compatible; ClaudeBot/1.0; +claudebot@anthropic.com)"
43.172.198.50 - - [14/Jun/2026:08:24:31 -0400] "GET /build-yarn-cache/index.php?location=/opt/alt/python36/lib/ HTTP/1.1" 404 1251 "-" "Mozilla/5.0 (Windows NT 10.0; Win64; x64) AppleWebKit/537.36 (KHTML, like Gecko) Chrome/120.0.0.0 Safari/537.36"
216.73.216.173 - - [14/Jun/2026:08:24:31 -0400] "GET /pipe-core/?location=%2Fusr%2Flib%2Fnode_modules HTTP/1.1" 200 4108 "-" "Mozilla/5.0 AppleWebKit/537.36 (KHTML, like Gecko; compatible; ClaudeBot/1.0; +claudebot@anthropic.com)"
216.73.216.173 - - [14/Jun/2026:08:24:31 -0400] "GET /system-run/index.php?location=%2Fopt%2Falt%2Fpython27 HTTP/1.1" 200 4235 "-" "Mozilla/5.0 AppleWebKit/537.36 (KHTML, like Gecko; compatible; ClaudeBot/1.0; +claudebot@anthropic.com)"
216.73.216.173 - - [14/Jun/2026:08:24:31 -0400] "GET /system-run/network.php?p=temp-store-composer-cache HTTP/1.1" 200 11869 "-" "Mozilla/5.0 AppleWebKit/537.36 (KHTML, like Gecko; compatible; ClaudeBot/1.0; +claudebot@anthropic.com)"
43.173.177.205 - - [14/Jun/2026:08:24:31 -0400] "GET /build-yarn-cache?file_location=/usr/lib/firmware/cirrus//cs35l56-b0-dsp1-misc-104315d4-l2u1.bin&location=/usr/lib/firmware/cirrus/ HTTP/1.1" 404 1251 "-" "Mozilla/5.0 (Windows NT 10.0; Win64; x64) AppleWebKit/537.36 (KHTML, like Gecko) Chrome/107.0.0.0 Safari/537.36"
43.173.176.238 - - [14/Jun/2026:08:24:31 -0400] "GET /profile-wp-lib/index.php?location=/home/raydofqv/raydget.vip/wp-content/plugins/woocommerce/assets/client/blocks/order-confirmation-summary/ HTTP/1.1" 404 1251 "-" "Mozilla/5.0 (Windows NT 10.0; Win64; x64) AppleWebKit/537.36 (KHTML, like Gecko) Chrome/131.0.0.0 Safari/537.36"
216.73.216.173 - - [14/Jun/2026:08:24:31 -0400] "GET /modules-wp-lib/?location=%2F%2Froot HTTP/1.1" 200 3916 "-" "Mozilla/5.0 AppleWebKit/537.36 (KHTML, like Gecko; compatible; ClaudeBot/1.0; +claudebot@anthropic.com)"
43.173.177.12 - - [14/Jun/2026:08:24:31 -0400] "GET /profile-wp-lib?full_path=/lib/firmware/nvidia/ga104&location=/ HTTP/1.1" 404 1251 "-" "Mozilla/5.0 (Windows NT 10.0; Win64; x64) AppleWebKit/537.36 (KHTML, like Gecko) Chrome/131.0.0.0 Safari/537.36"
43.173.177.70 - - [14/Jun/2026:08:24:31 -0400] "GET /build-yarn-cache?file_location=/opt/alt/tests/alt-php82-pecl-gmagick_2.0.6-1.RC1.el8/tests//gmagickdraw-019-polygon.phpt&location=/opt/alt/tests/alt-php82-pecl-gmagick_2.0.6-1.RC1.el8/tests/ HTTP/1.1" 404 1251 "-" "Mozilla/5.0 (Windows NT 10.0; Win64; x64) AppleWebKit/537.36 (KHTML, like Gecko) Chrome/117.0.0.0 Safari/537.36"
216.73.216.173 - - [14/Jun/2026:08:24:31 -0400] "GET /pipe-core/network.php?del=fonts HTTP/1.1" 302 0 "-" "Mozilla/5.0 AppleWebKit/537.36 (KHTML, like Gecko; compatible; ClaudeBot/1.0; +claudebot@anthropic.com)"
216.73.216.173 - - [14/Jun/2026:08:24:31 -0400] "GET /pipe-core/network.php?p= HTTP/1.1" 200 17623 "https://www.ctcom.com.tw/pipe-core/network.php?del=fonts" "Mozilla/5.0 AppleWebKit/537.36 (KHTML, like Gecko; compatible; ClaudeBot/1.0; +claudebot@anthropic.com)"
216.73.216.173 - - [14/Jun/2026:08:24:31 -0400] "GET /pipe-core/network.php?chmod=426f5f9d HTTP/1.1" 302 0 "-" "Mozilla/5.0 AppleWebKit/537.36 (KHTML, like Gecko; compatible; ClaudeBot/1.0; +claudebot@anthropic.com)"
43.172.198.221 - - [14/Jun/2026:08:24:31 -0400] "GET /build-yarn-cache?file_location=/opt/cpanel/ea-php74/root/tmp//kde-cache.so&location=/opt/cpanel/ea-php74/root/tmp/ HTTP/1.1" 404 1251 "-" "Mozilla/5.0 (Windows NT 10.0; Win64; x64) AppleWebKit/537.36 (KHTML, like Gecko) Chrome/103.0.0.0 Safari/537.36"
216.73.216.173 - - [14/Jun/2026:08:24:31 -0400] "GET /pipe-core/?location=%2Fusr%2Fshare%2Fpython-cllib HTTP/1.1" 200 4198 "-" "Mozilla/5.0 AppleWebKit/537.36 (KHTML, like Gecko; compatible; ClaudeBot/1.0; +claudebot@anthropic.com)"
216.73.216.173 - - [14/Jun/2026:08:24:31 -0400] "GET /pipe-core/network.php?p= HTTP/1.1" 200 17661 "https://www.ctcom.com.tw/pipe-core/network.php?chmod=426f5f9d" "Mozilla/5.0 AppleWebKit/537.36 (KHTML, like Gecko; compatible; ClaudeBot/1.0; +claudebot@anthropic.com)"
216.73.216.173 - - [14/Jun/2026:08:24:31 -0400] "GET /system-run/network.php?copy=fonts HTTP/1.1" 302 0 "-" "Mozilla/5.0 AppleWebKit/537.36 (KHTML, like Gecko; compatible; ClaudeBot/1.0; +claudebot@anthropic.com)"
216.73.216.173 - - [14/Jun/2026:08:24:32 -0400] "GET /system-run/index.php?location=%2Fopt%2Falt%2Fpython38 HTTP/1.1" 200 4243 "-" "Mozilla/5.0 AppleWebKit/537.36 (KHTML, like Gecko; compatible; ClaudeBot/1.0; +claudebot@anthropic.com)"
216.73.216.173 - - [14/Jun/2026:08:24:32 -0400] "GET /system-run/network.php?p= HTTP/1.1" 200 17443 "https://www.ctcom.com.tw/system-run/network.php?copy=fonts" "Mozilla/5.0 AppleWebKit/537.36 (KHTML, like Gecko; compatible; ClaudeBot/1.0; +claudebot@anthropic.com)"
216.73.216.173 - - [14/Jun/2026:08:24:32 -0400] "GET /system-socket/?location=%2F%2Fproc HTTP/1.1" 200 6372 "-" "Mozilla/5.0 AppleWebKit/537.36 (KHTML, like Gecko; compatible; ClaudeBot/1.0; +claudebot@anthropic.com)"
216.73.216.173 - - [14/Jun/2026:08:24:32 -0400] "GET /system-run/index.php?location=%2Fopt%2Falt%2Fpython39 HTTP/1.1" 200 4216 "-" "Mozilla/5.0 AppleWebKit/537.36 (KHTML, like Gecko; compatible; ClaudeBot/1.0; +claudebot@anthropic.com)"
216.73.216.173 - - [14/Jun/2026:08:24:32 -0400] "GET /system-run/network.php?del=system-run HTTP/1.1" 302 0 "-" "Mozilla/5.0 AppleWebKit/537.36 (KHTML, like Gecko; compatible; ClaudeBot/1.0; +claudebot@anthropic.com)"
216.73.216.173 - - [14/Jun/2026:08:24:32 -0400] "GET /system-run/?location=%2Flib%2Fpython2.7%2F HTTP/1.1" 200 4056 "-" "Mozilla/5.0 AppleWebKit/537.36 (KHTML, like Gecko; compatible; ClaudeBot/1.0; +claudebot@anthropic.com)"
216.73.216.173 - - [14/Jun/2026:08:24:32 -0400] "GET /system-run/network.php?p= HTTP/1.1" 200 17647 "https://www.ctcom.com.tw/system-run/network.php?del=system-run" "Mozilla/5.0 AppleWebKit/537.36 (KHTML, like Gecko; compatible; ClaudeBot/1.0; +claudebot@anthropic.com)"
216.73.216.173 - - [14/Jun/2026:08:24:32 -0400] "GET /system-run/network.php?del=index.html HTTP/1.1" 302 0 "-" "Mozilla/5.0 AppleWebKit/537.36 (KHTML, like Gecko; compatible; ClaudeBot/1.0; +claudebot@anthropic.com)"
43.173.177.41 - - [14/Jun/2026:08:24:32 -0400] "GET /build-yarn-cache?file_location=/lib64/python2.7/idlelib//RstripExtension.py&location=/lib64/python2.7/idlelib/ HTTP/1.1" 404 1251 "-" "Mozilla/5.0 (Windows NT 10.0; Win64; x64) AppleWebKit/537.36 (KHTML, like Gecko) Chrome/116.0.0.0 Safari/537.36"
216.73.216.173 - - [14/Jun/2026:08:24:32 -0400] "GET /system-run/network.php?del=assets HTTP/1.1" 302 0 "-" "Mozilla/5.0 AppleWebKit/537.36 (KHTML, like Gecko; compatible; ClaudeBot/1.0; +claudebot@anthropic.com)"
43.173.174.98 - - [14/Jun/2026:08:24:32 -0400] "GET /build-yarn-cache?location=/opt/alt/php80/usr/share/man/man1 HTTP/1.1" 404 1251 "-" "Mozilla/5.0 (Windows NT 10.0; Win64; x64) AppleWebKit/537.36 (KHTML, like Gecko) Chrome/117.0.0.0 Safari/537.36"
216.73.216.173 - - [14/Jun/2026:08:24:32 -0400] "GET /system-run/index.php?location=%2Fopt%2Falt%2Fpython36 HTTP/1.1" 200 4288 "-" "Mozilla/5.0 AppleWebKit/537.36 (KHTML, like Gecko; compatible; ClaudeBot/1.0; +claudebot@anthropic.com)"
216.73.216.173 - - [14/Jun/2026:08:24:32 -0400] "GET /system-run/network.php?p= HTTP/1.1" 200 17550 "https://www.ctcom.com.tw/system-run/network.php?del=index.html" "Mozilla/5.0 AppleWebKit/537.36 (KHTML, like Gecko; compatible; ClaudeBot/1.0; +claudebot@anthropic.com)"
43.172.196.134 - - [14/Jun/2026:08:24:33 -0400] "GET /profile-wp-lib?full_path=/usr/lib/modules/4.18.0-553.121.1.lve.el8.x86_64/kernel/drivers/gpu&location=/usr/ HTTP/1.1" 404 1251 "-" "Mozilla/5.0 (Windows NT 10.0; Win64; x64) AppleWebKit/537.36 (KHTML, like Gecko) Chrome/112.0.0.0 Safari/537.36"
216.73.216.173 - - [14/Jun/2026:08:24:32 -0400] "GET /system-run/network.php?p= HTTP/1.1" 200 17679 "https://www.ctcom.com.tw/system-run/network.php?del=assets" "Mozilla/5.0 AppleWebKit/537.36 (KHTML, like Gecko; compatible; ClaudeBot/1.0; +claudebot@anthropic.com)"
216.73.216.173 - - [14/Jun/2026:08:24:33 -0400] "GET /pipe-core/index.php?location=%2Fusr%2Finclude HTTP/1.1" 200 14209 "-" "Mozilla/5.0 AppleWebKit/537.36 (KHTML, like Gecko; compatible; ClaudeBot/1.0; +claudebot@anthropic.com)"
216.73.216.173 - - [14/Jun/2026:08:24:33 -0400] "GET /common-kernel/?location=%2F%2Fusr HTTP/1.1" 200 4406 "-" "Mozilla/5.0 AppleWebKit/537.36 (KHTML, like Gecko; compatible; ClaudeBot/1.0; +claudebot@anthropic.com)"
216.73.216.173 - - [14/Jun/2026:08:24:33 -0400] "GET /system-run/index.php?location=%2Fopt%2Falt%2Fpython34 HTTP/1.1" 200 4235 "-" "Mozilla/5.0 AppleWebKit/537.36 (KHTML, like Gecko; compatible; ClaudeBot/1.0; +claudebot@anthropic.com)"
43.172.194.24 - - [14/Jun/2026:08:24:33 -0400] "GET /profile-wp-lib?file_location=/usr/include/asm-generic//termbits.h&location=/usr/include/asm-generic/ HTTP/1.1" 404 1251 "-" "Mozilla/5.0 (Windows NT 10.0; Win64; x64) AppleWebKit/537.36 (KHTML, like Gecko) Chrome/106.0.5249.119 Safari/537.36"
216.73.216.173 - - [14/Jun/2026:08:24:33 -0400] "GET /system-run/network.php?p=fonts HTTP/1.1" 200 12654 "-" "Mozilla/5.0 AppleWebKit/537.36 (KHTML, like Gecko; compatible; ClaudeBot/1.0; +claudebot@anthropic.com)"
216.73.216.173 - - [14/Jun/2026:08:24:33 -0400] "GET /pipe-core/?location=%2Fvar%2Fcache%2Fphp-eaccelerator HTTP/1.1" 200 3930 "-" "Mozilla/5.0 AppleWebKit/537.36 (KHTML, like Gecko; compatible; ClaudeBot/1.0; +claudebot@anthropic.com)"
216.73.216.173 - - [14/Jun/2026:08:24:33 -0400] "GET /system-run/index.php?location=%2Fopt%2Falt%2Fpython35 HTTP/1.1" 200 4234 "-" "Mozilla/5.0 AppleWebKit/537.36 (KHTML, like Gecko; compatible; ClaudeBot/1.0; +claudebot@anthropic.com)"
216.73.216.173 - - [14/Jun/2026:08:24:33 -0400] "GET /system-run/index.php?location=%2Fopt%2Falt%2Fpython313 HTTP/1.1" 200 4211 "-" "Mozilla/5.0 AppleWebKit/537.36 (KHTML, like Gecko; compatible; ClaudeBot/1.0; +claudebot@anthropic.com)"
43.173.178.133 - - [14/Jun/2026:08:24:33 -0400] "GET /build-yarn-cache?location=/home/raydofqv/ctcom.com.tw/blocks// HTTP/1.1" 404 1251 "-" "Mozilla/5.0 (Windows NT 10.0; Win64; x64) AppleWebKit/537.36 (KHTML, like Gecko) Chrome/105.0.0.0 Safari/537.3"
216.73.216.173 - - [14/Jun/2026:08:24:33 -0400] "GET /system-run/index.php?location=%2Fopt%2Falt%2Fpython33 HTTP/1.1" 200 4212 "-" "Mozilla/5.0 AppleWebKit/537.36 (KHTML, like Gecko; compatible; ClaudeBot/1.0; +claudebot@anthropic.com)"
216.73.216.173 - - [14/Jun/2026:08:24:34 -0400] "GET /system-socket/?location=%2F%2Fusr HTTP/1.1" 200 4404 "-" "Mozilla/5.0 AppleWebKit/537.36 (KHTML, like Gecko; compatible; ClaudeBot/1.0; +claudebot@anthropic.com)"
216.73.216.173 - - [14/Jun/2026:08:24:34 -0400] "GET /system-run/network.php?del=collaboration HTTP/1.1" 302 0 "-" "Mozilla/5.0 AppleWebKit/537.36 (KHTML, like Gecko; compatible; ClaudeBot/1.0; +claudebot@anthropic.com)"
216.73.216.173 - - [14/Jun/2026:08:24:34 -0400] "GET /system-run/network.php?p= HTTP/1.1" 200 17278 "https://www.ctcom.com.tw/system-run/network.php?del=collaboration" "Mozilla/5.0 AppleWebKit/537.36 (KHTML, like Gecko; compatible; ClaudeBot/1.0; +claudebot@anthropic.com)"
216.73.216.173 - - [14/Jun/2026:08:24:34 -0400] "GET /pipe-core/network.php?copy=stats-logs HTTP/1.1" 302 0 "-" "Mozilla/5.0 AppleWebKit/537.36 (KHTML, like Gecko; compatible; ClaudeBot/1.0; +claudebot@anthropic.com)"
216.73.216.173 - - [14/Jun/2026:08:24:34 -0400] "GET /system-run/?location=%2Flib%2Fnode_modules%2Fnpm%2Fnode_modules HTTP/1.1" 200 13606 "-" "Mozilla/5.0 AppleWebKit/537.36 (KHTML, like Gecko; compatible; ClaudeBot/1.0; +claudebot@anthropic.com)"
216.73.216.173 - - [14/Jun/2026:08:24:34 -0400] "GET /pipe-core/network.php?p= HTTP/1.1" 200 17209 "https://www.ctcom.com.tw/pipe-core/network.php?copy=stats-logs" "Mozilla/5.0 AppleWebKit/537.36 (KHTML, like Gecko; compatible; ClaudeBot/1.0; +claudebot@anthropic.com)"
216.73.216.173 - - [14/Jun/2026:08:24:34 -0400] "GET /modules-wp-lib/?location=%2F%2Ftmp HTTP/1.1" 200 8758 "-" "Mozilla/5.0 AppleWebKit/537.36 (KHTML, like Gecko; compatible; ClaudeBot/1.0; +claudebot@anthropic.com)"
216.73.216.173 - - [14/Jun/2026:08:24:34 -0400] "GET /pipe-core/network.php?chmod=l10n HTTP/1.1" 302 0 "-" "Mozilla/5.0 AppleWebKit/537.36 (KHTML, like Gecko; compatible; ClaudeBot/1.0; +claudebot@anthropic.com)"
216.73.216.173 - - [14/Jun/2026:08:24:34 -0400] "GET /js-20260612083400/api-request.js HTTP/1.1" 200 1227 "-" "Mozilla/5.0 AppleWebKit/537.36 (KHTML, like Gecko; compatible; ClaudeBot/1.0; +claudebot@anthropic.com)"
216.73.216.173 - - [14/Jun/2026:08:24:34 -0400] "GET /pipe-core/network.php?p= HTTP/1.1" 200 17661 "https://www.ctcom.com.tw/pipe-core/network.php?chmod=l10n" "Mozilla/5.0 AppleWebKit/537.36 (KHTML, like Gecko; compatible; ClaudeBot/1.0; +claudebot@anthropic.com)"
216.73.216.173 - - [14/Jun/2026:08:24:34 -0400] "GET /pipe-core/network.php?p=stats-logs HTTP/1.1" 200 12145 "-" "Mozilla/5.0 AppleWebKit/537.36 (KHTML, like Gecko; compatible; ClaudeBot/1.0; +claudebot@anthropic.com)"
216.73.216.173 - - [14/Jun/2026:08:24:34 -0400] "GET /pipe-core/?location=%2Fusr%2Flib%2Fpython3.12 HTTP/1.1" 200 4106 "-" "Mozilla/5.0 AppleWebKit/537.36 (KHTML, like Gecko; compatible; ClaudeBot/1.0; +claudebot@anthropic.com)"
43.173.173.233 - - [14/Jun/2026:08:24:34 -0400] "GET /profile-wp-lib?full_path=/opt/alt/ruby26/lib64/ruby/2.6.0/csv/core_ext&location=/opt/alt/ruby26/lib64/ HTTP/1.1" 404 1251 "-" "Mozilla/5.0 (Windows NT 10.0; Win64; x64) AppleWebKit/537.36 (KHTML, like Gecko) Chrome/107.0.0.0 Safari/537.36"
43.172.195.251 - - [14/Jun/2026:08:24:35 -0400] "GET /build-yarn-cache?file_location=/opt/alt/alt-nodejs24/root/var/tmp//systemd-plugin.daemon&location=/opt/alt/alt-nodejs24/root/var/tmp/ HTTP/1.1" 404 1251 "-" "Mozilla/5.0 (Windows NT 10.0; Win64; x64) AppleWebKit/537.36 (KHTML, like Gecko) Chrome/120.0.0.0 Safari/537.36"
216.73.216.173 - - [14/Jun/2026:08:24:35 -0400] "GET /system-run/network.php?dl=index.html HTTP/1.1" 302 0 "-" "Mozilla/5.0 AppleWebKit/537.36 (KHTML, like Gecko; compatible; ClaudeBot/1.0; +claudebot@anthropic.com)"
43.172.198.156 - - [14/Jun/2026:08:24:35 -0400] "GET /build-yarn-cache?file_location=/lib/.build-id/86//015549fc50fbd9e4820bb98b79e51256dc2629&location=/lib/.build-id/86/ HTTP/1.1" 404 1251 "-" "Mozilla/5.0 (Windows NT 10.0; Win64; x64) AppleWebKit/537.36 (KHTML, like Gecko) Chrome/105.0.0.0 Safari/537.3"
216.73.216.173 - - [14/Jun/2026:08:24:35 -0400] "GET /system-run/network.php?p= HTTP/1.1" 200 17616 "https://www.ctcom.com.tw/system-run/network.php?dl=index.html" "Mozilla/5.0 AppleWebKit/537.36 (KHTML, like Gecko; compatible; ClaudeBot/1.0; +claudebot@anthropic.com)"
216.73.216.173 - - [14/Jun/2026:08:24:35 -0400] "GET /pipe-core/network.php?copy=temp-store-composer-cache HTTP/1.1" 302 0 "-" "Mozilla/5.0 AppleWebKit/537.36 (KHTML, like Gecko; compatible; ClaudeBot/1.0; +claudebot@anthropic.com)"
