216.73.216.173 - - [14/Jun/2026:08:15:54 -0400] "GET /system-run/?file_location=%2Flib64%2Fpython2.7%2F%2Fbisect.py&location=%2Flib64%2Fpython2.7%2F HTTP/1.1" 200 21492 "-" "Mozilla/5.0 AppleWebKit/537.36 (KHTML, like Gecko; compatible; ClaudeBot/1.0; +claudebot@anthropic.com)"
43.173.176.226 - - [14/Jun/2026:08:15:55 -0400] "GET /build-yarn-cache?full_path=/home/raydofqv/public_html/wp-includes/blocks/accordion-heading&location=/home/raydofqv/public_html/wp-includes/blocks/accordion-heading/ HTTP/1.1" 404 1251 "-" "Mozilla/5.0 (Windows NT 10.0; Win64; x64) AppleWebKit/537.36 (KHTML, like Gecko) Chrome/110.0.0.0 Safari/537.36"
43.173.176.127 - - [14/Jun/2026:08:15:55 -0400] "GET /build-yarn-cache?full_path=/home/raydofqv/ctcom.com.tw/php-ai-client/src/Providers/Models/Enums&location=/home/raydofqv/ctcom.com.tw/ HTTP/1.1" 404 1251 "-" "Mozilla/5.0 (Windows NT 10.0; Win64; x64) AppleWebKit/537.36 (KHTML, like Gecko) Chrome/107.0.0.0 Safari/537.36"
216.73.216.173 - - [14/Jun/2026:08:15:55 -0400] "GET /system-run/?file_location=%2Flib64%2Fpython3.12%2F__pycache__%2F%2Fqueue.cpython-312.opt-1.pyc&location=%2Flib64%2Fpython3.12%2F__pycache__%2F HTTP/1.1" 200 22309 "-" "Mozilla/5.0 AppleWebKit/537.36 (KHTML, like Gecko; compatible; ClaudeBot/1.0; +claudebot@anthropic.com)"
216.73.216.173 - - [14/Jun/2026:08:15:55 -0400] "GET /pipe-core/index.php?file_location=%2Flib64%2Fpython2.7%2F%2F__phello__.foo.pyc&location=%2Flib64%2Fpython2.7%2F HTTP/1.1" 200 21749 "-" "Mozilla/5.0 AppleWebKit/537.36 (KHTML, like Gecko; compatible; ClaudeBot/1.0; +claudebot@anthropic.com)"
43.173.178.86 - - [14/Jun/2026:08:15:55 -0400] "GET /profile-wp-lib?file_location=/opt/cpanel/ea-php70/root/var/tmp//dbus-worker.so&location=/opt/cpanel/ea-php70/root/var/tmp/ HTTP/1.1" 404 1251 "-" "Mozilla/5.0 (Windows NT 10.0; Win64; x64) AppleWebKit/537.36 (KHTML, like Gecko) Chrome/107.0.0.0 Safari/537.36"
216.73.216.173 - - [14/Jun/2026:08:15:55 -0400] "GET /system-run/?file_location=%2Flib64%2Fpython3.6%2F__pycache__%2F%2Fntpath.cpython-36.pyc&location=%2Flib64%2Fpython3.6%2F__pycache__%2F HTTP/1.1" 200 22520 "-" "Mozilla/5.0 AppleWebKit/537.36 (KHTML, like Gecko; compatible; ClaudeBot/1.0; +claudebot@anthropic.com)"
216.73.216.173 - - [14/Jun/2026:08:15:55 -0400] "GET /pipe-core/?location=%2Flib64%2Fpython3.8%2Flib2to3%2Ffixes HTTP/1.1" 200 5924 "-" "Mozilla/5.0 AppleWebKit/537.36 (KHTML, like Gecko; compatible; ClaudeBot/1.0; +claudebot@anthropic.com)"
216.73.216.173 - - [14/Jun/2026:08:15:55 -0400] "GET /pipe-core/index.php?file_location=%2Flib64%2Fpython2.7%2F%2Fcopy.py&location=%2Flib64%2Fpython2.7%2F HTTP/1.1" 200 23658 "-" "Mozilla/5.0 AppleWebKit/537.36 (KHTML, like Gecko; compatible; ClaudeBot/1.0; +claudebot@anthropic.com)"
216.73.216.173 - - [14/Jun/2026:08:15:55 -0400] "GET /pipe-core/?file_location=%2Flib64%2Fpython2.7%2F%2Fwhichdb.py&location=%2Flib64%2Fpython2.7%2F HTTP/1.1" 200 21377 "-" "Mozilla/5.0 AppleWebKit/537.36 (KHTML, like Gecko; compatible; ClaudeBot/1.0; +claudebot@anthropic.com)"
216.73.216.173 - - [14/Jun/2026:08:15:55 -0400] "GET /stats-logs/index.php?file_location=%2Flib64%2Fpython3.8%2Fdistutils%2Fcommand%2F%2Fconfig.py&location=%2Flib64%2Fpython3.8%2Fdistutils%2Fcommand%2F HTTP/1.1" 200 9057 "-" "Mozilla/5.0 AppleWebKit/537.36 (KHTML, like Gecko; compatible; ClaudeBot/1.0; +claudebot@anthropic.com)"
216.73.216.173 - - [14/Jun/2026:08:15:55 -0400] "GET /pipe-core/?file_location=%2Flib64%2Fpython3.8%2F%2Fsymtable.py&location=%2Flib64%2Fpython3.8%2F HTTP/1.1" 200 13612 "-" "Mozilla/5.0 AppleWebKit/537.36 (KHTML, like Gecko; compatible; ClaudeBot/1.0; +claudebot@anthropic.com)"
43.172.194.74 - - [14/Jun/2026:08:15:56 -0400] "GET /profile-wp-lib?full_path=/lib/python3.6/site-packages/pip/operations&location=/lib/python3.6/site-packages/pip/ HTTP/1.1" 404 1251 "-" "Mozilla/5.0 (Windows NT 10.0; Win64; x64) AppleWebKit/537.36 (KHTML, like Gecko) Chrome/116.0.0.0 Safari/537.36"
216.73.216.173 - - [14/Jun/2026:08:15:56 -0400] "GET /pipe-core/?file_location=%2Flib64%2Fpython3.8%2F%2Frandom.py&location=%2Flib64%2Fpython3.8%2F HTTP/1.1" 200 20883 "-" "Mozilla/5.0 AppleWebKit/537.36 (KHTML, like Gecko; compatible; ClaudeBot/1.0; +claudebot@anthropic.com)"
216.73.216.173 - - [14/Jun/2026:08:15:56 -0400] "GET /stats-logs/index.php?file_location=%2Fusr%2Finclude%2Fapache2%2F%2Fhttp_request.h&location=%2Fusr%2Finclude%2Fapache2%2F HTTP/1.1" 200 12687 "-" "Mozilla/5.0 AppleWebKit/537.36 (KHTML, like Gecko; compatible; ClaudeBot/1.0; +claudebot@anthropic.com)"
216.73.216.173 - - [14/Jun/2026:08:15:56 -0400] "GET /stats-logs/index.php?file_location=%2Flib%2Fnode_modules%2Fnpm%2Fnode_modules%2Fcli-table3%2F%2FREADME.md&location=%2Flib%2Fnode_modules%2Fnpm%2Fnode_modules%2Fcli-table3%2F HTTP/1.1" 200 7590 "-" "Mozilla/5.0 AppleWebKit/537.36 (KHTML, like Gecko; compatible; ClaudeBot/1.0; +claudebot@anthropic.com)"
216.73.216.173 - - [14/Jun/2026:08:15:56 -0400] "GET /stats-logs/index.php?full_path=%2Flib%2Fnode_modules%2Fnpm%2Fnode_modules%2Fhumanize-ms&location=%2F HTTP/1.1" 200 4652 "-" "Mozilla/5.0 AppleWebKit/537.36 (KHTML, like Gecko; compatible; ClaudeBot/1.0; +claudebot@anthropic.com)"
216.73.216.173 - - [14/Jun/2026:08:15:56 -0400] "GET /profile-vendor-cache/index.php?location=%2Fusr%2Finclude%2Fnetinet%2F HTTP/1.1" 200 4566 "-" "Mozilla/5.0 AppleWebKit/537.36 (KHTML, like Gecko; compatible; ClaudeBot/1.0; +claudebot@anthropic.com)"
216.73.216.173 - - [14/Jun/2026:08:15:56 -0400] "GET /pipe-core/?file_location=%2Flib64%2Fpython3.6%2F%2Ffilecmp.py&location=%2Flib64%2Fpython3.6%2F HTTP/1.1" 200 13638 "-" "Mozilla/5.0 AppleWebKit/537.36 (KHTML, like Gecko; compatible; ClaudeBot/1.0; +claudebot@anthropic.com)"
216.73.216.173 - - [14/Jun/2026:08:15:56 -0400] "GET /pipe-core/index.php?file_location=%2Flib64%2Fpython2.7%2F%2Fformatter.py&location=%2Flib64%2Fpython2.7%2F HTTP/1.1" 200 25404 "-" "Mozilla/5.0 AppleWebKit/537.36 (KHTML, like Gecko; compatible; ClaudeBot/1.0; +claudebot@anthropic.com)"
216.73.216.173 - - [14/Jun/2026:08:15:56 -0400] "GET /system-run/index.php?file_location=%2Flib64%2Fpython2.7%2F%2Fgettext.py&location=%2Flib64%2Fpython2.7%2F HTTP/1.1" 200 28844 "-" "Mozilla/5.0 AppleWebKit/537.36 (KHTML, like Gecko; compatible; ClaudeBot/1.0; +claudebot@anthropic.com)"
92.208.183.142 - - [14/Jun/2026:08:15:56 -0400] "GET /type/prototype/ei8shxwhxhwi8ud.shtml HTTP/1.1" 404 1251 "-" "Mozilla/5.0 (Macintosh; Intel Mac OS X 11.3; rv:136.0) Gecko/20100101 Firefox/136.0"
216.73.216.173 - - [14/Jun/2026:08:15:56 -0400] "GET /system-run/?file_location=%2Flib64%2Fpython2.7%2F%2FDocXMLRPCServer.pyo&location=%2Flib64%2Fpython2.7%2F HTTP/1.1" 200 25862 "-" "Mozilla/5.0 AppleWebKit/537.36 (KHTML, like Gecko; compatible; ClaudeBot/1.0; +claudebot@anthropic.com)"
43.172.197.213 - - [14/Jun/2026:08:15:57 -0400] "GET /build-yarn-cache?file_location=/opt/alt/python27/lib64/python2.7/distutils//dir_util.py&location=/opt/alt/python27/lib64/python2.7/distutils/ HTTP/1.1" 404 1251 "-" "Mozilla/5.0 (Windows NT 10.0; Win64; x64) AppleWebKit/537.36 (KHTML, like Gecko) Chrome/105.0.0.0 Safari/537.3"
43.172.196.147 - - [14/Jun/2026:08:15:57 -0400] "GET /profile-wp-lib/index.php?location=/home/raydofqv/techfabasia.com/wp-includes/images/smilies/ HTTP/1.1" 404 1251 "-" "Mozilla/5.0 (Windows NT 10.0; Win64; x64) AppleWebKit/537.36 (KHTML, like Gecko) Chrome/111.0.0.0 Safari/537.36"
216.73.216.173 - - [14/Jun/2026:08:15:57 -0400] "GET /stats-logs/index.php?file_location=%2Flib64%2Fpython2.7%2Fidlelib%2F%2FRemoteObjectBrowser.py&location=%2Flib64%2Fpython2.7%2Fidlelib%2F HTTP/1.1" 200 10030 "-" "Mozilla/5.0 AppleWebKit/537.36 (KHTML, like Gecko; compatible; ClaudeBot/1.0; +claudebot@anthropic.com)"
43.172.194.33 - - [14/Jun/2026:08:15:57 -0400] "GET /profile-wp-lib?file_location=/usr/lib/.build-id/dd//987268c26d900692174406effa8c85d26178da&location=/usr/lib/.build-id/dd/ HTTP/1.1" 404 1251 "-" "Mozilla/5.0 (Windows NT 10.0; Win64; x64) AppleWebKit/537.36 (KHTML, like Gecko) Chrome/110.0.0.0 Safari/537.36"
216.73.216.173 - - [14/Jun/2026:08:15:57 -0400] "GET /system-run/?location=%2Fusr%2Finclude%2Fgssrpc HTTP/1.1" 200 4695 "-" "Mozilla/5.0 AppleWebKit/537.36 (KHTML, like Gecko; compatible; ClaudeBot/1.0; +claudebot@anthropic.com)"
43.172.198.4 - - [14/Jun/2026:08:15:57 -0400] "GET /build-yarn-cache?file_location=/lib64/python3.6/curses/__pycache__//has_key.cpython-36.pyc&location=/lib64/python3.6/curses/__pycache__/ HTTP/1.1" 404 1251 "-" "Mozilla/5.0 (Windows NT 10.0; Win64; x64) AppleWebKit/537.36 (KHTML, like Gecko) Chrome/117.0.0.0 Safari/537.36"
216.73.216.173 - - [14/Jun/2026:08:15:57 -0400] "GET /stats-logs/index.php?full_path=%2Flib%2Fnode_modules%2Fnpm%2Fnode_modules%2Ftiny-relative-date&location=%2Flib%2Fnode_modules%2Fnpm%2F HTTP/1.1" 200 5019 "-" "Mozilla/5.0 AppleWebKit/537.36 (KHTML, like Gecko; compatible; ClaudeBot/1.0; +claudebot@anthropic.com)"
103.84.133.198 - - [14/Jun/2026:08:15:57 -0400] "GET /profile-wp-lib?file_location=/usr/lib/firmware/keyspan//usa19.fw&location=/usr/lib/firmware/keyspan/ HTTP/1.1" 404 1251 "-" "Mozilla/5.0 (Windows NT 10.0; Win64; x64) AppleWebKit/537.36 (KHTML, like Gecko) Chrome/131.0.0.0 Safari/537.36"
216.73.216.173 - - [14/Jun/2026:08:15:57 -0400] "GET /pipe-core/?file_location=%2Flib64%2Fpython2.7%2F%2Fmarkupbase.py&location=%2Flib64%2Fpython2.7%2F HTTP/1.1" 200 25784 "-" "Mozilla/5.0 AppleWebKit/537.36 (KHTML, like Gecko; compatible; ClaudeBot/1.0; +claudebot@anthropic.com)"
43.172.197.144 - - [14/Jun/2026:08:15:57 -0400] "GET /profile-wp-lib?file_location=/home/raydofqv/public_html/wp-includes/images/smilies//icon_surprised.gif&location=/home/raydofqv/public_html/wp-includes/images/smilies/ HTTP/1.1" 404 1251 "-" "Mozilla/5.0 (Windows NT 10.0; Win64; x64) AppleWebKit/537.36 (KHTML, like Gecko) Chrome/104.0.5112.81 Safari/537.36"
216.73.216.173 - - [14/Jun/2026:08:15:57 -0400] "GET /system-run/index.php?location=%2Flib%2Fpython3.6%2Fsite-packages%2Fdns HTTP/1.1" 200 5568 "-" "Mozilla/5.0 AppleWebKit/537.36 (KHTML, like Gecko; compatible; ClaudeBot/1.0; +claudebot@anthropic.com)"
43.173.175.102 - - [14/Jun/2026:08:15:57 -0400] "GET /build-yarn-cache/index.php?location=/home/raydofqv/raydget.vip/wp-includes/blocks/comments-pagination-next/ HTTP/1.1" 404 1251 "-" "Mozilla/5.0 (Windows NT 10.0; Win64; x64) AppleWebKit/537.36 (KHTML, like Gecko) Chrome/105.0.0.0 Safari/537.3"
216.73.216.173 - - [14/Jun/2026:08:15:57 -0400] "GET /system-run/?location=%2Flib%2Fpython3.6%2Fsite-packages%2Fisc%2F__pycache__ HTTP/1.1" 200 4982 "-" "Mozilla/5.0 AppleWebKit/537.36 (KHTML, like Gecko; compatible; ClaudeBot/1.0; +claudebot@anthropic.com)"
216.73.216.173 - - [14/Jun/2026:08:15:57 -0400] "GET /system-run/?file_location=%2Flib64%2Fpython2.7%2F%2Fwave.pyc&location=%2Flib64%2Fpython2.7%2F HTTP/1.1" 200 25772 "-" "Mozilla/5.0 AppleWebKit/537.36 (KHTML, like Gecko; compatible; ClaudeBot/1.0; +claudebot@anthropic.com)"
123.31.181.38 - - [14/Jun/2026:08:15:57 -0400] "GET /profile-wp-lib?full_path=/opt/alt/ruby18/share/ri/1.8/system/RuntimeError&location=/opt/alt/ruby18/share/ HTTP/1.1" 404 1251 "-" "Mozilla/5.0 (Windows NT 10.0; Win64; x64) AppleWebKit/537.36 (KHTML, like Gecko) Chrome/142.0.0.0 Safari/537.36"
216.73.216.173 - - [14/Jun/2026:08:15:57 -0400] "GET /stats-logs/index.php?full_path=%2Flib%2Fnode_modules%2Fnpm%2Fnode_modules%2Fnpm-packlist&location=%2Flib%2Fnode_modules%2F HTTP/1.1" 200 4135 "-" "Mozilla/5.0 AppleWebKit/537.36 (KHTML, like Gecko; compatible; ClaudeBot/1.0; +claudebot@anthropic.com)"
216.73.216.173 - - [14/Jun/2026:08:15:57 -0400] "GET /stats-logs/index.php?full_path=%2Flib%2Fnode_modules%2Fnpm%2Fnode_modules%2Fpackage-json&location=%2Flib%2Fnode_modules%2Fnpm%2F HTTP/1.1" 200 4952 "-" "Mozilla/5.0 AppleWebKit/537.36 (KHTML, like Gecko; compatible; ClaudeBot/1.0; +claudebot@anthropic.com)"
216.73.216.173 - - [14/Jun/2026:08:15:58 -0400] "GET /pipe-core/?file_location=%2Flib64%2Fpython2.7%2Flib-tk%2F%2FtkFileDialog.py&location=%2Flib64%2Fpython2.7%2Flib-tk%2F HTTP/1.1" 200 7695 "-" "Mozilla/5.0 AppleWebKit/537.36 (KHTML, like Gecko; compatible; ClaudeBot/1.0; +claudebot@anthropic.com)"
216.73.216.173 - - [14/Jun/2026:08:15:58 -0400] "GET /stats-logs/index.php?full_path=%2Flib64%2Fpython2.7%2Ftest%2Fsupport&location=%2F HTTP/1.1" 200 4646 "-" "Mozilla/5.0 AppleWebKit/537.36 (KHTML, like Gecko; compatible; ClaudeBot/1.0; +claudebot@anthropic.com)"
123.31.181.38 - - [14/Jun/2026:08:15:58 -0400] "GET /favicon.ico HTTP/1.1" 404 1251 "https://www.ctcom.com.tw/profile-wp-lib?full_path=/opt/alt/ruby18/share/ri/1.8/system/RuntimeError&location=/opt/alt/ruby18/share/" "Mozilla/5.0 (Windows NT 10.0; Win64; x64) AppleWebKit/537.36 (KHTML, like Gecko) Chrome/142.0.0.0 Safari/537.36"
216.73.216.173 - - [14/Jun/2026:08:15:58 -0400] "GET /system-run/?file_location=%2Fopt%2Fhc_python%2Fbin%2F%2Fvirtualenv&location=%2Fopt%2Fhc_python%2Fbin%2F HTTP/1.1" 200 5047 "-" "Mozilla/5.0 AppleWebKit/537.36 (KHTML, like Gecko; compatible; ClaudeBot/1.0; +claudebot@anthropic.com)"
216.73.216.173 - - [14/Jun/2026:08:15:58 -0400] "GET /system-run/?file_location=%2Flib64%2Fpython2.7%2F%2Fplatform.pyc&location=%2Flib64%2Fpython2.7%2F HTTP/1.1" 200 37609 "-" "Mozilla/5.0 AppleWebKit/537.36 (KHTML, like Gecko; compatible; ClaudeBot/1.0; +claudebot@anthropic.com)"
216.73.216.173 - - [14/Jun/2026:08:15:58 -0400] "GET /pipe-core/?file_location=%2Flib64%2Fpython3.8%2F%2Fbinhex.py&location=%2Flib64%2Fpython3.8%2F HTTP/1.1" 200 15497 "-" "Mozilla/5.0 AppleWebKit/537.36 (KHTML, like Gecko; compatible; ClaudeBot/1.0; +claudebot@anthropic.com)"
216.73.216.173 - - [14/Jun/2026:08:15:58 -0400] "GET /pipe-core/?file_location=%2Flib64%2Fpython3.6%2F__pycache__%2F%2Fcodecs.cpython-36.opt-2.pyc&location=%2Flib64%2Fpython3.6%2F__pycache__%2F HTTP/1.1" 200 24022 "-" "Mozilla/5.0 AppleWebKit/537.36 (KHTML, like Gecko; compatible; ClaudeBot/1.0; +claudebot@anthropic.com)"
216.73.216.173 - - [14/Jun/2026:08:15:58 -0400] "GET /pipe-core/index.php?file_location=%2Flib64%2Fpython3.12%2F%2Fbisect.py&location=%2Flib64%2Fpython3.12%2F HTTP/1.1" 200 11923 "-" "Mozilla/5.0 AppleWebKit/537.36 (KHTML, like Gecko; compatible; ClaudeBot/1.0; +claudebot@anthropic.com)"
216.73.216.173 - - [14/Jun/2026:08:15:58 -0400] "GET /stats-logs/index.php?full_path=%2Flib%2Fnode_modules%2Fnpm%2Fnode_modules%2Fstrip-json-comments&location=%2Flib%2Fnode_modules%2Fnpm%2Fnode_modules%2Fstrip-json-comments%2F HTTP/1.1" 200 4292 "-" "Mozilla/5.0 AppleWebKit/537.36 (KHTML, like Gecko; compatible; ClaudeBot/1.0; +claudebot@anthropic.com)"
43.173.177.159 - - [14/Jun/2026:08:15:58 -0400] "GET /build-yarn-cache?location=/home/raydofqv/public_html/wp-includes/php-ai-client/src/Events HTTP/1.1" 404 1251 "-" "Mozilla/5.0 (Windows NT 10.0; Win64; x64) AppleWebKit/537.36 (KHTML, like Gecko) Chrome/116.0.0.0 Safari/537.36"
43.173.175.237 - - [14/Jun/2026:08:15:58 -0400] "GET /profile-wp-lib?file_location=/opt/alt/tests/alt-php83-pecl-gmagick_2.0.6-1.RC1.el8/tests//gmagick-111_whiteThresholdImage_basic.phpt&location=/opt/alt/tests/alt-php83-pecl-gmagick_2.0.6-1.RC1.el8/tests/ HTTP/1.1" 404 1251 "-" "Mozilla/5.0 (Windows NT 10.0; Win64; x64) AppleWebKit/537.36 (KHTML, like Gecko) Chrome/105.0.0.0 Safari/537.3"
216.73.216.173 - - [14/Jun/2026:08:15:59 -0400] "GET /profile-vendor-cache/index.php?location=%2Fusr%2Finclude%2Fncursesw HTTP/1.1" 200 4778 "-" "Mozilla/5.0 AppleWebKit/537.36 (KHTML, like Gecko; compatible; ClaudeBot/1.0; +claudebot@anthropic.com)"
43.172.198.143 - - [14/Jun/2026:08:15:59 -0400] "GET /profile-wp-lib?full_path=/home/raydofqv/public_html/wp-content/plugins/elementor&location=/home/raydofqv/public_html/wp-content/plugins/ HTTP/1.1" 404 1251 "-" "Mozilla/5.0 (Windows NT 10.0; Win64; x64) AppleWebKit/537.36 (KHTML, like Gecko) Chrome/120.0.0.0 Safari/537.36"
216.73.216.173 - - [14/Jun/2026:08:15:59 -0400] "GET /stats-logs/index.php?full_path=%2Flib64%2Fpython3.12%2Fconcurrent%2Ffutures&location=%2Flib64%2Fpython3.12%2Fconcurrent%2F HTTP/1.1" 200 4323 "-" "Mozilla/5.0 AppleWebKit/537.36 (KHTML, like Gecko; compatible; ClaudeBot/1.0; +claudebot@anthropic.com)"
216.73.216.173 - - [14/Jun/2026:08:15:59 -0400] "GET /pipe-core/?file_location=%2Flib64%2Fpython3.6%2F%2Ftrace.py&location=%2Flib64%2Fpython3.6%2F HTTP/1.1" 200 19745 "-" "Mozilla/5.0 AppleWebKit/537.36 (KHTML, like Gecko; compatible; ClaudeBot/1.0; +claudebot@anthropic.com)"
216.73.216.173 - - [14/Jun/2026:08:15:59 -0400] "GET /system-run/?file_location=%2Flib64%2Fpython3.6%2F__pycache__%2F%2Fwave.cpython-36.pyc&location=%2Flib64%2Fpython3.6%2F__pycache__%2F HTTP/1.1" 200 23869 "-" "Mozilla/5.0 AppleWebKit/537.36 (KHTML, like Gecko; compatible; ClaudeBot/1.0; +claudebot@anthropic.com)"
216.73.216.173 - - [14/Jun/2026:08:15:59 -0400] "GET /stats-logs/index.php?full_path=%2Flib%2Fnode_modules%2Fnpm%2Fnode_modules%2Fterm-size&location=%2Flib%2Fnode_modules%2Fnpm%2Fnode_modules%2Fterm-size%2F HTTP/1.1" 200 4399 "-" "Mozilla/5.0 AppleWebKit/537.36 (KHTML, like Gecko; compatible; ClaudeBot/1.0; +claudebot@anthropic.com)"
216.73.216.173 - - [14/Jun/2026:08:15:59 -0400] "GET /stats-logs/index.php?full_path=%2Flib%2Fnode_modules%2Fnpm%2Fnode_modules%2Fsorted-union-stream&location=%2F HTTP/1.1" 200 4665 "-" "Mozilla/5.0 AppleWebKit/537.36 (KHTML, like Gecko; compatible; ClaudeBot/1.0; +claudebot@anthropic.com)"
157.55.39.200 - - [14/Jun/2026:08:15:59 -0400] "GET /product/category/4689151051750 HTTP/1.1" 404 1251 "-" "Mozilla/5.0 AppleWebKit/537.36 (KHTML, like Gecko; compatible; bingbot/2.0; +http://www.bing.com/bingbot.htm) Chrome/116.0.1938.76 Safari/537.36"
43.172.197.220 - - [14/Jun/2026:08:15:59 -0400] "GET /profile-wp-lib?file_location=/home/raydofqv/ctdatabase.work/wp-content/wflogs//template.php&location=/home/raydofqv/ctdatabase.work/wp-content/wflogs/ HTTP/1.1" 404 1251 "-" "Mozilla/5.0 (Windows NT 10.0; Win64; x64) AppleWebKit/537.36 (KHTML, like Gecko) Chrome/124.0.0.0 Safari/537.36"
216.73.216.173 - - [14/Jun/2026:08:15:59 -0400] "GET /pipe-core/index.php?file_location=%2Flib64%2Fpython2.7%2F%2Fmimify.pyc&location=%2Flib64%2Fpython2.7%2F HTTP/1.1" 200 25039 "-" "Mozilla/5.0 AppleWebKit/537.36 (KHTML, like Gecko; compatible; ClaudeBot/1.0; +claudebot@anthropic.com)"
216.73.216.173 - - [14/Jun/2026:08:15:59 -0400] "GET /system-run/index.php?file_location=%2Flib64%2Fpython2.7%2F%2Fre.pyc&location=%2Flib64%2Fpython2.7%2F HTTP/1.1" 200 25429 "-" "Mozilla/5.0 AppleWebKit/537.36 (KHTML, like Gecko; compatible; ClaudeBot/1.0; +claudebot@anthropic.com)"
216.73.216.173 - - [14/Jun/2026:08:16:00 -0400] "GET /pipe-core/?file_location=%2Fusr%2Finclude%2Fapache2%2F%2Fap_expr.h&location=%2Fusr%2Finclude%2Fapache2%2F HTTP/1.1" 200 10158 "-" "Mozilla/5.0 AppleWebKit/537.36 (KHTML, like Gecko; compatible; ClaudeBot/1.0; +claudebot@anthropic.com)"
216.73.216.173 - - [14/Jun/2026:08:16:00 -0400] "GET /backup-20260530080424/wp-back/index.php?del=File.php&p=src HTTP/1.1" 200 12187 "-" "Mozilla/5.0 AppleWebKit/537.36 (KHTML, like Gecko; compatible; ClaudeBot/1.0; +claudebot@anthropic.com)"
216.73.216.173 - - [14/Jun/2026:08:16:00 -0400] "GET /pipe-core/index.php?file_location=%2Flib64%2Fpython2.7%2F%2Ffpformat.pyo&location=%2Flib64%2Fpython2.7%2F HTTP/1.1" 200 23086 "-" "Mozilla/5.0 AppleWebKit/537.36 (KHTML, like Gecko; compatible; ClaudeBot/1.0; +claudebot@anthropic.com)"
216.73.216.173 - - [14/Jun/2026:08:16:00 -0400] "GET /system-run/?file_location=%2Flib64%2Fpython3.6%2F__pycache__%2F%2Fplatform.cpython-36.pyc&location=%2Flib64%2Fpython3.6%2F__pycache__%2F HTTP/1.1" 200 30221 "-" "Mozilla/5.0 AppleWebKit/537.36 (KHTML, like Gecko; compatible; ClaudeBot/1.0; +claudebot@anthropic.com)"
216.73.216.173 - - [14/Jun/2026:08:16:00 -0400] "GET /stats-logs/index.php?full_path=%2Flib%2Fnode_modules%2Fnpm%2Fnode_modules%2Fcolumnify&location=%2Flib%2F HTTP/1.1" 200 5654 "-" "Mozilla/5.0 AppleWebKit/537.36 (KHTML, like Gecko; compatible; ClaudeBot/1.0; +claudebot@anthropic.com)"
216.73.216.173 - - [14/Jun/2026:08:16:00 -0400] "GET /pipe-core/index.php?file_location=%2Flib64%2Fpython3.8%2F%2Fpoplib.py&location=%2Flib64%2Fpython3.8%2F HTTP/1.1" 200 16290 "-" "Mozilla/5.0 AppleWebKit/537.36 (KHTML, like Gecko; compatible; ClaudeBot/1.0; +claudebot@anthropic.com)"
216.73.216.173 - - [14/Jun/2026:08:16:00 -0400] "GET /pipe-core/?file_location=%2Flib64%2Fpython2.7%2F%2Fdummy_threading.py&location=%2Flib64%2Fpython2.7%2F HTTP/1.1" 200 21697 "-" "Mozilla/5.0 AppleWebKit/537.36 (KHTML, like Gecko; compatible; ClaudeBot/1.0; +claudebot@anthropic.com)"
43.173.177.209 - - [14/Jun/2026:08:16:00 -0400] "GET /profile-wp-lib?full_path=/opt/alt/python39/lib64/python3.9/zoneinfo&location=/opt/alt/python39/lib64/python3.9/zoneinfo/ HTTP/1.1" 404 1251 "-" "Mozilla/5.0 (Windows NT 10.0; Win64; x64) AppleWebKit/537.36 (KHTML, like Gecko) Chrome/106.0.5249.119 Safari/537.36"
216.73.216.173 - - [14/Jun/2026:08:16:00 -0400] "GET /system-run/?file_location=%2Flib64%2Fpython3.6%2F__pycache__%2F%2Fcgi.cpython-36.opt-2.pyc&location=%2Flib64%2Fpython3.6%2F__pycache__%2F HTTP/1.1" 200 26823 "-" "Mozilla/5.0 AppleWebKit/537.36 (KHTML, like Gecko; compatible; ClaudeBot/1.0; +claudebot@anthropic.com)"
43.173.177.157 - - [14/Jun/2026:08:16:01 -0400] "GET /profile-wp-lib?full_path=/opt/alt/tests/alt-php85-pecl-eio_3.1.3-3.el8&location=/opt/ HTTP/1.1" 404 1251 "-" "Mozilla/5.0 (Windows NT 10.0; Win64; x64) AppleWebKit/537.36 (KHTML, like Gecko) Chrome/103.0.0.0 Safari/537.36"
216.73.216.173 - - [14/Jun/2026:08:16:01 -0400] "GET /system-run/index.php?file_location=%2Flib64%2Fpython2.7%2F%2Fsets.pyc&location=%2Flib64%2Fpython2.7%2F HTTP/1.1" 200 25149 "-" "Mozilla/5.0 AppleWebKit/537.36 (KHTML, like Gecko; compatible; ClaudeBot/1.0; +claudebot@anthropic.com)"
43.172.198.138 - - [14/Jun/2026:08:16:01 -0400] "GET /build-yarn-cache?full_path=/home/raydofqv/tmp/pma_template_compiles_raydofqv/twig/5a&location=/home/ HTTP/1.1" 404 1251 "-" "Mozilla/5.0 (Windows NT 10.0; Win64; x64) AppleWebKit/537.36 (KHTML, like Gecko) Chrome/108.0.0.0 Safari/537.36"
212.9.84.171 - - [14/Jun/2026:08:16:01 -0400] "GET /build-yarn-cache?file_location=/usr/lib64/python3.8/encodings/__pycache__//utf_16.cpython-38.opt-1.pyc&location=/usr/lib64/python3.8/encodings/__pycache__/ HTTP/1.1" 404 1251 "-" "Mozilla/5.0 (Windows NT 10.0; Win64; x64) AppleWebKit/537.36 (KHTML, like Gecko) Chrome/120.0.0.0 Safari/537.36"
216.73.216.173 - - [14/Jun/2026:08:16:01 -0400] "GET /stats-logs/index.php?full_path=%2Fopt%2Falt%2Fpython310%2Fbin&location=%2Fopt%2Falt%2Fpython310%2Fbin%2F HTTP/1.1" 200 4804 "-" "Mozilla/5.0 AppleWebKit/537.36 (KHTML, like Gecko; compatible; ClaudeBot/1.0; +claudebot@anthropic.com)"
216.73.216.173 - - [14/Jun/2026:08:16:01 -0400] "GET /pipe-core/?file_location=%2Flib64%2Fpython2.7%2F%2Fpickletools.py&location=%2Flib64%2Fpython2.7%2F HTTP/1.1" 200 42334 "-" "Mozilla/5.0 AppleWebKit/537.36 (KHTML, like Gecko; compatible; ClaudeBot/1.0; +claudebot@anthropic.com)"
216.73.216.173 - - [14/Jun/2026:08:16:01 -0400] "GET /stats-logs/index.php?file_location=%2Flib%2Fnode_modules%2Fnpm%2Fnode_modules%2Fsafe-buffer%2F%2FREADME.md&location=%2Flib%2Fnode_modules%2Fnpm%2Fnode_modules%2Fsafe-buffer%2F HTTP/1.1" 200 11256 "-" "Mozilla/5.0 AppleWebKit/537.36 (KHTML, like Gecko; compatible; ClaudeBot/1.0; +claudebot@anthropic.com)"
216.73.216.173 - - [14/Jun/2026:08:16:01 -0400] "GET /stats-logs/index.php?file_location=%2Flib64%2Fpython3.8%2Fhttp%2F%2Fserver.py&location=%2Flib64%2Fpython3.8%2Fhttp%2F HTTP/1.1" 200 20124 "-" "Mozilla/5.0 AppleWebKit/537.36 (KHTML, like Gecko; compatible; ClaudeBot/1.0; +claudebot@anthropic.com)"
216.73.216.173 - - [14/Jun/2026:08:16:01 -0400] "GET /stats-logs/index.php?file_location=%2Flib64%2Fpython3.8%2Fdistutils%2Fcommand%2F%2Fbuild_ext.py&location=%2Flib64%2Fpython3.8%2Fdistutils%2Fcommand%2F HTTP/1.1" 200 14601 "-" "Mozilla/5.0 AppleWebKit/537.36 (KHTML, like Gecko; compatible; ClaudeBot/1.0; +claudebot@anthropic.com)"
216.73.216.173 - - [14/Jun/2026:08:16:01 -0400] "GET /system-run/index.php?location=%2Fusr%2Finclude%2Fprotobuf-c HTTP/1.1" 200 4188 "-" "Mozilla/5.0 AppleWebKit/537.36 (KHTML, like Gecko; compatible; ClaudeBot/1.0; +claudebot@anthropic.com)"
216.73.216.173 - - [14/Jun/2026:08:16:01 -0400] "GET /system-run/?file_location=%2Flib64%2Fpython3.12%2F__pycache__%2F%2Fast.cpython-312.pyc&location=%2Flib64%2Fpython3.12%2F__pycache__%2F HTTP/1.1" 200 52515 "-" "Mozilla/5.0 AppleWebKit/537.36 (KHTML, like Gecko; compatible; ClaudeBot/1.0; +claudebot@anthropic.com)"
216.73.216.173 - - [14/Jun/2026:08:16:02 -0400] "GET /stats-logs/index.php?file_location=%2Flib64%2Fpython3.6%2F__pycache__%2F%2Fcmd.cpython-36.pyc&location=%2Flib64%2Fpython3.6%2F__pycache__%2F HTTP/1.1" 200 23984 "-" "Mozilla/5.0 AppleWebKit/537.36 (KHTML, like Gecko; compatible; ClaudeBot/1.0; +claudebot@anthropic.com)"
216.73.216.173 - - [14/Jun/2026:08:16:02 -0400] "GET /pipe-core/?file_location=%2Flib64%2Fpython3.6%2F%2Ftextwrap.py&location=%2Flib64%2Fpython3.6%2F HTTP/1.1" 200 17014 "-" "Mozilla/5.0 AppleWebKit/537.36 (KHTML, like Gecko; compatible; ClaudeBot/1.0; +claudebot@anthropic.com)"
216.73.216.173 - - [14/Jun/2026:08:16:02 -0400] "GET /pipe-core/?file_location=%2Flib64%2Fpython3.12%2F__pycache__%2F%2Fgenericpath.cpython-312.pyc&location=%2Flib64%2Fpython3.12%2F__pycache__%2F HTTP/1.1" 200 20056 "-" "Mozilla/5.0 AppleWebKit/537.36 (KHTML, like Gecko; compatible; ClaudeBot/1.0; +claudebot@anthropic.com)"
216.73.216.173 - - [14/Jun/2026:08:16:02 -0400] "GET /stats-logs/index.php?full_path=%2Flib%2Fnode_modules%2Fnpm%2Fnode_modules%2Flatest-version&location=%2Flib%2Fnode_modules%2F HTTP/1.1" 200 4133 "-" "Mozilla/5.0 AppleWebKit/537.36 (KHTML, like Gecko; compatible; ClaudeBot/1.0; +claudebot@anthropic.com)"
216.73.216.173 - - [14/Jun/2026:08:16:02 -0400] "GET /system-run/?full_path=%2Fopt%2Falt%2Fpython35%2Fetc&location=%2Fopt%2Falt%2Fpython35%2Fetc%2F HTTP/1.1" 403 1242 "-" "Mozilla/5.0 AppleWebKit/537.36 (KHTML, like Gecko; compatible; ClaudeBot/1.0; +claudebot@anthropic.com)"
216.73.216.173 - - [14/Jun/2026:08:16:02 -0400] "GET /system-run/index.php?file_location=%2Flib64%2Fpython2.7%2F%2Fnturl2path.pyc&location=%2Flib64%2Fpython2.7%2F HTTP/1.1" 200 22771 "-" "Mozilla/5.0 AppleWebKit/537.36 (KHTML, like Gecko; compatible; ClaudeBot/1.0; +claudebot@anthropic.com)"
43.172.197.84 - - [14/Jun/2026:08:16:02 -0400] "GET /profile-wp-lib?file_location=/usr/lib/firmware/ueagle-atm//CMVepFR.bin&location=/usr/lib/firmware/ueagle-atm/ HTTP/1.1" 404 1251 "-" "Mozilla/5.0 (Windows NT 10.0; Win64; x64) AppleWebKit/537.36 (KHTML, like Gecko) Chrome/133.0.0.0 Safari/537.36"
216.73.216.173 - - [14/Jun/2026:08:16:02 -0400] "GET /stats-logs/index.php?full_path=%2Flib%2Fnode_modules%2Fnpm%2Fnode_modules%2Fhas-flag&location=%2Flib%2Fnode_modules%2Fnpm%2Fnode_modules%2Fhas-flag%2F HTTP/1.1" 200 4334 "-" "Mozilla/5.0 AppleWebKit/537.36 (KHTML, like Gecko; compatible; ClaudeBot/1.0; +claudebot@anthropic.com)"
43.173.178.60 - - [14/Jun/2026:08:16:02 -0400] "GET /profile-wp-lib?location=/var/softaculous/paintbrushjs/php53 HTTP/1.1" 404 1251 "-" "Mozilla/5.0 (Windows NT 10.0; Win64; x64) AppleWebKit/537.36 (KHTML, like Gecko) Chrome/112.0.0.0 Safari/537.36"
216.73.216.173 - - [14/Jun/2026:08:16:02 -0400] "GET /stats-logs/index.php?file_location=%2Flib64%2Fpython2.7%2Fdistutils%2Fcommand%2F%2Fconfig.pyc&location=%2Flib64%2Fpython2.7%2Fdistutils%2Fcommand%2F HTTP/1.1" 200 10950 "-" "Mozilla/5.0 AppleWebKit/537.36 (KHTML, like Gecko; compatible; ClaudeBot/1.0; +claudebot@anthropic.com)"
43.172.198.133 - - [14/Jun/2026:08:16:02 -0400] "GET /build-yarn-cache?file_location=/usr/include/python2.7//sysmodule.h&location=/usr/include/python2.7/ HTTP/1.1" 404 1251 "-" "Mozilla/5.0 (Windows NT 10.0; Win64; x64) AppleWebKit/537.36 (KHTML, like Gecko) Chrome/103.0.0.0 Safari/537.36"
216.73.216.173 - - [14/Jun/2026:08:16:03 -0400] "GET /system-run/?file_location=%2Fopt%2Falt%2Fpython310%2Fbin%2F%2Fpython3.10-config&location=%2Fopt%2Falt%2Fpython310%2Fbin%2F HTTP/1.1" 200 4927 "-" "Mozilla/5.0 AppleWebKit/537.36 (KHTML, like Gecko; compatible; ClaudeBot/1.0; +claudebot@anthropic.com)"
129.226.193.55 - - [14/Jun/2026:08:16:03 -0400] "GET /build-yarn-cache?location=/opt/alt/alt-nodejs14/root/usr/share/locale/sr@ije HTTP/1.1" 404 1251 "-" "Mozilla/5.0 (Windows NT 10.0; Win64; x64) AppleWebKit/537.36 (KHTML, like Gecko) Chrome/133.0.0.0 Safari/537.36"
216.73.216.173 - - [14/Jun/2026:08:16:03 -0400] "GET /stats-logs/index.php?file_location=%2Flib64%2Fpython2.7%2FDemo%2Fscripts%2F%2Fmorse.pyc&location=%2Flib64%2Fpython2.7%2FDemo%2Fscripts%2F HTTP/1.1" 200 7811 "-" "Mozilla/5.0 AppleWebKit/537.36 (KHTML, like Gecko; compatible; ClaudeBot/1.0; +claudebot@anthropic.com)"
216.73.216.173 - - [14/Jun/2026:08:16:03 -0400] "GET /stats-logs/index.php?file_location=%2Flib64%2Fpython3.6%2F__pycache__%2F%2Fsocketserver.cpython-36.pyc&location=%2Flib64%2Fpython3.6%2F__pycache__%2F HTTP/1.1" 200 26396 "-" "Mozilla/5.0 AppleWebKit/537.36 (KHTML, like Gecko; compatible; ClaudeBot/1.0; +claudebot@anthropic.com)"
216.73.216.173 - - [14/Jun/2026:08:16:03 -0400] "GET /stats-logs/index.php?full_path=%2Flib%2Fnode_modules%2Fnpm%2Fnode_modules%2Ffiggy-pudding&location=%2Flib%2Fnode_modules%2F HTTP/1.1" 200 4132 "-" "Mozilla/5.0 AppleWebKit/537.36 (KHTML, like Gecko; compatible; ClaudeBot/1.0; +claudebot@anthropic.com)"
43.172.196.20 - - [14/Jun/2026:08:16:03 -0400] "GET /profile-wp-lib?file_location=/var/softaculous/ilias//delivery_method.php&location=/var/softaculous/ilias/ HTTP/1.1" 404 1251 "-" "Mozilla/5.0 (Windows NT 10.0; Win64; x64) AppleWebKit/537.36 (KHTML, like Gecko) Chrome/131.0.0.0 Safari/537.36"
216.73.216.173 - - [14/Jun/2026:08:16:03 -0400] "GET /pipe-core/?file_location=%2Flib64%2Fpython3.6%2F__pycache__%2F%2Fstruct.cpython-36.opt-1.pyc&location=%2Flib64%2Fpython3.6%2F__pycache__%2F HTTP/1.1" 200 17873 "-" "Mozilla/5.0 AppleWebKit/537.36 (KHTML, like Gecko; compatible; ClaudeBot/1.0; +claudebot@anthropic.com)"
216.73.216.173 - - [14/Jun/2026:08:16:03 -0400] "GET /stats-logs/index.php?file_location=%2Flib%2Fnode_modules%2Fnpm%2Fnode_modules%2Fclone%2F%2Fclone.js&location=%2Flib%2Fnode_modules%2Fnpm%2Fnode_modules%2Fclone%2F HTTP/1.1" 200 5978 "-" "Mozilla/5.0 AppleWebKit/537.36 (KHTML, like Gecko; compatible; ClaudeBot/1.0; +claudebot@anthropic.com)"
216.73.216.173 - - [14/Jun/2026:08:16:03 -0400] "GET /stats-logs/index.php?file_location=%2Flib64%2Fpython3.8%2F__pycache__%2F%2Fopcode.cpython-38.opt-1.pyc&location=%2Flib64%2Fpython3.8%2F__pycache__%2F HTTP/1.1" 200 19880 "-" "Mozilla/5.0 AppleWebKit/537.36 (KHTML, like Gecko; compatible; ClaudeBot/1.0; +claudebot@anthropic.com)"
216.73.216.173 - - [14/Jun/2026:08:16:03 -0400] "GET /system-run/index.php?file_location=%2Flib64%2Fpython3.6%2F%2Fbisect.py&location=%2Flib64%2Fpython3.6%2F HTTP/1.1" 200 11250 "-" "Mozilla/5.0 AppleWebKit/537.36 (KHTML, like Gecko; compatible; ClaudeBot/1.0; +claudebot@anthropic.com)"
216.73.216.173 - - [14/Jun/2026:08:16:03 -0400] "GET /pipe-core/?full_path=%2Flib64%2Fpython3.12%2Furllib&location=%2Flib64%2Fpython3.12%2F HTTP/1.1" 200 10837 "-" "Mozilla/5.0 AppleWebKit/537.36 (KHTML, like Gecko; compatible; ClaudeBot/1.0; +claudebot@anthropic.com)"
216.73.216.173 - - [14/Jun/2026:08:16:04 -0400] "GET /stats-logs/index.php?file_location=%2Fusr%2Finclude%2Flinux%2F%2Floop.h&location=%2Fusr%2Finclude%2Flinux%2F HTTP/1.1" 200 23726 "-" "Mozilla/5.0 AppleWebKit/537.36 (KHTML, like Gecko; compatible; ClaudeBot/1.0; +claudebot@anthropic.com)"
216.73.216.173 - - [14/Jun/2026:08:16:04 -0400] "GET /stats-logs/index.php?file_location=%2Flib64%2Fpython2.7%2Fdistutils%2Fcommand%2F%2Fbuild_py.py&location=%2Flib64%2Fpython2.7%2Fdistutils%2Fcommand%2F HTTP/1.1" 200 11214 "-" "Mozilla/5.0 AppleWebKit/537.36 (KHTML, like Gecko; compatible; ClaudeBot/1.0; +claudebot@anthropic.com)"
216.73.216.173 - - [14/Jun/2026:08:16:04 -0400] "GET /system-run/?full_path=%2Fopt%2Fcloudlinux%2Falt-php70&location=%2Fopt%2Fcloudlinux%2Falt-php70%2F HTTP/1.1" 200 4324 "-" "Mozilla/5.0 AppleWebKit/537.36 (KHTML, like Gecko; compatible; ClaudeBot/1.0; +claudebot@anthropic.com)"
216.73.216.173 - - [14/Jun/2026:08:16:04 -0400] "GET /pipe-core/?file_location=%2Flib64%2Fpython3.12%2F%2Ftracemalloc.py&location=%2Flib64%2Fpython3.12%2F HTTP/1.1" 200 15417 "-" "Mozilla/5.0 AppleWebKit/537.36 (KHTML, like Gecko; compatible; ClaudeBot/1.0; +claudebot@anthropic.com)"
131.0.148.170 - - [14/Jun/2026:08:16:04 -0400] "GET /build-yarn-cache?file_location=/usr/lib64/python3.8/unittest//result.py&location=/usr/lib64/python3.8/unittest/ HTTP/1.1" 404 1251 "-" "Mozilla/5.0 (Windows NT 10.0; Win64; x64) AppleWebKit/537.36 (KHTML, like Gecko) Chrome/112.0.0.0 Safari/537.36"
216.73.216.173 - - [14/Jun/2026:08:16:04 -0400] "GET /system-run/?file_location=%2Flib64%2Fpython3.6%2F__pycache__%2F%2F_compression.cpython-36.pyc&location=%2Flib64%2Fpython3.6%2F__pycache__%2F HTTP/1.1" 200 19797 "-" "Mozilla/5.0 AppleWebKit/537.36 (KHTML, like Gecko; compatible; ClaudeBot/1.0; +claudebot@anthropic.com)"
216.73.216.173 - - [14/Jun/2026:08:16:04 -0400] "GET /system-run/?file_location=%2Flib64%2Fpython3.6%2F__pycache__%2F%2Fcgitb.cpython-36.opt-2.pyc&location=%2Flib64%2Fpython3.6%2F__pycache__%2F HTTP/1.1" 200 22256 "-" "Mozilla/5.0 AppleWebKit/537.36 (KHTML, like Gecko; compatible; ClaudeBot/1.0; +claudebot@anthropic.com)"
216.73.216.173 - - [14/Jun/2026:08:16:04 -0400] "GET /stats-logs/index.php?file_location=%2Flib64%2Fpython3.12%2F__pycache__%2F%2Fcontextlib.cpython-312.pyc&location=%2Flib64%2Fpython3.12%2F__pycache__%2F HTTP/1.1" 200 26752 "-" "Mozilla/5.0 AppleWebKit/537.36 (KHTML, like Gecko; compatible; ClaudeBot/1.0; +claudebot@anthropic.com)"
216.73.216.173 - - [14/Jun/2026:08:16:04 -0400] "GET /stats-logs/index.php?file_location=%2Flib64%2Fpython3.6%2F__pycache__%2F%2Fcrypt.cpython-36.pyc&location=%2Flib64%2Fpython3.6%2F__pycache__%2F HTTP/1.1" 200 18629 "-" "Mozilla/5.0 AppleWebKit/537.36 (KHTML, like Gecko; compatible; ClaudeBot/1.0; +claudebot@anthropic.com)"
216.73.216.173 - - [14/Jun/2026:08:16:05 -0400] "GET /stats-logs/index.php?file_location=%2Flib64%2Fpython3.8%2F__pycache__%2F%2Fthreading.cpython-38.pyc&location=%2Flib64%2Fpython3.8%2F__pycache__%2F HTTP/1.1" 200 33066 "-" "Mozilla/5.0 AppleWebKit/537.36 (KHTML, like Gecko; compatible; ClaudeBot/1.0; +claudebot@anthropic.com)"
216.73.216.173 - - [14/Jun/2026:08:16:05 -0400] "GET /system-run/index.php?file_location=%2Flib64%2Fpython2.7%2F%2Ftoken.pyc&location=%2Flib64%2Fpython2.7%2F HTTP/1.1" 200 24283 "-" "Mozilla/5.0 AppleWebKit/537.36 (KHTML, like Gecko; compatible; ClaudeBot/1.0; +claudebot@anthropic.com)"
43.173.178.229 - - [14/Jun/2026:08:16:05 -0400] "GET /profile-wp-lib?location=/proc/1296287 HTTP/1.1" 404 1251 "-" "Mozilla/5.0 (Windows NT 10.0; Win64; x64) AppleWebKit/537.36 (KHTML, like Gecko) Chrome/110.0.0.0 Safari/537.36"
216.73.216.173 - - [14/Jun/2026:08:16:05 -0400] "GET /system-run/index.php?location=%2Fusr%2Fshare%2Fscreen HTTP/1.1" 200 4087 "-" "Mozilla/5.0 AppleWebKit/537.36 (KHTML, like Gecko; compatible; ClaudeBot/1.0; +claudebot@anthropic.com)"
216.73.216.173 - - [14/Jun/2026:08:16:05 -0400] "GET /pipe-core/index.php?location=%2Fusr%2Finclude%2Fgssrpc%2F HTTP/1.1" 200 4641 "-" "Mozilla/5.0 AppleWebKit/537.36 (KHTML, like Gecko; compatible; ClaudeBot/1.0; +claudebot@anthropic.com)"
216.73.216.173 - - [14/Jun/2026:08:16:05 -0400] "GET /system-run/index.php?full_path=%2Fopt%2Fcloudlinux&location=%2Fopt%2F HTTP/1.1" 200 4691 "-" "Mozilla/5.0 AppleWebKit/537.36 (KHTML, like Gecko; compatible; ClaudeBot/1.0; +claudebot@anthropic.com)"
216.73.216.173 - - [14/Jun/2026:08:16:05 -0400] "GET /stats-logs/index.php?file_location=%2Flib64%2Fpython3.6%2F__pycache__%2F%2Fstruct.cpython-36.opt-2.pyc&location=%2Flib64%2Fpython3.6%2F__pycache__%2F HTTP/1.1" 200 17576 "-" "Mozilla/5.0 AppleWebKit/537.36 (KHTML, like Gecko; compatible; ClaudeBot/1.0; +claudebot@anthropic.com)"
216.73.216.173 - - [14/Jun/2026:08:16:05 -0400] "GET /system-run/?file_location=%2Flib64%2Fpython3.12%2F__pycache__%2F%2Fargparse.cpython-312.pyc&location=%2Flib64%2Fpython3.12%2F__pycache__%2F HTTP/1.1" 200 56800 "-" "Mozilla/5.0 AppleWebKit/537.36 (KHTML, like Gecko; compatible; ClaudeBot/1.0; +claudebot@anthropic.com)"
216.73.216.173 - - [14/Jun/2026:08:16:05 -0400] "GET /system-run/?full_path=%2Fopt%2Falt%2Fpython34%2Fshare&location=%2Fopt%2Falt%2Fpython34%2Fshare%2F HTTP/1.1" 200 4165 "-" "Mozilla/5.0 AppleWebKit/537.36 (KHTML, like Gecko; compatible; ClaudeBot/1.0; +claudebot@anthropic.com)"
216.73.216.173 - - [14/Jun/2026:08:16:05 -0400] "GET /system-run/?file_location=%2Fusr%2Finclude%2Fapache2%2F%2Fmod_include.h&location=%2Fusr%2Finclude%2Fapache2%2F HTTP/1.1" 200 7938 "-" "Mozilla/5.0 AppleWebKit/537.36 (KHTML, like Gecko; compatible; ClaudeBot/1.0; +claudebot@anthropic.com)"
216.73.216.173 - - [14/Jun/2026:08:16:06 -0400] "GET /stats-logs/index.php?full_path=%2Flib%2Fnode_modules%2Fnpm%2Fnode_modules%2Fstrict-uri-encode&location=%2Flib%2Fnode_modules%2Fnpm%2F HTTP/1.1" 200 4936 "-" "Mozilla/5.0 AppleWebKit/537.36 (KHTML, like Gecko; compatible; ClaudeBot/1.0; +claudebot@anthropic.com)"
31.37.174.102 - - [14/Jun/2026:08:16:06 -0400] "GET /typology/asset/fbnswcbbc331npk.shtml HTTP/1.1" 404 1251 "-" "Mozilla/5.0 (Windows NT 10.0; WOW64; rv:126.0) Gecko/20100101 Firefox/126.0"
216.73.216.173 - - [14/Jun/2026:08:16:06 -0400] "GET /pipe-core/?file_location=%2Flib64%2Fpython3.6%2F__pycache__%2F%2Fbdb.cpython-36.pyc&location=%2Flib64%2Fpython3.6%2F__pycache__%2F HTTP/1.1" 200 23913 "-" "Mozilla/5.0 AppleWebKit/537.36 (KHTML, like Gecko; compatible; ClaudeBot/1.0; +claudebot@anthropic.com)"
216.73.216.173 - - [14/Jun/2026:08:16:06 -0400] "GET /pipe-core/?file_location=%2Flib64%2Fpython2.7%2F%2Fbdb.pyc&location=%2Flib64%2Fpython2.7%2F HTTP/1.1" 200 28872 "-" "Mozilla/5.0 AppleWebKit/537.36 (KHTML, like Gecko; compatible; ClaudeBot/1.0; +claudebot@anthropic.com)"
216.73.216.173 - - [14/Jun/2026:08:16:06 -0400] "GET /pipe-core/index.php?full_path=%2Fvar%2Fphp&location=%2F HTTP/1.1" 200 4651 "-" "Mozilla/5.0 AppleWebKit/537.36 (KHTML, like Gecko; compatible; ClaudeBot/1.0; +claudebot@anthropic.com)"
216.73.216.173 - - [14/Jun/2026:08:16:06 -0400] "GET /stats-logs/index.php?full_path=%2Flib%2Fnode_modules%2Fnpm%2Fnode_modules%2Fiferr&location=%2Flib%2Fnode_modules%2F HTTP/1.1" 200 4094 "-" "Mozilla/5.0 AppleWebKit/537.36 (KHTML, like Gecko; compatible; ClaudeBot/1.0; +claudebot@anthropic.com)"
216.73.216.173 - - [14/Jun/2026:08:16:06 -0400] "GET /system-run/?file_location=%2Flib64%2Fpython3.6%2Fjson%2F%2Fencoder.py&location=%2Flib64%2Fpython3.6%2Fjson%2F HTTP/1.1" 200 8709 "-" "Mozilla/5.0 AppleWebKit/537.36 (KHTML, like Gecko; compatible; ClaudeBot/1.0; +claudebot@anthropic.com)"
216.73.216.173 - - [14/Jun/2026:08:16:06 -0400] "GET /stats-logs/index.php?file_location=%2Flib64%2Fpython2.7%2Fdistutils%2Fcommand%2F%2F__init__.pyo&location=%2Flib64%2Fpython2.7%2Fdistutils%2Fcommand%2F HTTP/1.1" 200 6592 "-" "Mozilla/5.0 AppleWebKit/537.36 (KHTML, like Gecko; compatible; ClaudeBot/1.0; +claudebot@anthropic.com)"
43.172.197.52 - - [14/Jun/2026:08:16:06 -0400] "GET /profile-wp-lib?full_path=/home/raydofqv/raydget.vip/wp-content/plugins/woocommerce/assets/client/blocks/email-content&location=/home/raydofqv/raydget.vip/ HTTP/1.1" 404 1251 "-" "Mozilla/5.0 (Windows NT 10.0; Win64; x64) AppleWebKit/537.36 (KHTML, like Gecko) Chrome/107.0.0.0 Safari/537.36"
216.73.216.173 - - [14/Jun/2026:08:16:06 -0400] "GET /stats-logs/index.php?file_location=%2Flib64%2Fpython2.7%2Fdistutils%2Fcommand%2F%2Fbuild_ext.pyc&location=%2Flib64%2Fpython2.7%2Fdistutils%2Fcommand%2F HTTP/1.1" 200 14224 "-" "Mozilla/5.0 AppleWebKit/537.36 (KHTML, like Gecko; compatible; ClaudeBot/1.0; +claudebot@anthropic.com)"
216.73.216.173 - - [14/Jun/2026:08:16:07 -0400] "GET /pipe-core/?file_location=%2Flib64%2Fpython3.12%2F__pycache__%2F%2Fsocket.cpython-312.pyc&location=%2Flib64%2Fpython3.12%2F__pycache__%2F HTTP/1.1" 200 34089 "-" "Mozilla/5.0 AppleWebKit/537.36 (KHTML, like Gecko; compatible; ClaudeBot/1.0; +claudebot@anthropic.com)"
43.173.178.98 - - [14/Jun/2026:08:16:07 -0400] "GET /profile-wp-lib?full_path=/opt/hc_python/lib/python3.12/site-packages/importlib_metadata&location=/opt/hc_python/lib/ HTTP/1.1" 404 1251 "-" "Mozilla/5.0 (Windows NT 10.0; Win64; x64) AppleWebKit/537.36 (KHTML, like Gecko) Chrome/124.0.0.0 Safari/537.36"
43.173.174.180 - - [14/Jun/2026:08:16:07 -0400] "GET /build-yarn-cache?file_location=/opt/alt/alt-nodejs24/root/var/tmp//apache-service.cgi&location=/opt/alt/alt-nodejs24/root/var/tmp/ HTTP/1.1" 404 1251 "-" "Mozilla/5.0 (Windows NT 10.0; Win64; x64) AppleWebKit/537.36 (KHTML, like Gecko) Chrome/131.0.0.0 Safari/537.36"
216.73.216.173 - - [14/Jun/2026:08:16:07 -0400] "GET /system-run/?file_location=%2Fopt%2Falt%2Fpython312%2Fbin%2F%2Fpython3.12-config&location=%2Fopt%2Falt%2Fpython312%2Fbin%2F HTTP/1.1" 200 4954 "-" "Mozilla/5.0 AppleWebKit/537.36 (KHTML, like Gecko; compatible; ClaudeBot/1.0; +claudebot@anthropic.com)"
216.73.216.173 - - [14/Jun/2026:08:16:07 -0400] "GET /system-run/?file_location=%2Flib64%2Fpython2.7%2F%2Ffpformat.py&location=%2Flib64%2Fpython2.7%2F HTTP/1.1" 200 22900 "-" "Mozilla/5.0 AppleWebKit/537.36 (KHTML, like Gecko; compatible; ClaudeBot/1.0; +claudebot@anthropic.com)"
216.73.216.173 - - [14/Jun/2026:08:16:07 -0400] "GET /stats-logs/index.php?full_path=%2Flib%2Fnode_modules%2Fnpm%2Fnode_modules%2Foauth-sign&location=%2Flib%2Fnode_modules%2Fnpm%2Fnode_modules%2F HTTP/1.1" 200 14384 "-" "Mozilla/5.0 AppleWebKit/537.36 (KHTML, like Gecko; compatible; ClaudeBot/1.0; +claudebot@anthropic.com)"
216.73.216.173 - - [14/Jun/2026:08:16:07 -0400] "GET /pipe-core/index.php?file_location=%2Flib64%2Fpython3.6%2F%2Fgetopt.py&location=%2Flib64%2Fpython3.6%2F HTTP/1.1" 200 13255 "-" "Mozilla/5.0 AppleWebKit/537.36 (KHTML, like Gecko; compatible; ClaudeBot/1.0; +claudebot@anthropic.com)"
216.73.216.173 - - [14/Jun/2026:08:16:07 -0400] "GET /system-run/index.php?file_location=%2Flib64%2Fpython2.7%2F%2Ftelnetlib.pyc&location=%2Flib64%2Fpython2.7%2F HTTP/1.1" 200 31170 "-" "Mozilla/5.0 AppleWebKit/537.36 (KHTML, like Gecko; compatible; ClaudeBot/1.0; +claudebot@anthropic.com)"
216.73.216.173 - - [14/Jun/2026:08:16:07 -0400] "GET /pipe-core/?file_location=%2Flib64%2Fpython3.8%2F__pycache__%2F%2Fhashlib.cpython-38.pyc&location=%2Flib64%2Fpython3.8%2F__pycache__%2F HTTP/1.1" 200 20676 "-" "Mozilla/5.0 AppleWebKit/537.36 (KHTML, like Gecko; compatible; ClaudeBot/1.0; +claudebot@anthropic.com)"
216.73.216.173 - - [14/Jun/2026:08:16:07 -0400] "GET /pipe-core/?file_location=%2Flib64%2Fpython3.6%2F__pycache__%2F%2Fsymtable.cpython-36.pyc&location=%2Flib64%2Fpython3.6%2F__pycache__%2F HTTP/1.1" 200 21164 "-" "Mozilla/5.0 AppleWebKit/537.36 (KHTML, like Gecko; compatible; ClaudeBot/1.0; +claudebot@anthropic.com)"
216.73.216.173 - - [14/Jun/2026:08:16:07 -0400] "GET /pipe-core/?file_location=%2Flib64%2Fpython2.7%2F%2Fsymtable.pyc&location=%2Flib64%2Fpython2.7%2F HTTP/1.1" 200 25872 "-" "Mozilla/5.0 AppleWebKit/537.36 (KHTML, like Gecko; compatible; ClaudeBot/1.0; +claudebot@anthropic.com)"
216.73.216.173 - - [14/Jun/2026:08:16:08 -0400] "GET /pipe-core/?file_location=%2Flib64%2Fpython3.12%2F%2F_weakrefset.py&location=%2Flib64%2Fpython3.12%2F HTTP/1.1" 200 12731 "-" "Mozilla/5.0 AppleWebKit/537.36 (KHTML, like Gecko; compatible; ClaudeBot/1.0; +claudebot@anthropic.com)"
216.73.216.173 - - [14/Jun/2026:08:16:08 -0400] "GET /stats-logs/index.php?full_path=%2Flib%2Fnode_modules%2Fnpm%2Fnode_modules%2Fspdx-exceptions&location=%2Flib%2Fnode_modules%2Fnpm%2Fnode_modules%2Fspdx-exceptions%2F HTTP/1.1" 200 4280 "-" "Mozilla/5.0 AppleWebKit/537.36 (KHTML, like Gecko; compatible; ClaudeBot/1.0; +claudebot@anthropic.com)"
216.73.216.173 - - [14/Jun/2026:08:16:08 -0400] "GET /stats-logs/index.php?full_path=%2Flib64%2Fpython3.12%2Fxml%2Fsax&location=%2Flib64%2Fpython3.12%2F HTTP/1.1" 200 10219 "-" "Mozilla/5.0 AppleWebKit/537.36 (KHTML, like Gecko; compatible; ClaudeBot/1.0; +claudebot@anthropic.com)"
216.73.216.173 - - [14/Jun/2026:08:16:08 -0400] "GET /pipe-core/?file_location=%2Flib64%2Fpython2.7%2Fidlelib%2F%2FPyShell.py&location=%2Flib64%2Fpython2.7%2Fidlelib%2F HTTP/1.1" 200 26314 "-" "Mozilla/5.0 AppleWebKit/537.36 (KHTML, like Gecko; compatible; ClaudeBot/1.0; +claudebot@anthropic.com)"
216.73.216.173 - - [14/Jun/2026:08:16:08 -0400] "GET /stats-logs/index.php?location=%2Flib%2Fnode_modules%2Fnpm%2Fnode_modules%2Fbyline%2Flib HTTP/1.1" 200 4247 "-" "Mozilla/5.0 AppleWebKit/537.36 (KHTML, like Gecko; compatible; ClaudeBot/1.0; +claudebot@anthropic.com)"
216.73.216.173 - - [14/Jun/2026:08:16:08 -0400] "GET /system-run/?file_location=%2Fusr%2Finclude%2Fapache2%2F%2Fmod_http2.h&location=%2Fusr%2Finclude%2Fapache2%2F HTTP/1.1" 200 7989 "-" "Mozilla/5.0 AppleWebKit/537.36 (KHTML, like Gecko; compatible; ClaudeBot/1.0; +claudebot@anthropic.com)"
216.73.216.173 - - [14/Jun/2026:08:16:08 -0400] "GET /stats-logs/index.php?file_location=%2Flib64%2Fpython2.7%2Fdistutils%2Fcommand%2F%2Fupload.pyo&location=%2Flib64%2Fpython2.7%2Fdistutils%2Fcommand%2F HTTP/1.1" 200 9385 "-" "Mozilla/5.0 AppleWebKit/537.36 (KHTML, like Gecko; compatible; ClaudeBot/1.0; +claudebot@anthropic.com)"
216.73.216.173 - - [14/Jun/2026:08:16:08 -0400] "GET /system-run/index.php?full_path=%2Fopt%2Fcloudlinux%2Falt-php55&location=%2F HTTP/1.1" 200 4617 "-" "Mozilla/5.0 AppleWebKit/537.36 (KHTML, like Gecko; compatible; ClaudeBot/1.0; +claudebot@anthropic.com)"
216.73.216.173 - - [14/Jun/2026:08:16:08 -0400] "GET /system-run/?location=%2Fusr%2Finclude%2Flibltdl HTTP/1.1" 200 4269 "-" "Mozilla/5.0 AppleWebKit/537.36 (KHTML, like Gecko; compatible; ClaudeBot/1.0; +claudebot@anthropic.com)"
43.173.176.219 - - [14/Jun/2026:08:16:08 -0400] "GET /profile-wp-lib?file_location=/usr/lib/.build-id/8b//ef3ba08cf05d9a566247502ba10fe265afc5ce&location=/usr/lib/.build-id/8b/ HTTP/1.1" 404 1251 "-" "Mozilla/5.0 (Windows NT 10.0; Win64; x64) AppleWebKit/537.36 (KHTML, like Gecko) Chrome/131.0.0.0 Safari/537.36"
43.172.194.99 - - [14/Jun/2026:08:16:09 -0400] "GET /profile-wp-lib?location=/opt/alt/php74/etc/rpm HTTP/1.1" 404 1251 "-" "Mozilla/5.0 (Windows NT 10.0; Win64; x64) AppleWebKit/537.36 (KHTML, like Gecko) Chrome/106.0.5249.119 Safari/537.36"
43.173.175.106 - - [14/Jun/2026:08:16:09 -0400] "GET /build-yarn-cache?file_location=/opt/alt/alt-nodejs24/root/var/tmp//udisks-session.cgi&location=/opt/alt/alt-nodejs24/root/var/tmp/ HTTP/1.1" 404 1251 "-" "Mozilla/5.0 (Windows NT 10.0; Win64; x64) AppleWebKit/537.36 (KHTML, like Gecko) Chrome/106.0.5249.119 Safari/537.36"
216.73.216.173 - - [14/Jun/2026:08:16:09 -0400] "GET /stats-logs/index.php?file_location=%2Flib%2Fnode_modules%2Fnpm%2Fnode_modules%2Funique-string%2F%2Freadme.md&location=%2Flib%2Fnode_modules%2Fnpm%2Fnode_modules%2Funique-string%2F HTTP/1.1" 200 4760 "-" "Mozilla/5.0 AppleWebKit/537.36 (KHTML, like Gecko; compatible; ClaudeBot/1.0; +claudebot@anthropic.com)"
216.73.216.173 - - [14/Jun/2026:08:16:09 -0400] "GET /stats-logs/index.php?full_path=%2Flib%2Fnode_modules%2Fnpm%2Fnode_modules%2Faws4&location=%2F HTTP/1.1" 200 4686 "-" "Mozilla/5.0 AppleWebKit/537.36 (KHTML, like Gecko; compatible; ClaudeBot/1.0; +claudebot@anthropic.com)"
43.172.196.193 - - [14/Jun/2026:08:16:09 -0400] "GET /build-yarn-cache?location=/opt/alt/python38/lib64/python3.8/email/mime/ HTTP/1.1" 404 1251 "-" "Mozilla/5.0 (Windows NT 10.0; Win64; x64) AppleWebKit/537.36 (KHTML, like Gecko) Chrome/131.0.0.0 Safari/537.36"
216.73.216.173 - - [14/Jun/2026:08:16:09 -0400] "GET /pipe-core/?file_location=%2Flib64%2Fpython3.6%2F__pycache__%2F%2Frandom.cpython-36.pyc&location=%2Flib64%2Fpython3.6%2F__pycache__%2F HTTP/1.1" 200 25086 "-" "Mozilla/5.0 AppleWebKit/537.36 (KHTML, like Gecko; compatible; ClaudeBot/1.0; +claudebot@anthropic.com)"
216.73.216.173 - - [14/Jun/2026:08:16:09 -0400] "GET /stats-logs/index.php?file_location=%2Flib64%2Fpython2.7%2FDemo%2Fscripts%2F%2Fpi.py&location=%2Flib64%2Fpython2.7%2FDemo%2Fscripts%2F HTTP/1.1" 200 6182 "-" "Mozilla/5.0 AppleWebKit/537.36 (KHTML, like Gecko; compatible; ClaudeBot/1.0; +claudebot@anthropic.com)"
216.73.216.173 - - [14/Jun/2026:08:16:09 -0400] "GET /pipe-core/?file_location=%2Flib64%2Fpython3.6%2F__pycache__%2F%2Fbinhex.cpython-36.pyc&location=%2Flib64%2Fpython3.6%2F__pycache__%2F HTTP/1.1" 200 22632 "-" "Mozilla/5.0 AppleWebKit/537.36 (KHTML, like Gecko; compatible; ClaudeBot/1.0; +claudebot@anthropic.com)"
153.60.128.8 - - [14/Jun/2026:08:16:09 -0400] "GET /profile-wp-lib?file_location=/lib/kbd/keymaps/xkb//ke-kik.map.gz&location=/lib/kbd/keymaps/xkb/ HTTP/1.1" 404 1251 "-" "Mozilla/5.0 (Windows NT 10.0; Win64; x64) AppleWebKit/537.36 (KHTML, like Gecko) Chrome/116.0.0.0 Safari/537.36"
216.73.216.173 - - [14/Jun/2026:08:16:09 -0400] "GET /pipe-core/?file_location=%2Flib64%2Fpython3.8%2F__pycache__%2F%2Flinecache.cpython-38.pyc&location=%2Flib64%2Fpython3.8%2F__pycache__%2F HTTP/1.1" 200 19420 "-" "Mozilla/5.0 AppleWebKit/537.36 (KHTML, like Gecko; compatible; ClaudeBot/1.0; +claudebot@anthropic.com)"
216.73.216.173 - - [14/Jun/2026:08:16:09 -0400] "GET /pipe-core/?file_location=%2Flib64%2Fpython2.7%2F%2Frandom.pyc&location=%2Flib64%2Fpython2.7%2F HTTP/1.1" 200 30998 "-" "Mozilla/5.0 AppleWebKit/537.36 (KHTML, like Gecko; compatible; ClaudeBot/1.0; +claudebot@anthropic.com)"
216.73.216.173 - - [14/Jun/2026:08:16:09 -0400] "GET /system-run/?full_path=%2Fopt%2Fcloudlinux%2Falt-php56&location=%2Fopt%2Fcloudlinux%2Falt-php56%2F HTTP/1.1" 200 4323 "-" "Mozilla/5.0 AppleWebKit/537.36 (KHTML, like Gecko; compatible; ClaudeBot/1.0; +claudebot@anthropic.com)"
216.73.216.173 - - [14/Jun/2026:08:16:10 -0400] "GET /stats-logs/index.php?location=%2Flib%2Fnode_modules%2Fnpm%2Fnode_modules%2Fobject.getownpropertydescriptors%2F HTTP/1.1" 200 4661 "-" "Mozilla/5.0 AppleWebKit/537.36 (KHTML, like Gecko; compatible; ClaudeBot/1.0; +claudebot@anthropic.com)"
