114.119.151.219 - - [13/Jun/2026:23:08:22 -0400] "GET /product-category/%D0%BD%D0%BE%D1%83%D1%82%D0%B1%D1%83%D0%BA%D0%B8/%D0%BA%D0%BE%D0%BC%D0%BF%D0%BB%D0%B5%D0%BA%D1%82%D1%83%D1%8E%D1%89%D0%B8%D0%B5-%D0%B4%D0%BB%D1%8F-%D0%BD%D0%BE%D1%83%D1%82%D0%B1%D1%83%D0%BA%D0%B0 HTTP/1.1" 404 1251 "https://raydget.vip/product-category/%D0%BD%D0%BE%D1%83%D1%82%D0%B1%D1%83%D0%BA%D0%B8/%D0%BA%D0%BE%D0%BC%D0%BF%D0%BB%D0%B5%D0%BA%D1%82%D1%83%D1%8E%D1%89%D0%B8%D0%B5-%D0%B4%D0%BB%D1%8F-%D0%BD%D0%BE%D1%83%D1%82%D0%B1%D1%83%D0%BA%D0%B0" "Mozilla/5.0 (Linux; Android 7.0;) AppleWebKit/537.36 (HTML, like Gecko) Mobile Safari/537.36 (compatible; PetalBot;+https://webmaster.petalsearch.com/site/petalbot)"
192.0.91.228 - - [13/Jun/2026:23:08:53 -0400] "HEAD / HTTP/1.1" 200 0 "-" "jetmon/1.0 (Jetpack Site Uptime Monitor by WordPress.com)"
51.89.39.37 - - [13/Jun/2026:23:13:35 -0400] "GET /wp-content/plugins/updraftplus/index.html HTTP/1.1" 404 1251 "-" "Mozilla/5.0 (Macintosh; Intel Mac OS X 10.15; rv:150.0) Gecko/20100101 Firefox/150.0"
192.0.91.228 - - [13/Jun/2026:23:13:52 -0400] "HEAD / HTTP/1.1" 200 0 "-" "jetmon/1.0 (Jetpack Site Uptime Monitor by WordPress.com)"
51.89.39.37 - - [13/Jun/2026:23:13:55 -0400] "GET /blog-verify HTTP/1.1" 404 1251 "-" "Mozilla/5.0 (Windows NT 10.0; Win64; x64; rv:150.0) Gecko/20100101 Firefox/150.0"
66.249.74.15 - - [13/Jun/2026:23:14:49 -0400] "GET /items/fashion/R82432257 HTTP/1.1" 404 1251 "-" "Mozilla/5.0 (Linux; Android 6.0.1; Nexus 5X Build/MMB29P) AppleWebKit/537.36 (KHTML, like Gecko) Chrome/149.0.7827.114 Mobile Safari/537.36 (compatible; Googlebot/2.1; +http://www.google.com/bot.html)"
66.249.74.15 - - [13/Jun/2026:23:14:50 -0400] "GET /items/cheap/R8265857 HTTP/1.1" 404 1251 "-" "Mozilla/5.0 (Linux; Android 6.0.1; Nexus 5X Build/MMB29P) AppleWebKit/537.36 (KHTML, like Gecko) Chrome/149.0.7827.114 Mobile Safari/537.36 (compatible; Googlebot/2.1; +http://www.google.com/bot.html)"
66.249.74.15 - - [13/Jun/2026:23:14:51 -0400] "GET /items/clearance/R82181953 HTTP/1.1" 404 1251 "-" "Mozilla/5.0 (Linux; Android 6.0.1; Nexus 5X Build/MMB29P) AppleWebKit/537.36 (KHTML, like Gecko) Chrome/149.0.7827.114 Mobile Safari/537.36 (compatible; Googlebot/2.1; +http://www.google.com/bot.html)"
66.249.74.13 - - [13/Jun/2026:23:14:53 -0400] "GET /items/shop/R82437633 HTTP/1.1" 404 1251 "-" "Mozilla/5.0 (Linux; Android 6.0.1; Nexus 5X Build/MMB29P) AppleWebKit/537.36 (KHTML, like Gecko) Chrome/149.0.7827.114 Mobile Safari/537.36 (compatible; Googlebot/2.1; +http://www.google.com/bot.html)"
66.249.73.231 - - [13/Jun/2026:23:15:13 -0400] "GET /view/item/price/F7062120 HTTP/1.1" 404 1251 "-" "Mozilla/5.0 (compatible; Googlebot/2.1; +http://www.google.com/bot.html)"
192.0.91.228 - - [13/Jun/2026:23:18:52 -0400] "HEAD / HTTP/1.1" 200 0 "-" "jetmon/1.0 (Jetpack Site Uptime Monitor by WordPress.com)"
192.0.91.228 - - [13/Jun/2026:23:23:55 -0400] "HEAD / HTTP/1.1" 200 0 "-" "jetmon/1.0 (Jetpack Site Uptime Monitor by WordPress.com)"
62.234.106.199 - - [13/Jun/2026:23:26:44 -0400] "GET /products/minipcnuc11/ HTTP/1.1" 404 1251 "https://raydget.vip/products/minipcnuc11/" "Mozilla/5.0 (Macintosh; Intel Mac OS X 10_15_7) AppleWebKit/537.36 (KHTML, like Gecko) Chrome/123.0.0.0 Safari/537.36"
66.249.74.14 - - [13/Jun/2026:23:27:40 -0400] "GET /items/latest/R82470063 HTTP/1.1" 404 1251 "-" "Mozilla/5.0 (compatible; Googlebot/2.1; +http://www.google.com/bot.html)"
192.0.91.228 - - [13/Jun/2026:23:28:53 -0400] "HEAD / HTTP/1.1" 200 0 "-" "jetmon/1.0 (Jetpack Site Uptime Monitor by WordPress.com)"
170.106.113.159 - - [13/Jun/2026:23:28:58 -0400] "GET / HTTP/1.1" 200 4168 "http://www.raydget.vip" "Mozilla/5.0 (iPhone; CPU iPhone OS 13_2_3 like Mac OS X) AppleWebKit/605.1.15 (KHTML, like Gecko) Version/13.0.3 Mobile/15E148 Safari/604.1"
185.176.8.77 - mis [13/Jun/2026:23:30:19 -0400] "GET /wp-json/wp/v2/users/me HTTP/1.1" 404 1251 "-" "Mozilla/5.0 (X11; Linux x86_64) AppleWebKit/537.36 (KHTML, like Gecko) Chrome/133.0.0.0 Safari/537.36 Edg/133.0.0.0"
66.249.73.231 - - [13/Jun/2026:23:32:51 -0400] "GET /view/item/popular/F7076515 HTTP/1.1" 404 1251 "-" "Mozilla/5.0 (compatible; Googlebot/2.1; +http://www.google.com/bot.html)"
192.0.91.228 - - [13/Jun/2026:23:33:50 -0400] "HEAD / HTTP/1.1" 200 0 "-" "jetmon/1.0 (Jetpack Site Uptime Monitor by WordPress.com)"
66.249.74.15 - - [13/Jun/2026:23:35:58 -0400] "GET /items/comfortable/R82184481 HTTP/1.1" 404 1251 "-" "Mozilla/5.0 (Linux; Android 6.0.1; Nexus 5X Build/MMB29P) AppleWebKit/537.36 (KHTML, like Gecko) Chrome/149.0.7827.114 Mobile Safari/537.36 (compatible; Googlebot/2.1; +http://www.google.com/bot.html)"
192.0.91.228 - - [13/Jun/2026:23:38:44 -0400] "HEAD / HTTP/1.1" 200 0 "-" "jetmon/1.0 (Jetpack Site Uptime Monitor by WordPress.com)"
66.249.73.232 - - [13/Jun/2026:23:38:46 -0400] "GET /view/item/authentic/F70366280 HTTP/1.1" 404 1251 "-" "Mozilla/5.0 (Linux; Android 6.0.1; Nexus 5X Build/MMB29P) AppleWebKit/537.36 (KHTML, like Gecko) Chrome/148.0.7778.96 Mobile Safari/537.36 (compatible; Googlebot/2.1; +http://www.google.com/bot.html)"
66.249.73.230 - - [13/Jun/2026:23:38:49 -0400] "GET /view/item/best/F7085938 HTTP/1.1" 404 1251 "-" "Mozilla/5.0 (compatible; Googlebot/2.1; +http://www.google.com/bot.html)"
85.121.120.115 - - [13/Jun/2026:23:40:41 -0400] "GET / HTTP/1.1" 200 4168 "-" "Mozilla/5.0 (iPhone; CPU iPhone OS 18_4 like Mac OS X) AppleWebKit/605.1.15 (KHTML, like Gecko) Version/18.4 Mobile/15E148 Safari/604.1"
85.121.120.115 - - [13/Jun/2026:23:40:49 -0400] "GET / HTTP/1.1" 200 4168 "http://raydget.vip" "Mozilla/5.0 (Linux; Android 15; Pixel 9 Pro) AppleWebKit/537.36 (KHTML, like Gecko) Chrome/149.0.0.0 Mobile Safari/537.36"
85.121.120.115 - - [13/Jun/2026:23:40:55 -0400] "GET /google-services.json HTTP/1.1" 404 1251 "http://raydget.vip/google-services.json" "CCBot/2.0 (https://commoncrawl.org/faq/)"
85.121.120.115 - - [13/Jun/2026:23:40:59 -0400] "GET /secrets.json HTTP/1.1" 404 1251 "http://raydget.vip/secrets.json" "Mozilla/5.0 (compatible; Claude-Web/1.0; +https://www.anthropic.com)"
85.121.120.115 - - [13/Jun/2026:23:40:59 -0400] "GET /secrets.yml HTTP/1.1" 404 1251 "http://raydget.vip/secrets.yml" "Mozilla/5.0 (compatible; Google-Extended/1.0; +http://www.google.com/bot.html)"
85.121.120.115 - - [13/Jun/2026:23:40:59 -0400] "GET /robots.txt HTTP/1.1" 404 1251 "http://raydget.vip/robots.txt" "Mozilla/5.0 (compatible; Google-Extended/1.0; +http://www.google.com/bot.html)"
85.121.120.115 - - [13/Jun/2026:23:40:59 -0400] "GET /application.yml HTTP/1.1" 404 1251 "http://raydget.vip/application.yml" "Mozilla/5.0 (compatible; Bytespider; spider-feedback@bytedance.com)"
85.121.120.115 - - [13/Jun/2026:23:40:59 -0400] "GET /.aws/credentials HTTP/1.1" 404 1251 "http://raydget.vip/.aws/credentials" "Mozilla/5.0 (compatible; Googlebot/2.1; +http://www.google.com/bot.html)"
66.249.73.231 - - [13/Jun/2026:23:41:03 -0400] "GET /view/item/releases/F70345980 HTTP/1.1" 404 1251 "-" "Mozilla/5.0 (Linux; Android 6.0.1; Nexus 5X Build/MMB29P) AppleWebKit/537.36 (KHTML, like Gecko) Chrome/148.0.7778.96 Mobile Safari/537.36 (compatible; Googlebot/2.1; +http://www.google.com/bot.html)"
85.121.120.115 - - [13/Jun/2026:23:41:04 -0400] "GET /.env.example HTTP/1.1" 404 1251 "http://raydget.vip/.env.example" "CCBot/2.0 (https://commoncrawl.org/faq/)"
85.121.120.115 - - [13/Jun/2026:23:41:06 -0400] "GET /.env HTTP/1.1" 404 1251 "http://raydget.vip/.env" "Mozilla/5.0 (compatible; Applebot/0.1; +http://www.apple.com/go/applebot)"
85.121.120.115 - - [13/Jun/2026:23:41:06 -0400] "GET /admin/.env HTTP/1.1" 404 1251 "http://raydget.vip/admin/.env" "Mozilla/5.0 (compatible; Claude-Web/1.0; +https://www.anthropic.com)"
85.121.120.115 - - [13/Jun/2026:23:41:06 -0400] "GET /backend/.env HTTP/1.1" 404 1251 "http://raydget.vip/backend/.env" "meta-externalagent/1.1 (+https://developers.facebook.com/docs/sharing/webmasters/crawler)"
85.121.120.115 - - [13/Jun/2026:23:41:09 -0400] "GET /api/.env HTTP/1.1" 404 1251 "http://raydget.vip/api/.env" "Mozilla/5.0 AppleWebKit/537.36 (KHTML, like Gecko); compatible; Perplexity-User/1.0; +https://perplexity.ai/perplexity-user"
85.121.120.115 - - [13/Jun/2026:23:41:09 -0400] "GET /app/.env HTTP/1.1" 404 1251 "http://raydget.vip/app/.env" "Mozilla/5.0 (compatible; Amazonbot/0.1; +https://developer.amazon.com/support/amazonbot)"
85.121.120.115 - - [13/Jun/2026:23:41:09 -0400] "GET /application.properties HTTP/1.1" 404 1251 "http://raydget.vip/application.properties" "Mozilla/5.0 (compatible; Claude-Web/1.0; +https://www.anthropic.com)"
85.121.120.115 - - [13/Jun/2026:23:41:12 -0400] "GET /.env.local HTTP/1.1" 404 1251 "http://raydget.vip/.env.local" "Mozilla/5.0 (compatible; cohere-ai/1.0; +https://cohere.com)"
85.121.120.115 - - [13/Jun/2026:23:41:12 -0400] "GET /.env.backup HTTP/1.1" 404 1251 "http://raydget.vip/.env.backup" "Mozilla/5.0 AppleWebKit/537.36 (KHTML, like Gecko); compatible; ChatGPT-User/1.0; +https://openai.com/bot"
85.121.120.115 - - [13/Jun/2026:23:41:12 -0400] "GET /.env.bak HTTP/1.1" 404 1251 "http://raydget.vip/.env.bak" "meta-externalagent/1.1 (+https://developers.facebook.com/docs/sharing/webmasters/crawler)"
85.121.120.115 - - [13/Jun/2026:23:41:14 -0400] "GET /.env.production HTTP/1.1" 404 1251 "http://raydget.vip/.env.production" "CCBot/2.0 (https://commoncrawl.org/faq/)"
85.121.120.115 - - [13/Jun/2026:23:41:15 -0400] "GET /sitemap.xml HTTP/1.1" 404 1251 "http://raydget.vip/sitemap.xml" "meta-externalagent/1.1 (+https://developers.facebook.com/docs/sharing/webmasters/crawler)"
85.121.120.115 - - [13/Jun/2026:23:41:21 -0400] "GET /build/manifest.json HTTP/1.1" 404 1251 "http://raydget.vip/build/manifest.json" "Mozilla/5.0 (compatible; Amazonbot/0.1; +https://developer.amazon.com/support/amazonbot)"
85.121.120.115 - - [13/Jun/2026:23:41:25 -0400] "GET /loadable-stats.json HTTP/1.1" 404 1251 "http://raydget.vip/loadable-stats.json" "Mozilla/5.0 (compatible; Bytespider; spider-feedback@bytedance.com)"
85.121.120.115 - - [13/Jun/2026:23:41:26 -0400] "GET /stats.json HTTP/1.1" 404 1251 "http://raydget.vip/stats.json" "Mozilla/5.0 (compatible; cohere-ai/1.0; +https://cohere.com)"
85.121.120.115 - - [13/Jun/2026:23:41:29 -0400] "GET /.next/required-server-files.json HTTP/1.1" 404 1251 "http://raydget.vip/.next/required-server-files.json" "Mozilla/5.0 AppleWebKit/537.36 (KHTML, like Gecko); compatible; OAI-SearchBot/1.0; +https://openai.com/searchbot"
85.121.120.115 - - [13/Jun/2026:23:41:30 -0400] "GET /asset-manifest.json HTTP/1.1" 404 1251 "http://raydget.vip/asset-manifest.json" "CCBot/2.0 (https://commoncrawl.org/faq/)"
85.121.120.115 - - [13/Jun/2026:23:41:30 -0400] "GET /api/config HTTP/1.1" 404 1251 "http://raydget.vip/api/config" "Mozilla/5.0 AppleWebKit/537.36 (KHTML, like Gecko); compatible; PerplexityBot/1.0; +https://perplexity.ai/perplexitybot"
85.121.120.115 - - [13/Jun/2026:23:41:31 -0400] "GET /config.json HTTP/1.1" 404 1251 "http://raydget.vip/config.json" "Mozilla/5.0 AppleWebKit/537.36 (KHTML, like Gecko); compatible; ClaudeBot/1.0; +mailto:support@anthropic.com"
85.121.120.115 - - [13/Jun/2026:23:41:32 -0400] "GET /settings.json HTTP/1.1" 404 1251 "http://raydget.vip/settings.json" "Mozilla/5.0 AppleWebKit/537.36 (KHTML, like Gecko); compatible; OAI-SearchBot/1.0; +https://openai.com/searchbot"
85.121.120.115 - - [13/Jun/2026:23:41:33 -0400] "GET /.vite/manifest.json HTTP/1.1" 404 1251 "http://raydget.vip/.vite/manifest.json" "Mozilla/5.0 (compatible; Claude-Web/1.0; +https://www.anthropic.com)"
85.121.120.115 - - [13/Jun/2026:23:41:33 -0400] "GET /openapi.json HTTP/1.1" 404 1251 "http://raydget.vip/openapi.json" "Mozilla/5.0 (compatible; Bytespider; spider-feedback@bytedance.com)"
85.121.120.115 - - [13/Jun/2026:23:41:33 -0400] "GET /config.js HTTP/1.1" 404 1251 "http://raydget.vip/config.js" "Mozilla/5.0 AppleWebKit/537.36 (KHTML, like Gecko); compatible; ChatGPT-User/1.0; +https://openai.com/bot"
85.121.120.115 - - [13/Jun/2026:23:41:34 -0400] "GET /api/settings HTTP/1.1" 404 1251 "http://raydget.vip/api/settings" "Mozilla/5.0 AppleWebKit/537.36 (KHTML, like Gecko); compatible; PerplexityBot/1.0; +https://perplexity.ai/perplexitybot"
85.121.120.115 - - [13/Jun/2026:23:41:40 -0400] "GET /api/v1/env HTTP/1.1" 404 1251 "http://raydget.vip/api/v1/env" "Mozilla/5.0 AppleWebKit/537.36 (KHTML, like Gecko); compatible; ClaudeBot/1.0; +mailto:support@anthropic.com"
66.249.74.13 - - [13/Jun/2026:23:42:24 -0400] "GET /items/for/R82333281 HTTP/1.1" 404 1251 "-" "Mozilla/5.0 (Linux; Android 6.0.1; Nexus 5X Build/MMB29P) AppleWebKit/537.36 (KHTML, like Gecko) Chrome/148.0.7778.96 Mobile Safari/537.36 (compatible; Googlebot/2.1; +http://www.google.com/bot.html)"
103.19.136.6 - - [13/Jun/2026:23:43:00 -0400] "GET /wp-login.php HTTP/1.1" 404 1251 "-" "Mozilla/5.0 (Macintosh; Intel Mac OS X 10_15_7) AppleWebKit/537.36 (KHTML, like Gecko) Chrome/133.0.0.0 Safari/537.36"
192.0.91.228 - - [13/Jun/2026:23:43:46 -0400] "HEAD / HTTP/1.1" 200 0 "-" "jetmon/1.0 (Jetpack Site Uptime Monitor by WordPress.com)"
66.249.73.230 - - [13/Jun/2026:23:44:24 -0400] "GET /view/item/on/F70206995 HTTP/1.1" 404 1251 "-" "Mozilla/5.0 (Linux; Android 6.0.1; Nexus 5X Build/MMB29P) AppleWebKit/537.36 (KHTML, like Gecko) Chrome/148.0.7778.96 Mobile Safari/537.36 (compatible; Googlebot/2.1; +http://www.google.com/bot.html)"
114.49.21.208 - - [13/Jun/2026:23:45:10 -0400] "GET /items/releases/R82465153 HTTP/1.1" 404 1251 "https://www.google.com/url?q=https://www.raydget.vip/items/releases/R82465153&sa=U&sqi=2&ved=2ahUKEwjiptWy6IWVAxXIsVYBHYRsOMEQFnoECF8QAQ&usg=AOvVaw3N9CMPTVi4tNzrpbHPZZw4" "Mozilla/5.0 (iPhone; CPU iPhone OS 18_7_8 like Mac OS X) AppleWebKit/605.1.15 (KHTML, like Gecko) GSA/374.0.773146746 Mobile/15E148 Safari/604.1"
66.249.73.230 - - [13/Jun/2026:23:46:11 -0400] "GET /view/item/discount/F70184501 HTTP/1.1" 404 1251 "-" "Mozilla/5.0 (compatible; Googlebot/2.1; +http://www.google.com/bot.html)"
66.249.73.231 - - [13/Jun/2026:23:46:36 -0400] "GET /view/item/authentic/F70436171 HTTP/1.1" 404 1251 "-" "Mozilla/5.0 (compatible; Googlebot/2.1; +http://www.google.com/bot.html)"
192.0.91.228 - - [13/Jun/2026:23:48:53 -0400] "HEAD / HTTP/1.1" 200 0 "-" "jetmon/1.0 (Jetpack Site Uptime Monitor by WordPress.com)"
66.249.73.230 - - [13/Jun/2026:23:53:05 -0400] "GET /view/item/cheap/F70101814 HTTP/1.1" 404 1251 "-" "Mozilla/5.0 (Linux; Android 6.0.1; Nexus 5X Build/MMB29P) AppleWebKit/537.36 (KHTML, like Gecko) Chrome/148.0.7778.96 Mobile Safari/537.36 (compatible; Googlebot/2.1; +http://www.google.com/bot.html)"
192.0.91.228 - - [13/Jun/2026:23:53:49 -0400] "HEAD / HTTP/1.1" 200 0 "-" "jetmon/1.0 (Jetpack Site Uptime Monitor by WordPress.com)"
66.249.73.231 - - [13/Jun/2026:23:56:13 -0400] "GET /view/item/buy/F7078239 HTTP/1.1" 404 1251 "-" "Mozilla/5.0 (compatible; Googlebot/2.1; +http://www.google.com/bot.html)"
66.249.73.230 - - [13/Jun/2026:23:56:37 -0400] "GET /view/item/jp/F70420400 HTTP/1.1" 404 1251 "-" "Mozilla/5.0 (Linux; Android 6.0.1; Nexus 5X Build/MMB29P) AppleWebKit/537.36 (KHTML, like Gecko) Chrome/148.0.7778.96 Mobile Safari/537.36 (compatible; Googlebot/2.1; +http://www.google.com/bot.html)"
192.0.91.228 - - [13/Jun/2026:23:58:52 -0400] "HEAD / HTTP/1.1" 200 0 "-" "jetmon/1.0 (Jetpack Site Uptime Monitor by WordPress.com)"
192.0.91.228 - - [14/Jun/2026:00:03:51 -0400] "HEAD / HTTP/1.1" 200 0 "-" "jetmon/1.0 (Jetpack Site Uptime Monitor by WordPress.com)"
66.249.74.14 - - [14/Jun/2026:00:06:24 -0400] "GET /items/the/R82198186 HTTP/1.1" 404 1251 "-" "Mozilla/5.0 (Linux; Android 6.0.1; Nexus 5X Build/MMB29P) AppleWebKit/537.36 (KHTML, like Gecko) Chrome/148.0.7778.96 Mobile Safari/537.36 (compatible; Googlebot/2.1; +http://www.google.com/bot.html)"
192.0.91.228 - - [14/Jun/2026:00:08:50 -0400] "HEAD / HTTP/1.1" 200 0 "-" "jetmon/1.0 (Jetpack Site Uptime Monitor by WordPress.com)"
66.249.73.232 - - [14/Jun/2026:00:09:42 -0400] "GET /view/item/for/F7019016 HTTP/1.1" 404 1251 "-" "Mozilla/5.0 (Linux; Android 6.0.1; Nexus 5X Build/MMB29P) AppleWebKit/537.36 (KHTML, like Gecko) Chrome/148.0.7778.96 Mobile Safari/537.36 (compatible; Googlebot/2.1; +http://www.google.com/bot.html)"
66.249.74.13 - - [14/Jun/2026:00:10:51 -0400] "GET /items/discount/R82441216 HTTP/1.1" 404 1251 "-" "Mozilla/5.0 (compatible; Googlebot/2.1; +http://www.google.com/bot.html)"
66.249.74.14 - - [14/Jun/2026:00:11:12 -0400] "GET /items/releases/R8240783 HTTP/1.1" 404 1251 "-" "Mozilla/5.0 (Linux; Android 6.0.1; Nexus 5X Build/MMB29P) AppleWebKit/537.36 (KHTML, like Gecko) Chrome/148.0.7778.96 Mobile Safari/537.36 (compatible; Googlebot/2.1; +http://www.google.com/bot.html)"
66.249.74.13 - - [14/Jun/2026:00:12:58 -0400] "GET /items/special/R8258049 HTTP/1.1" 404 1251 "-" "Mozilla/5.0 (Linux; Android 6.0.1; Nexus 5X Build/MMB29P) AppleWebKit/537.36 (KHTML, like Gecko) Chrome/149.0.7827.114 Mobile Safari/537.36 (compatible; Googlebot/2.1; +http://www.google.com/bot.html)"
192.0.91.228 - - [14/Jun/2026:00:13:54 -0400] "HEAD / HTTP/1.1" 200 0 "-" "jetmon/1.0 (Jetpack Site Uptime Monitor by WordPress.com)"
66.249.74.14 - - [14/Jun/2026:00:15:13 -0400] "GET /items/vintage/R82468544 HTTP/1.1" 404 1251 "-" "Mozilla/5.0 (Linux; Android 6.0.1; Nexus 5X Build/MMB29P) AppleWebKit/537.36 (KHTML, like Gecko) Chrome/149.0.7827.114 Mobile Safari/537.36 (compatible; Googlebot/2.1; +http://www.google.com/bot.html)"
66.249.74.14 - - [14/Jun/2026:00:15:17 -0400] "GET /items/authentic/R8220541 HTTP/1.1" 404 1251 "-" "Mozilla/5.0 (Linux; Android 6.0.1; Nexus 5X Build/MMB29P) AppleWebKit/537.36 (KHTML, like Gecko) Chrome/149.0.7827.114 Mobile Safari/537.36 (compatible; Googlebot/2.1; +http://www.google.com/bot.html)"
47.128.26.115 - - [14/Jun/2026:00:15:18 -0400] "GET /robots.txt HTTP/1.1" 404 1251 "-" "Mozilla/5.0 (Linux; Android 5.0) AppleWebKit/537.36 (KHTML, like Gecko) Mobile Safari/537.36 (compatible; Bytespider; spider-feedback@bytedance.com)"
66.249.74.13 - - [14/Jun/2026:00:15:18 -0400] "GET /items/jp/R82287201 HTTP/1.1" 404 1251 "-" "Mozilla/5.0 (Linux; Android 6.0.1; Nexus 5X Build/MMB29P) AppleWebKit/537.36 (KHTML, like Gecko) Chrome/149.0.7827.114 Mobile Safari/537.36 (compatible; Googlebot/2.1; +http://www.google.com/bot.html)"
66.249.74.13 - - [14/Jun/2026:00:15:21 -0400] "GET /items/original/R8232033 HTTP/1.1" 404 1251 "-" "Mozilla/5.0 (Linux; Android 6.0.1; Nexus 5X Build/MMB29P) AppleWebKit/537.36 (KHTML, like Gecko) Chrome/149.0.7827.114 Mobile Safari/537.36 (compatible; Googlebot/2.1; +http://www.google.com/bot.html)"
66.249.74.13 - - [14/Jun/2026:00:15:23 -0400] "GET /items/shop/R82106755 HTTP/1.1" 404 1251 "-" "Mozilla/5.0 (Linux; Android 6.0.1; Nexus 5X Build/MMB29P) AppleWebKit/537.36 (KHTML, like Gecko) Chrome/149.0.7827.114 Mobile Safari/537.36 (compatible; Googlebot/2.1; +http://www.google.com/bot.html)"
66.249.74.13 - - [14/Jun/2026:00:15:25 -0400] "GET /items/cheap/R82103135 HTTP/1.1" 404 1251 "-" "Mozilla/5.0 (Linux; Android 6.0.1; Nexus 5X Build/MMB29P) AppleWebKit/537.36 (KHTML, like Gecko) Chrome/149.0.7827.114 Mobile Safari/537.36 (compatible; Googlebot/2.1; +http://www.google.com/bot.html)"
66.249.74.13 - - [14/Jun/2026:00:15:27 -0400] "GET /items/vintage/R8258999 HTTP/1.1" 404 1251 "-" "Mozilla/5.0 (Linux; Android 6.0.1; Nexus 5X Build/MMB29P) AppleWebKit/537.36 (KHTML, like Gecko) Chrome/149.0.7827.114 Mobile Safari/537.36 (compatible; Googlebot/2.1; +http://www.google.com/bot.html)"
66.249.73.230 - - [14/Jun/2026:00:16:00 -0400] "GET /view/item/latest/F70419242 HTTP/1.1" 404 1251 "-" "Mozilla/5.0 (Linux; Android 6.0.1; Nexus 5X Build/MMB29P) AppleWebKit/537.36 (KHTML, like Gecko) Chrome/148.0.7778.96 Mobile Safari/537.36 (compatible; Googlebot/2.1; +http://www.google.com/bot.html)"
66.249.73.231 - - [14/Jun/2026:00:16:00 -0400] "GET /robots.txt HTTP/1.1" 404 1251 "-" "Mozilla/5.0 (compatible; Googlebot/2.1; +http://www.google.com/bot.html)"
66.249.73.230 - - [14/Jun/2026:00:16:39 -0400] "GET /view/item/inexpensive/F70427952 HTTP/1.1" 404 1251 "-" "Mozilla/5.0 (compatible; Googlebot/2.1; +http://www.google.com/bot.html)"
66.249.73.232 - - [14/Jun/2026:00:17:42 -0400] "GET /view/item/cheapest/F7017842 HTTP/1.1" 404 1251 "-" "Mozilla/5.0 (Linux; Android 6.0.1; Nexus 5X Build/MMB29P) AppleWebKit/537.36 (KHTML, like Gecko) Chrome/148.0.7778.96 Mobile Safari/537.36 (compatible; Googlebot/2.1; +http://www.google.com/bot.html)"
66.249.73.232 - - [14/Jun/2026:00:17:42 -0400] "GET /robots.txt HTTP/1.1" 404 1251 "-" "Mozilla/5.0 (compatible; Googlebot/2.1; +http://www.google.com/bot.html)"
66.249.73.230 - - [14/Jun/2026:00:18:35 -0400] "GET /view/item/buy/F70287859 HTTP/1.1" 404 1251 "-" "Mozilla/5.0 (compatible; Googlebot/2.1; +http://www.google.com/bot.html)"
192.0.91.228 - - [14/Jun/2026:00:18:44 -0400] "HEAD / HTTP/1.1" 200 0 "-" "jetmon/1.0 (Jetpack Site Uptime Monitor by WordPress.com)"
66.249.73.231 - - [14/Jun/2026:00:23:09 -0400] "GET /robots.txt HTTP/1.1" 404 1251 "-" "Mozilla/5.0 (compatible; Googlebot/2.1; +http://www.google.com/bot.html)"
66.249.73.231 - - [14/Jun/2026:00:23:09 -0400] "GET /view/item/sale/F70481113 HTTP/1.1" 404 1251 "-" "Mozilla/5.0 (Linux; Android 6.0.1; Nexus 5X Build/MMB29P) AppleWebKit/537.36 (KHTML, like Gecko) Chrome/148.0.7778.96 Mobile Safari/537.36 (compatible; Googlebot/2.1; +http://www.google.com/bot.html)"
192.0.91.228 - - [14/Jun/2026:00:23:44 -0400] "HEAD / HTTP/1.1" 200 0 "-" "jetmon/1.0 (Jetpack Site Uptime Monitor by WordPress.com)"
66.249.73.230 - - [14/Jun/2026:00:23:57 -0400] "GET /view/item/expensive/F70283588 HTTP/1.1" 404 1251 "-" "Mozilla/5.0 (compatible; Googlebot/2.1; +http://www.google.com/bot.html)"
66.249.73.231 - - [14/Jun/2026:00:24:12 -0400] "GET /view/item/fashion/F70241207 HTTP/1.1" 404 1251 "-" "Mozilla/5.0 (compatible; Googlebot/2.1; +http://www.google.com/bot.html)"
66.249.73.231 - - [14/Jun/2026:00:24:12 -0400] "GET /robots.txt HTTP/1.1" 404 1251 "-" "Mozilla/5.0 (compatible; Googlebot/2.1; +http://www.google.com/bot.html)"
192.0.91.228 - - [14/Jun/2026:00:28:51 -0400] "HEAD / HTTP/1.1" 200 0 "-" "jetmon/1.0 (Jetpack Site Uptime Monitor by WordPress.com)"
66.249.73.231 - - [14/Jun/2026:00:31:41 -0400] "GET /view/item/shop/F70373115 HTTP/1.1" 404 1251 "-" "Mozilla/5.0 (compatible; Googlebot/2.1; +http://www.google.com/bot.html)"
192.0.91.228 - - [14/Jun/2026:00:33:51 -0400] "HEAD / HTTP/1.1" 200 0 "-" "jetmon/1.0 (Jetpack Site Uptime Monitor by WordPress.com)"
66.249.74.15 - - [14/Jun/2026:00:34:57 -0400] "GET /items/sale/R82293941 HTTP/1.1" 404 1251 "-" "Mozilla/5.0 (Linux; Android 6.0.1; Nexus 5X Build/MMB29P) AppleWebKit/537.36 (KHTML, like Gecko) Chrome/148.0.7778.96 Mobile Safari/537.36 (compatible; Googlebot/2.1; +http://www.google.com/bot.html)"
66.249.73.231 - - [14/Jun/2026:00:37:20 -0400] "GET /view/item/new/F70466115 HTTP/1.1" 404 1251 "-" "Mozilla/5.0 (compatible; Googlebot/2.1; +http://www.google.com/bot.html)"
192.0.91.228 - - [14/Jun/2026:00:38:53 -0400] "HEAD / HTTP/1.1" 200 0 "-" "jetmon/1.0 (Jetpack Site Uptime Monitor by WordPress.com)"
66.249.74.15 - - [14/Jun/2026:00:40:17 -0400] "GET /items/the/R82492794 HTTP/1.1" 404 1251 "-" "Mozilla/5.0 (compatible; Googlebot/2.1; +http://www.google.com/bot.html)"
66.249.73.230 - - [14/Jun/2026:00:43:12 -0400] "GET /view/item/shop/F70215664 HTTP/1.1" 404 1251 "-" "Mozilla/5.0 (Linux; Android 6.0.1; Nexus 5X Build/MMB29P) AppleWebKit/537.36 (KHTML, like Gecko) Chrome/148.0.7778.96 Mobile Safari/537.36 (compatible; Googlebot/2.1; +http://www.google.com/bot.html)"
192.0.91.228 - - [14/Jun/2026:00:43:51 -0400] "HEAD / HTTP/1.1" 200 0 "-" "jetmon/1.0 (Jetpack Site Uptime Monitor by WordPress.com)"
103.119.139.118 - mis [14/Jun/2026:00:47:06 -0400] "GET /wp-json/wp/v2/users/me HTTP/1.1" 404 1251 "-" "Mozilla/5.0 (X11; Linux x86_64; rv:133.0) Gecko/20100101 Firefox/133.0"
74.125.217.15 - - [14/Jun/2026:00:47:44 -0400] "GET /items/brand/R82150841 HTTP/1.1" 404 1251 "-" "Mozilla/5.0 (X11; Linux x86_64) AppleWebKit/537.36 (KHTML, like Gecko) Chrome/148.0.7778.96 Safari/537.36"
192.0.91.228 - - [14/Jun/2026:00:48:51 -0400] "HEAD / HTTP/1.1" 200 0 "-" "jetmon/1.0 (Jetpack Site Uptime Monitor by WordPress.com)"
66.249.73.232 - - [14/Jun/2026:00:49:11 -0400] "GET /view/item/for/F70272605 HTTP/1.1" 404 1251 "-" "Mozilla/5.0 (Linux; Android 6.0.1; Nexus 5X Build/MMB29P) AppleWebKit/537.36 (KHTML, like Gecko) Chrome/148.0.7778.96 Mobile Safari/537.36 (compatible; Googlebot/2.1; +http://www.google.com/bot.html)"
104.248.158.72 - - [14/Jun/2026:00:49:12 -0400] "GET /wp-login.php HTTP/1.1" 404 1251 "-" "Mozilla/5.0 (Windows NT 10.0; WOW64) AppleWebKit/537.36 (KHTML, like Gecko) Chrome/133.0.0.0 Safari/537.36"
66.249.73.230 - - [14/Jun/2026:00:52:46 -0400] "GET /view/item/price/F70356697 HTTP/1.1" 404 1251 "-" "Mozilla/5.0 (Linux; Android 6.0.1; Nexus 5X Build/MMB29P) AppleWebKit/537.36 (KHTML, like Gecko) Chrome/148.0.7778.96 Mobile Safari/537.36 (compatible; Googlebot/2.1; +http://www.google.com/bot.html)"
66.249.73.230 - - [14/Jun/2026:00:53:15 -0400] "GET /view/item/fashion/F70266345 HTTP/1.1" 404 1251 "-" "Mozilla/5.0 (Linux; Android 6.0.1; Nexus 5X Build/MMB29P) AppleWebKit/537.36 (KHTML, like Gecko) Chrome/148.0.7778.96 Mobile Safari/537.36 (compatible; Googlebot/2.1; +http://www.google.com/bot.html)"
192.0.91.228 - - [14/Jun/2026:00:53:51 -0400] "HEAD / HTTP/1.1" 200 0 "-" "jetmon/1.0 (Jetpack Site Uptime Monitor by WordPress.com)"
66.249.73.230 - - [14/Jun/2026:00:55:18 -0400] "GET /view/item/latest/F70366273 HTTP/1.1" 404 1251 "-" "Mozilla/5.0 (compatible; Googlebot/2.1; +http://www.google.com/bot.html)"
66.249.73.231 - - [14/Jun/2026:00:55:18 -0400] "GET /view/item/latest/F70366273 HTTP/1.1" 404 1251 "-" "Mozilla/5.0 (Linux; Android 6.0.1; Nexus 5X Build/MMB29P) AppleWebKit/537.36 (KHTML, like Gecko) Chrome/148.0.7778.96 Mobile Safari/537.36 (compatible; Googlebot/2.1; +http://www.google.com/bot.html)"
192.0.91.228 - - [14/Jun/2026:00:58:51 -0400] "HEAD / HTTP/1.1" 200 0 "-" "jetmon/1.0 (Jetpack Site Uptime Monitor by WordPress.com)"
66.249.70.70 - - [14/Jun/2026:01:00:22 -0400] "GET /view/item/affordable/F70461887 HTTP/1.1" 404 1251 "-" "Mozilla/5.0 (Linux; Android 6.0.1; Nexus 5X Build/MMB29P) AppleWebKit/537.36 (KHTML, like Gecko) Chrome/148.0.7778.96 Mobile Safari/537.36 (compatible; Googlebot/2.1; +http://www.google.com/bot.html)"
66.249.73.232 - - [14/Jun/2026:01:02:43 -0400] "GET /view/item/cheapest/F70129505 HTTP/1.1" 404 1251 "-" "Mozilla/5.0 (Linux; Android 6.0.1; Nexus 5X Build/MMB29P) AppleWebKit/537.36 (KHTML, like Gecko) Chrome/148.0.7778.96 Mobile Safari/537.36 (compatible; Googlebot/2.1; +http://www.google.com/bot.html)"
192.0.91.228 - - [14/Jun/2026:01:03:52 -0400] "HEAD / HTTP/1.1" 200 0 "-" "jetmon/1.0 (Jetpack Site Uptime Monitor by WordPress.com)"
66.249.73.230 - - [14/Jun/2026:01:04:04 -0400] "GET /view/item/discount/F70285123 HTTP/1.1" 404 1251 "-" "Mozilla/5.0 (Linux; Android 6.0.1; Nexus 5X Build/MMB29P) AppleWebKit/537.36 (KHTML, like Gecko) Chrome/148.0.7778.96 Mobile Safari/537.36 (compatible; Googlebot/2.1; +http://www.google.com/bot.html)"
114.119.142.84 - - [14/Jun/2026:01:04:51 -0400] "GET /author/aleksandr HTTP/1.1" 404 1251 "https://raydget.vip/author/aleksandr" "Mozilla/5.0 (Linux; Android 7.0;) AppleWebKit/537.36 (HTML, like Gecko) Mobile Safari/537.36 (compatible; PetalBot;+https://webmaster.petalsearch.com/site/petalbot)"
66.249.73.231 - - [14/Jun/2026:01:05:24 -0400] "GET /view/item/expensive/F70369904 HTTP/1.1" 404 1251 "-" "Mozilla/5.0 (compatible; Googlebot/2.1; +http://www.google.com/bot.html)"
66.249.73.231 - - [14/Jun/2026:01:05:27 -0400] "GET /view/item/for/F70381094 HTTP/1.1" 404 1251 "-" "Mozilla/5.0 (compatible; Googlebot/2.1; +http://www.google.com/bot.html)"
202.172.25.41 - - [14/Jun/2026:01:07:01 -0400] "GET /wp-login.php HTTP/1.1" 404 1251 "-" "Mozilla/5.0 (Windows NT 10.0; Win64; x64) AppleWebKit/537.36 (KHTML, like Gecko) Chrome/120.0.0.0 Safari/537.36"
66.249.73.231 - - [14/Jun/2026:01:07:16 -0400] "GET /view/item/clearance/F70429427 HTTP/1.1" 404 1251 "-" "Mozilla/5.0 (Linux; Android 6.0.1; Nexus 5X Build/MMB29P) AppleWebKit/537.36 (KHTML, like Gecko) Chrome/148.0.7778.96 Mobile Safari/537.36 (compatible; Googlebot/2.1; +http://www.google.com/bot.html)"
66.249.73.231 - - [14/Jun/2026:01:07:23 -0400] "GET /view/item/buy/F70126457 HTTP/1.1" 404 1251 "-" "Mozilla/5.0 (Linux; Android 6.0.1; Nexus 5X Build/MMB29P) AppleWebKit/537.36 (KHTML, like Gecko) Chrome/148.0.7778.96 Mobile Safari/537.36 (compatible; Googlebot/2.1; +http://www.google.com/bot.html)"
146.75.189.10 - - [14/Jun/2026:01:08:26 -0400] "GET /view/item/authentic/F7049909 HTTP/1.1" 404 1251 "https://www.google.com/" "Mozilla/5.0 (Macintosh; Intel Mac OS X 10_15_7) AppleWebKit/605.1.15 (KHTML, like Gecko) Version/26.5 Safari/605.1.15"
146.75.189.10 - - [14/Jun/2026:01:08:27 -0400] "GET /favicon.ico HTTP/1.1" 404 1251 "https://raydget.vip/view/item/authentic/F7049909" "Mozilla/5.0 (Macintosh; Intel Mac OS X 10_15_7) AppleWebKit/605.1.15 (KHTML, like Gecko) Version/26.5 Safari/605.1.15"
192.0.91.228 - - [14/Jun/2026:01:08:45 -0400] "HEAD / HTTP/1.1" 200 0 "-" "jetmon/1.0 (Jetpack Site Uptime Monitor by WordPress.com)"
66.249.73.230 - - [14/Jun/2026:01:12:34 -0400] "GET /view/item/quality/F7048273 HTTP/1.1" 404 1251 "-" "Mozilla/5.0 (compatible; Googlebot/2.1; +http://www.google.com/bot.html)"
37.27.234.213 - - [14/Jun/2026:01:12:56 -0400] "GET /wp-login.php HTTP/1.1" 404 1251 "-" "Mozilla/5.0 (Windows NT 10.0) AppleWebKit/537.36 (KHTML, like Gecko) Chrome/133.0.0.0 Safari/537.36"
192.0.91.228 - - [14/Jun/2026:01:13:44 -0400] "HEAD / HTTP/1.1" 200 0 "-" "jetmon/1.0 (Jetpack Site Uptime Monitor by WordPress.com)"
123.19.78.249 - - [14/Jun/2026:01:15:03 -0400] "GET /shopping-cart/?_wpnonce=67a0e97e8f&remove_item=65699726a3c601b9f31bf04019c8593c HTTP/1.1" 404 1251 "-" "Mozilla/5.0 (Macintosh; Intel Mac OS X 10_13_6) AppleWebKit/537.36 (KHTML, like Gecko) Chrome/74.0.3729.169 Safari/524.34"
192.0.91.228 - - [14/Jun/2026:01:18:45 -0400] "HEAD / HTTP/1.1" 200 0 "-" "jetmon/1.0 (Jetpack Site Uptime Monitor by WordPress.com)"
66.249.73.230 - - [14/Jun/2026:01:19:48 -0400] "GET /view/item/clearance/F70363510 HTTP/1.1" 404 1251 "-" "Mozilla/5.0 (Linux; Android 6.0.1; Nexus 5X Build/MMB29P) AppleWebKit/537.36 (KHTML, like Gecko) Chrome/148.0.7778.96 Mobile Safari/537.36 (compatible; Googlebot/2.1; +http://www.google.com/bot.html)"
192.0.91.228 - - [14/Jun/2026:01:23:45 -0400] "HEAD / HTTP/1.1" 200 0 "-" "jetmon/1.0 (Jetpack Site Uptime Monitor by WordPress.com)"
66.249.73.230 - - [14/Jun/2026:01:25:14 -0400] "GET /view/item/affordable/F70247457 HTTP/1.1" 404 1251 "-" "Mozilla/5.0 (Linux; Android 6.0.1; Nexus 5X Build/MMB29P) AppleWebKit/537.36 (KHTML, like Gecko) Chrome/148.0.7778.96 Mobile Safari/537.36 (compatible; Googlebot/2.1; +http://www.google.com/bot.html)"
66.249.74.14 - - [14/Jun/2026:01:26:42 -0400] "GET /items/for/R82493301 HTTP/1.1" 404 1251 "-" "Mozilla/5.0 (Linux; Android 6.0.1; Nexus 5X Build/MMB29P) AppleWebKit/537.36 (KHTML, like Gecko) Chrome/148.0.7778.96 Mobile Safari/537.36 (compatible; Googlebot/2.1; +http://www.google.com/bot.html)"
66.249.73.232 - - [14/Jun/2026:01:27:41 -0400] "GET /view/item/comfortable/F70432992 HTTP/1.1" 404 1251 "-" "Mozilla/5.0 (Linux; Android 6.0.1; Nexus 5X Build/MMB29P) AppleWebKit/537.36 (KHTML, like Gecko) Chrome/148.0.7778.96 Mobile Safari/537.36 (compatible; Googlebot/2.1; +http://www.google.com/bot.html)"
192.0.91.228 - - [14/Jun/2026:01:28:45 -0400] "HEAD / HTTP/1.1" 200 0 "-" "jetmon/1.0 (Jetpack Site Uptime Monitor by WordPress.com)"
66.249.73.231 - - [14/Jun/2026:01:30:42 -0400] "GET /view/item/special/F7098526 HTTP/1.1" 404 1251 "-" "Mozilla/5.0 (Linux; Android 6.0.1; Nexus 5X Build/MMB29P) AppleWebKit/537.36 (KHTML, like Gecko) Chrome/148.0.7778.96 Mobile Safari/537.36 (compatible; Googlebot/2.1; +http://www.google.com/bot.html)"
66.249.73.232 - - [14/Jun/2026:01:32:42 -0400] "GET /view/item/on/F70250071 HTTP/1.1" 404 1251 "-" "Mozilla/5.0 (compatible; Googlebot/2.1; +http://www.google.com/bot.html)"
66.249.73.230 - - [14/Jun/2026:01:33:02 -0400] "GET /view/item/popular/F7047141 HTTP/1.1" 404 1251 "-" "Mozilla/5.0 (Linux; Android 6.0.1; Nexus 5X Build/MMB29P) AppleWebKit/537.36 (KHTML, like Gecko) Chrome/148.0.7778.96 Mobile Safari/537.36 (compatible; Googlebot/2.1; +http://www.google.com/bot.html)"
192.0.91.228 - - [14/Jun/2026:01:33:46 -0400] "HEAD / HTTP/1.1" 200 0 "-" "jetmon/1.0 (Jetpack Site Uptime Monitor by WordPress.com)"
66.249.73.230 - - [14/Jun/2026:01:36:50 -0400] "GET /view/item/latest/F70109799 HTTP/1.1" 404 1251 "-" "Mozilla/5.0 (Linux; Android 6.0.1; Nexus 5X Build/MMB29P) AppleWebKit/537.36 (KHTML, like Gecko) Chrome/148.0.7778.96 Mobile Safari/537.36 (compatible; Googlebot/2.1; +http://www.google.com/bot.html)"
66.249.74.14 - - [14/Jun/2026:01:36:50 -0400] "GET /items/releases/R82114334 HTTP/1.1" 404 1251 "-" "Mozilla/5.0 (Linux; Android 6.0.1; Nexus 5X Build/MMB29P) AppleWebKit/537.36 (KHTML, like Gecko) Chrome/148.0.7778.96 Mobile Safari/537.36 (compatible; Googlebot/2.1; +http://www.google.com/bot.html)"
66.249.74.13 - - [14/Jun/2026:01:36:51 -0400] "GET /items/price/R82325316 HTTP/1.1" 404 1251 "-" "Mozilla/5.0 (Linux; Android 6.0.1; Nexus 5X Build/MMB29P) AppleWebKit/537.36 (KHTML, like Gecko) Chrome/148.0.7778.96 Mobile Safari/537.36 (compatible; Googlebot/2.1; +http://www.google.com/bot.html)"
66.249.73.232 - - [14/Jun/2026:01:36:51 -0400] "GET /view/item/on/F70392648 HTTP/1.1" 404 1251 "-" "Mozilla/5.0 (Linux; Android 6.0.1; Nexus 5X Build/MMB29P) AppleWebKit/537.36 (KHTML, like Gecko) Chrome/148.0.7778.96 Mobile Safari/537.36 (compatible; Googlebot/2.1; +http://www.google.com/bot.html)"
66.249.74.14 - - [14/Jun/2026:01:36:52 -0400] "GET /items/affordable/R82337528 HTTP/1.1" 404 1251 "-" "Mozilla/5.0 (Linux; Android 6.0.1; Nexus 5X Build/MMB29P) AppleWebKit/537.36 (KHTML, like Gecko) Chrome/148.0.7778.96 Mobile Safari/537.36 (compatible; Googlebot/2.1; +http://www.google.com/bot.html)"
66.249.73.232 - - [14/Jun/2026:01:36:53 -0400] "GET /view/item/sale/F70268018 HTTP/1.1" 404 1251 "-" "Mozilla/5.0 (Linux; Android 6.0.1; Nexus 5X Build/MMB29P) AppleWebKit/537.36 (KHTML, like Gecko) Chrome/148.0.7778.96 Mobile Safari/537.36 (compatible; Googlebot/2.1; +http://www.google.com/bot.html)"
66.249.73.230 - - [14/Jun/2026:01:36:54 -0400] "GET /view/item/clearance/F70292694 HTTP/1.1" 404 1251 "-" "Mozilla/5.0 (Linux; Android 6.0.1; Nexus 5X Build/MMB29P) AppleWebKit/537.36 (KHTML, like Gecko) Chrome/148.0.7778.96 Mobile Safari/537.36 (compatible; Googlebot/2.1; +http://www.google.com/bot.html)"
66.249.73.231 - - [14/Jun/2026:01:36:55 -0400] "GET /view/item/the/F70116090 HTTP/1.1" 404 1251 "-" "Mozilla/5.0 (Linux; Android 6.0.1; Nexus 5X Build/MMB29P) AppleWebKit/537.36 (KHTML, like Gecko) Chrome/148.0.7778.96 Mobile Safari/537.36 (compatible; Googlebot/2.1; +http://www.google.com/bot.html)"
66.249.74.14 - - [14/Jun/2026:01:36:55 -0400] "GET /items/shop/R82206335 HTTP/1.1" 404 1251 "-" "Mozilla/5.0 (Linux; Android 6.0.1; Nexus 5X Build/MMB29P) AppleWebKit/537.36 (KHTML, like Gecko) Chrome/148.0.7778.96 Mobile Safari/537.36 (compatible; Googlebot/2.1; +http://www.google.com/bot.html)"
66.249.73.231 - - [14/Jun/2026:01:37:08 -0400] "GET /view/item/for/F70174151 HTTP/1.1" 404 1251 "-" "Mozilla/5.0 (Linux; Android 6.0.1; Nexus 5X Build/MMB29P) AppleWebKit/537.36 (KHTML, like Gecko) Chrome/148.0.7778.96 Mobile Safari/537.36 (compatible; Googlebot/2.1; +http://www.google.com/bot.html)"
192.0.91.228 - - [14/Jun/2026:01:38:46 -0400] "HEAD / HTTP/1.1" 200 0 "-" "jetmon/1.0 (Jetpack Site Uptime Monitor by WordPress.com)"
51.68.111.216 - - [14/Jun/2026:01:39:51 -0400] "GET /robots.txt HTTP/1.1" 404 1251 "-" "Mozilla/5.0 (compatible; MJ12bot/v2.0.5; http://mj12bot.com/)"
51.68.111.216 - - [14/Jun/2026:01:39:51 -0400] "GET / HTTP/1.1" 200 3384 "-" "Mozilla/5.0 (compatible; MJ12bot/v2.0.5; http://mj12bot.com/)"
66.249.74.15 - - [14/Jun/2026:01:40:08 -0400] "GET /items/best/R82290873 HTTP/1.1" 404 1251 "-" "Mozilla/5.0 (Linux; Android 6.0.1; Nexus 5X Build/MMB29P) AppleWebKit/537.36 (KHTML, like Gecko) Chrome/148.0.7778.96 Mobile Safari/537.36 (compatible; Googlebot/2.1; +http://www.google.com/bot.html)"
66.249.73.231 - - [14/Jun/2026:01:40:09 -0400] "GET /view/item/buy/F70140674 HTTP/1.1" 404 1251 "-" "Mozilla/5.0 (Linux; Android 6.0.1; Nexus 5X Build/MMB29P) AppleWebKit/537.36 (KHTML, like Gecko) Chrome/148.0.7778.96 Mobile Safari/537.36 (compatible; Googlebot/2.1; +http://www.google.com/bot.html)"
66.249.73.230 - - [14/Jun/2026:01:40:11 -0400] "GET /view/item/inexpensive/F70147149 HTTP/1.1" 404 1251 "-" "Mozilla/5.0 (Linux; Android 6.0.1; Nexus 5X Build/MMB29P) AppleWebKit/537.36 (KHTML, like Gecko) Chrome/148.0.7778.96 Mobile Safari/537.36 (compatible; Googlebot/2.1; +http://www.google.com/bot.html)"
66.249.73.232 - - [14/Jun/2026:01:42:32 -0400] "GET /view/item/shopping/F70285609 HTTP/1.1" 404 1251 "-" "Mozilla/5.0 (compatible; Googlebot/2.1; +http://www.google.com/bot.html)"
192.0.91.228 - - [14/Jun/2026:01:43:52 -0400] "HEAD / HTTP/1.1" 200 0 "-" "jetmon/1.0 (Jetpack Site Uptime Monitor by WordPress.com)"
51.68.236.72 - - [14/Jun/2026:01:46:02 -0400] "GET /robots.txt HTTP/1.1" 404 1251 "-" "Mozilla/5.0 (compatible; MJ12bot/v2.0.5; http://mj12bot.com/)"
51.68.236.72 - - [14/Jun/2026:01:46:02 -0400] "GET / HTTP/1.1" 200 3384 "-" "Mozilla/5.0 (compatible; MJ12bot/v2.0.5; http://mj12bot.com/)"
66.249.73.231 - - [14/Jun/2026:01:46:52 -0400] "GET /view/item/wholesale/F70254160 HTTP/1.1" 404 1251 "-" "Mozilla/5.0 (compatible; Googlebot/2.1; +http://www.google.com/bot.html)"
66.249.73.230 - - [14/Jun/2026:01:48:12 -0400] "GET /view/item/arrival/F7033502 HTTP/1.1" 404 1251 "-" "Mozilla/5.0 (Linux; Android 6.0.1; Nexus 5X Build/MMB29P) AppleWebKit/537.36 (KHTML, like Gecko) Chrome/148.0.7778.96 Mobile Safari/537.36 (compatible; Googlebot/2.1; +http://www.google.com/bot.html)"
192.0.91.228 - - [14/Jun/2026:01:48:51 -0400] "HEAD / HTTP/1.1" 200 0 "-" "jetmon/1.0 (Jetpack Site Uptime Monitor by WordPress.com)"
66.249.73.231 - - [14/Jun/2026:01:50:36 -0400] "GET /view/item/store/F70223232 HTTP/1.1" 404 1251 "-" "Mozilla/5.0 (Linux; Android 6.0.1; Nexus 5X Build/MMB29P) AppleWebKit/537.36 (KHTML, like Gecko) Chrome/148.0.7778.96 Mobile Safari/537.36 (compatible; Googlebot/2.1; +http://www.google.com/bot.html)"
40.160.252.50 - - [14/Jun/2026:01:51:27 -0400] "GET / HTTP/1.1" 200 3384 "-" "Mozilla/5.0 (Windows NT 10.0; Win64; x64) AppleWebKit/537.36 (KHTML, like Gecko) Chrome/131.0.0.0 Safari/537.36"
66.249.73.231 - - [14/Jun/2026:01:51:48 -0400] "GET /view/item/quality/F7040431 HTTP/1.1" 404 1251 "-" "Mozilla/5.0 (Linux; Android 6.0.1; Nexus 5X Build/MMB29P) AppleWebKit/537.36 (KHTML, like Gecko) Chrome/148.0.7778.96 Mobile Safari/537.36 (compatible; Googlebot/2.1; +http://www.google.com/bot.html)"
66.249.73.231 - - [14/Jun/2026:01:52:13 -0400] "GET /view/item/comfortable/F70250942 HTTP/1.1" 404 1251 "-" "Mozilla/5.0 (Linux; Android 6.0.1; Nexus 5X Build/MMB29P) AppleWebKit/537.36 (KHTML, like Gecko) Chrome/148.0.7778.96 Mobile Safari/537.36 (compatible; Googlebot/2.1; +http://www.google.com/bot.html)"
51.161.86.137 - - [14/Jun/2026:01:53:00 -0400] "GET /index.php HTTP/1.1" 404 1251 "https://t.co/" "Mozilla/5.0 (Macintosh; Intel Mac OS X 11_1) AppleWebKit/537.36 (KHTML, like Gecko) Chrome/103.0.0.0 Safari/537.36"
66.249.73.231 - - [14/Jun/2026:01:53:44 -0400] "GET /view/item/quality/F7069548 HTTP/1.1" 404 1251 "-" "Mozilla/5.0 (compatible; Googlebot/2.1; +http://www.google.com/bot.html)"
192.0.91.228 - - [14/Jun/2026:01:53:56 -0400] "HEAD / HTTP/1.1" 200 0 "-" "jetmon/1.0 (Jetpack Site Uptime Monitor by WordPress.com)"
66.249.73.232 - - [14/Jun/2026:01:56:15 -0400] "GET /view/item/expensive/F70437385 HTTP/1.1" 404 1251 "-" "Mozilla/5.0 (Linux; Android 6.0.1; Nexus 5X Build/MMB29P) AppleWebKit/537.36 (KHTML, like Gecko) Chrome/148.0.7778.96 Mobile Safari/537.36 (compatible; Googlebot/2.1; +http://www.google.com/bot.html)"
66.249.73.230 - - [14/Jun/2026:01:56:16 -0400] "GET /view/item/for/F70395511 HTTP/1.1" 404 1251 "-" "Mozilla/5.0 (Linux; Android 6.0.1; Nexus 5X Build/MMB29P) AppleWebKit/537.36 (KHTML, like Gecko) Chrome/148.0.7778.96 Mobile Safari/537.36 (compatible; Googlebot/2.1; +http://www.google.com/bot.html)"
66.249.74.13 - - [14/Jun/2026:01:56:16 -0400] "GET /items/store/R82428886 HTTP/1.1" 404 1251 "-" "Mozilla/5.0 (Linux; Android 6.0.1; Nexus 5X Build/MMB29P) AppleWebKit/537.36 (KHTML, like Gecko) Chrome/148.0.7778.96 Mobile Safari/537.36 (compatible; Googlebot/2.1; +http://www.google.com/bot.html)"
192.0.91.228 - - [14/Jun/2026:01:58:47 -0400] "HEAD / HTTP/1.1" 200 0 "-" "jetmon/1.0 (Jetpack Site Uptime Monitor by WordPress.com)"
66.249.74.13 - - [14/Jun/2026:02:00:02 -0400] "GET /items/online/R82195571 HTTP/1.1" 404 1251 "-" "Mozilla/5.0 (Linux; Android 6.0.1; Nexus 5X Build/MMB29P) AppleWebKit/537.36 (KHTML, like Gecko) Chrome/148.0.7778.96 Mobile Safari/537.36 (compatible; Googlebot/2.1; +http://www.google.com/bot.html)"
5.255.231.68 - - [14/Jun/2026:02:00:14 -0400] "GET /robots.txt HTTP/1.1" 404 1251 "-" "Mozilla/5.0 (compatible; YandexBot/3.0; +http://yandex.com/bots)"
5.255.251.130 - - [14/Jun/2026:02:00:15 -0400] "GET /products/portativnyj-polevoj-kommutator/ HTTP/1.1" 404 1251 "-" "Mozilla/5.0 (compatible; YandexBot/3.0; +http://yandex.com/bots) AppleWebKit/537.36 (KHTML, like Gecko) Chrome/108.0.0.0"
67.220.94.161 - - [14/Jun/2026:02:00:21 -0400] "GET /wp-login.php HTTP/1.1" 404 1251 "-" "Mozilla/5.0 (Macintosh; Intel Mac OS X 10_15_7) AppleWebKit/537.36 (KHTML, like Gecko) Chrome/133.0.0.0 Safari/537.36"
66.249.73.230 - - [14/Jun/2026:02:02:02 -0400] "GET /view/item/brand/F70138635 HTTP/1.1" 404 1251 "-" "Mozilla/5.0 (Linux; Android 6.0.1; Nexus 5X Build/MMB29P) AppleWebKit/537.36 (KHTML, like Gecko) Chrome/148.0.7778.96 Mobile Safari/537.36 (compatible; Googlebot/2.1; +http://www.google.com/bot.html)"
66.249.73.232 - - [14/Jun/2026:02:02:03 -0400] "GET /view/item/vintage/F70287783 HTTP/1.1" 404 1251 "-" "Mozilla/5.0 (Linux; Android 6.0.1; Nexus 5X Build/MMB29P) AppleWebKit/537.36 (KHTML, like Gecko) Chrome/148.0.7778.96 Mobile Safari/537.36 (compatible; Googlebot/2.1; +http://www.google.com/bot.html)"
5.255.251.130 - - [14/Jun/2026:02:02:14 -0400] "GET /products/citran/ HTTP/1.1" 404 1251 "-" "Mozilla/5.0 (compatible; YandexBot/3.0; +http://yandex.com/bots) AppleWebKit/537.36 (KHTML, like Gecko) Chrome/108.0.0.0"
192.0.91.228 - - [14/Jun/2026:02:03:46 -0400] "HEAD / HTTP/1.1" 200 0 "-" "jetmon/1.0 (Jetpack Site Uptime Monitor by WordPress.com)"
66.249.73.230 - - [14/Jun/2026:02:04:03 -0400] "GET /view/item/clearance/F7090063 HTTP/1.1" 404 1251 "-" "Mozilla/5.0 (Linux; Android 6.0.1; Nexus 5X Build/MMB29P) AppleWebKit/537.36 (KHTML, like Gecko) Chrome/148.0.7778.96 Mobile Safari/537.36 (compatible; Googlebot/2.1; +http://www.google.com/bot.html)"
66.249.73.231 - - [14/Jun/2026:02:04:05 -0400] "GET /view/item/discount/F70463552 HTTP/1.1" 404 1251 "-" "Mozilla/5.0 (Linux; Android 6.0.1; Nexus 5X Build/MMB29P) AppleWebKit/537.36 (KHTML, like Gecko) Chrome/148.0.7778.96 Mobile Safari/537.36 (compatible; Googlebot/2.1; +http://www.google.com/bot.html)"
66.249.73.232 - - [14/Jun/2026:02:04:05 -0400] "GET /view/item/new/F7018585 HTTP/1.1" 404 1251 "-" "Mozilla/5.0 (Linux; Android 6.0.1; Nexus 5X Build/MMB29P) AppleWebKit/537.36 (KHTML, like Gecko) Chrome/148.0.7778.96 Mobile Safari/537.36 (compatible; Googlebot/2.1; +http://www.google.com/bot.html)"
66.249.73.230 - - [14/Jun/2026:02:05:48 -0400] "GET /view/item/quality/F70388198 HTTP/1.1" 404 1251 "-" "Mozilla/5.0 (compatible; Googlebot/2.1; +http://www.google.com/bot.html)"
66.249.74.14 - - [14/Jun/2026:02:08:47 -0400] "GET /items/cheap/R82423326 HTTP/1.1" 404 1251 "-" "Mozilla/5.0 (Linux; Android 6.0.1; Nexus 5X Build/MMB29P) AppleWebKit/537.36 (KHTML, like Gecko) Chrome/148.0.7778.96 Mobile Safari/537.36 (compatible; Googlebot/2.1; +http://www.google.com/bot.html)"
192.0.91.228 - - [14/Jun/2026:02:08:50 -0400] "HEAD / HTTP/1.1" 200 0 "-" "jetmon/1.0 (Jetpack Site Uptime Monitor by WordPress.com)"
66.249.74.13 - - [14/Jun/2026:02:09:26 -0400] "GET /items/cheap/R82427035 HTTP/1.1" 404 1251 "-" "Mozilla/5.0 (Linux; Android 6.0.1; Nexus 5X Build/MMB29P) AppleWebKit/537.36 (KHTML, like Gecko) Chrome/148.0.7778.96 Mobile Safari/537.36 (compatible; Googlebot/2.1; +http://www.google.com/bot.html)"
223.178.214.44 - - [14/Jun/2026:02:09:40 -0400] "GET /wp-login.php HTTP/1.1" 404 1251 "-" "Mozilla/5.0 (Windows NT 10.0; Win64; x64) AppleWebKit/537.36 (KHTML, like Gecko) Chrome/120.0.0.0 Safari/537.36"
66.249.82.67 - - [14/Jun/2026:02:13:22 -0400] "GET /.well-known/traffic-advice HTTP/1.1" 404 1251 "-" "Chrome Privacy Preserving Prefetch Proxy"
193.186.4.153 - - [14/Jun/2026:02:13:22 -0400] "GET /items/store/R8244993 HTTP/1.1" 404 1251 "https://www.google.com/" "Mozilla/5.0 (Windows NT 10.0; Win64; x64) AppleWebKit/537.36 (KHTML, like Gecko) Chrome/149.0.0.0 Safari/537.36"
66.249.82.65 - - [14/Jun/2026:02:13:28 -0400] "GET /.well-known/traffic-advice HTTP/1.1" 404 1251 "-" "Chrome Privacy Preserving Prefetch Proxy"
193.186.4.153 - - [14/Jun/2026:02:13:28 -0400] "GET /view/item/clearance/F70232042 HTTP/1.1" 404 1251 "https://www.google.com/" "Mozilla/5.0 (Windows NT 10.0; Win64; x64) AppleWebKit/537.36 (KHTML, like Gecko) Chrome/149.0.0.0 Safari/537.36"
192.0.91.228 - - [14/Jun/2026:02:13:50 -0400] "HEAD / HTTP/1.1" 200 0 "-" "jetmon/1.0 (Jetpack Site Uptime Monitor by WordPress.com)"
66.249.74.13 - - [14/Jun/2026:02:15:18 -0400] "GET /items/releases/R82423108 HTTP/1.1" 404 1251 "-" "Mozilla/5.0 (Linux; Android 6.0.1; Nexus 5X Build/MMB29P) AppleWebKit/537.36 (KHTML, like Gecko) Chrome/149.0.7827.114 Mobile Safari/537.36 (compatible; Googlebot/2.1; +http://www.google.com/bot.html)"
151.240.106.208 - - [14/Jun/2026:02:15:35 -0400] "GET /wp-login.php HTTP/1.1" 404 1251 "-" "Mozilla/5.0 (iPhone; CPU iPhone OS 18_3_1 like Mac OS X) AppleWebKit/605.1.15 (KHTML, like Gecko) Version/18.3 Mobile/15E148 Safari/604.1"
34.56.168.230 - - [14/Jun/2026:02:15:55 -0400] "HEAD /robots.txt HTTP/1.1" 404 0 "-" "Mozilla/5.0 (X11; Linux x86_64) AppleWebKit/537.36 (KHTML, like Gecko) Chrome/136.0.0.0 Safari/537.36"
34.63.117.220 - - [14/Jun/2026:02:15:55 -0400] "HEAD /view/item/affordable/F70231928 HTTP/1.1" 404 0 "-" "Mozilla/5.0 AppleWebKit/537.36 (KHTML, like Gecko); compatible; ShapBot/0.1.0"
66.249.73.232 - - [14/Jun/2026:02:16:25 -0400] "GET /view/item/affordable/F70310500 HTTP/1.1" 404 1251 "-" "Mozilla/5.0 (Linux; Android 6.0.1; Nexus 5X Build/MMB29P) AppleWebKit/537.36 (KHTML, like Gecko) Chrome/148.0.7778.96 Mobile Safari/537.36 (compatible; Googlebot/2.1; +http://www.google.com/bot.html)"
66.249.73.231 - - [14/Jun/2026:02:17:34 -0400] "GET /view/item/comfortable/F70292524 HTTP/1.1" 404 1251 "-" "Mozilla/5.0 (Linux; Android 6.0.1; Nexus 5X Build/MMB29P) AppleWebKit/537.36 (KHTML, like Gecko) Chrome/148.0.7778.96 Mobile Safari/537.36 (compatible; Googlebot/2.1; +http://www.google.com/bot.html)"
192.0.91.228 - - [14/Jun/2026:02:18:48 -0400] "HEAD / HTTP/1.1" 200 0 "-" "jetmon/1.0 (Jetpack Site Uptime Monitor by WordPress.com)"
66.249.73.231 - - [14/Jun/2026:02:20:40 -0400] "GET /view/item/inexpensive/F70165237 HTTP/1.1" 404 1251 "-" "Mozilla/5.0 (compatible; Googlebot/2.1; +http://www.google.com/bot.html)"
61.27.133.86 - - [14/Jun/2026:02:22:10 -0400] "GET /view/item/store/F70148487 HTTP/1.1" 404 1251 "https://www.google.com/" "Mozilla/5.0 (iPhone; CPU iPhone OS 18_7 like Mac OS X) AppleWebKit/605.1.15 (KHTML, like Gecko) Version/26.5 Mobile/15E148 Safari/604.1"
61.27.133.86 - - [14/Jun/2026:02:22:10 -0400] "GET /favicon.ico HTTP/1.1" 404 1251 "https://raydget.vip/view/item/store/F70148487" "Mozilla/5.0 (iPhone; CPU iPhone OS 18_7 like Mac OS X) AppleWebKit/605.1.15 (KHTML, like Gecko) Version/26.5 Mobile/15E148 Safari/604.1"
66.249.73.232 - - [14/Jun/2026:02:22:24 -0400] "GET /view/item/original/F70266978 HTTP/1.1" 404 1251 "-" "Mozilla/5.0 (compatible; Googlebot/2.1; +http://www.google.com/bot.html)"
66.249.74.15 - - [14/Jun/2026:02:22:29 -0400] "GET /items/shopping/R82475555 HTTP/1.1" 404 1251 "-" "Mozilla/5.0 (Linux; Android 6.0.1; Nexus 5X Build/MMB29P) AppleWebKit/537.36 (KHTML, like Gecko) Chrome/148.0.7778.96 Mobile Safari/537.36 (compatible; Googlebot/2.1; +http://www.google.com/bot.html)"
192.0.91.228 - - [14/Jun/2026:02:23:52 -0400] "HEAD / HTTP/1.1" 200 0 "-" "jetmon/1.0 (Jetpack Site Uptime Monitor by WordPress.com)"
66.249.74.14 - - [14/Jun/2026:02:24:13 -0400] "GET /items/new/R82378400 HTTP/1.1" 404 1251 "-" "Mozilla/5.0 (compatible; Googlebot/2.1; +http://www.google.com/bot.html)"
194.87.218.109 - - [14/Jun/2026:02:24:40 -0400] "GET / HTTP/1.1" 200 3384 "-" "Mozilla/5.0 (Windows NT 10.0; Win64; x64) AppleWebKit/537.36 (KHTML, like Gecko; compatible; BuiltWith/1.4; rb.gy/xprgqj) Chrome/124.0.0.0 Safari/537.36"
194.87.218.109 - - [14/Jun/2026:02:24:45 -0400] "GET /robots.txt HTTP/1.1" 404 1251 "-" "Mozilla/5.0 (Windows NT 10.0; Win64; x64) AppleWebKit/537.36 (KHTML, like Gecko; compatible; BuiltWith/1.4; rb.gy/xprgqj) Chrome/124.0.0.0 Safari/537.36"
194.87.218.109 - - [14/Jun/2026:02:24:47 -0400] "GET /llms.txt HTTP/1.1" 200 3863 "-" "Mozilla/5.0 (Windows NT 10.0; Win64; x64) AppleWebKit/537.36 (KHTML, like Gecko; compatible; BuiltWith/1.4; rb.gy/xprgqj) Chrome/124.0.0.0 Safari/537.36"
165.227.123.16 - - [14/Jun/2026:02:25:22 -0400] "GET /wp-login.php HTTP/1.1" 404 1251 "-" "Mozilla/5.0 (Windows NT 10.0; Win64; x64) AppleWebKit/537.36 (KHTML, like Gecko) Chrome/120.0.0.0 Safari/537.36"
66.249.73.231 - - [14/Jun/2026:02:27:10 -0400] "GET /view/item/the/F70421610 HTTP/1.1" 404 1251 "-" "Mozilla/5.0 (Linux; Android 6.0.1; Nexus 5X Build/MMB29P) AppleWebKit/537.36 (KHTML, like Gecko) Chrome/148.0.7778.96 Mobile Safari/537.36 (compatible; Googlebot/2.1; +http://www.google.com/bot.html)"
