66.249.73.230 - - [13/Jun/2026:19:00:41 -0400] "GET /view/item/price/F709620 HTTP/1.1" 404 1251 "-" "Mozilla/5.0 (Linux; Android 6.0.1; Nexus 5X Build/MMB29P) AppleWebKit/537.36 (KHTML, like Gecko) Chrome/148.0.7778.96 Mobile Safari/537.36 (compatible; Googlebot/2.1; +http://www.google.com/bot.html)"
189.222.47.226 - - [13/Jun/2026:19:00:43 -0400] "GET /wp-login.php HTTP/1.1" 404 1251 "-" "Mozilla/5.0 (Windows NT 10.0; Win64; x64; rv:133.0) Gecko/20100101 Firefox/133.0"
66.249.73.231 - - [13/Jun/2026:19:01:19 -0400] "GET /view/item/shop/F7070948 HTTP/1.1" 404 1251 "-" "Mozilla/5.0 (compatible; Googlebot/2.1; +http://www.google.com/bot.html)"
66.249.74.14 - - [13/Jun/2026:19:01:23 -0400] "GET /items/sale/R82300081 HTTP/1.1" 404 1251 "-" "Mozilla/5.0 (compatible; Googlebot/2.1; +http://www.google.com/bot.html)"
66.249.73.230 - - [13/Jun/2026:19:01:26 -0400] "GET /view/item/buy/F70409774 HTTP/1.1" 404 1251 "-" "Mozilla/5.0 (Linux; Android 6.0.1; Nexus 5X Build/MMB29P) AppleWebKit/537.36 (KHTML, like Gecko) Chrome/148.0.7778.96 Mobile Safari/537.36 (compatible; Googlebot/2.1; +http://www.google.com/bot.html)"
66.249.73.230 - - [13/Jun/2026:19:01:50 -0400] "GET /view/item/vintage/F70347537 HTTP/1.1" 404 1251 "-" "Mozilla/5.0 (Linux; Android 6.0.1; Nexus 5X Build/MMB29P) AppleWebKit/537.36 (KHTML, like Gecko) Chrome/148.0.7778.96 Mobile Safari/537.36 (compatible; Googlebot/2.1; +http://www.google.com/bot.html)"
66.249.73.232 - - [13/Jun/2026:19:03:03 -0400] "GET /view/item/price/F70422770 HTTP/1.1" 404 1251 "-" "Mozilla/5.0 (compatible; Googlebot/2.1; +http://www.google.com/bot.html)"
192.0.91.228 - - [13/Jun/2026:19:03:45 -0400] "HEAD / HTTP/1.1" 200 0 "-" "jetmon/1.0 (Jetpack Site Uptime Monitor by WordPress.com)"
66.249.73.232 - - [13/Jun/2026:19:04:28 -0400] "GET /view/item/on/F70414563 HTTP/1.1" 404 1251 "-" "Mozilla/5.0 (Linux; Android 6.0.1; Nexus 5X Build/MMB29P) AppleWebKit/537.36 (KHTML, like Gecko) Chrome/148.0.7778.96 Mobile Safari/537.36 (compatible; Googlebot/2.1; +http://www.google.com/bot.html)"
66.249.74.13 - - [13/Jun/2026:19:04:37 -0400] "GET /division/concept/fja07bybnz2o60j.phtml HTTP/1.1" 404 1251 "-" "Mozilla/5.0 (Linux; Android 6.0.1; Nexus 5X Build/MMB29P) AppleWebKit/537.36 (KHTML, like Gecko) Chrome/148.0.7778.96 Mobile Safari/537.36 (compatible; Googlebot/2.1; +http://www.google.com/bot.html)"
66.249.74.14 - - [13/Jun/2026:19:04:46 -0400] "GET /items/cheap/R82103682 HTTP/1.1" 404 1251 "-" "Mozilla/5.0 (compatible; Googlebot/2.1; +http://www.google.com/bot.html)"
66.249.73.230 - - [13/Jun/2026:19:04:58 -0400] "GET /view/item/special/F70171205 HTTP/1.1" 404 1251 "-" "Mozilla/5.0 (Linux; Android 6.0.1; Nexus 5X Build/MMB29P) AppleWebKit/537.36 (KHTML, like Gecko) Chrome/149.0.7827.114 Mobile Safari/537.36 (compatible; Googlebot/2.1; +http://www.google.com/bot.html)"
66.249.73.232 - - [13/Jun/2026:19:05:16 -0400] "GET /view/item/quality/F7020555 HTTP/1.1" 404 1251 "-" "Mozilla/5.0 (Linux; Android 6.0.1; Nexus 5X Build/MMB29P) AppleWebKit/537.36 (KHTML, like Gecko) Chrome/148.0.7778.96 Mobile Safari/537.36 (compatible; Googlebot/2.1; +http://www.google.com/bot.html)"
66.249.73.230 - - [13/Jun/2026:19:05:33 -0400] "GET /view/item/store/F70373722 HTTP/1.1" 404 1251 "-" "Mozilla/5.0 (compatible; Googlebot/2.1; +http://www.google.com/bot.html)"
66.249.73.230 - - [13/Jun/2026:19:06:19 -0400] "GET /view/item/arrival/F708724 HTTP/1.1" 404 1251 "-" "Mozilla/5.0 (Linux; Android 6.0.1; Nexus 5X Build/MMB29P) AppleWebKit/537.36 (KHTML, like Gecko) Chrome/148.0.7778.96 Mobile Safari/537.36 (compatible; Googlebot/2.1; +http://www.google.com/bot.html)"
66.249.74.15 - - [13/Jun/2026:19:07:15 -0400] "GET /items/affordable/R8286548 HTTP/1.1" 404 1251 "-" "Mozilla/5.0 (compatible; Googlebot/2.1; +http://www.google.com/bot.html)"
66.249.73.231 - - [13/Jun/2026:19:08:01 -0400] "GET /view/item/special/F70447003 HTTP/1.1" 404 1251 "-" "Mozilla/5.0 (Linux; Android 6.0.1; Nexus 5X Build/MMB29P) AppleWebKit/537.36 (KHTML, like Gecko) Chrome/148.0.7778.96 Mobile Safari/537.36 (compatible; Googlebot/2.1; +http://www.google.com/bot.html)"
192.0.91.228 - - [13/Jun/2026:19:08:45 -0400] "HEAD / HTTP/1.1" 200 0 "-" "jetmon/1.0 (Jetpack Site Uptime Monitor by WordPress.com)"
66.249.73.232 - - [13/Jun/2026:19:09:39 -0400] "GET /view/item/on/F70442246 HTTP/1.1" 404 1251 "-" "Mozilla/5.0 (compatible; Googlebot/2.1; +http://www.google.com/bot.html)"
17.241.227.102 - - [13/Jun/2026:19:09:55 -0400] "GET /robots.txt HTTP/1.1" 404 1251 "-" "Mozilla/5.0 (Macintosh; Intel Mac OS X 10_15_7) AppleWebKit/605.1.15 (KHTML, like Gecko) Version/17.4 Safari/605.1.15 (Applebot/0.1; +http://www.apple.com/go/applebot)"
17.241.227.102 - - [13/Jun/2026:19:09:55 -0400] "GET /product-tag/ip-%d1%81%d0%b5%d1%82%d0%b8/feed/ HTTP/1.1" 404 1251 "-" "Mozilla/5.0 (Macintosh; Intel Mac OS X 10_15_7) AppleWebKit/605.1.15 (KHTML, like Gecko) Version/17.4 Safari/605.1.15 (Applebot/0.1; +http://www.apple.com/go/applebot)"
66.249.74.13 - - [13/Jun/2026:19:10:03 -0400] "GET /items/original/R8297614 HTTP/1.1" 404 1251 "-" "Mozilla/5.0 (Linux; Android 6.0.1; Nexus 5X Build/MMB29P) AppleWebKit/537.36 (KHTML, like Gecko) Chrome/148.0.7778.96 Mobile Safari/537.36 (compatible; Googlebot/2.1; +http://www.google.com/bot.html)"
66.249.74.14 - - [13/Jun/2026:19:10:46 -0400] "GET /clique/handicraft/eldiae1vqy1b9bi.phtml HTTP/1.1" 404 1251 "-" "Mozilla/5.0 (Linux; Android 6.0.1; Nexus 5X Build/MMB29P) AppleWebKit/537.36 (KHTML, like Gecko) Chrome/148.0.7778.96 Mobile Safari/537.36 (compatible; Googlebot/2.1; +http://www.google.com/bot.html)"
66.249.73.230 - - [13/Jun/2026:19:13:17 -0400] "GET /view/item/classic/F70109213 HTTP/1.1" 404 1251 "-" "Mozilla/5.0 (Linux; Android 6.0.1; Nexus 5X Build/MMB29P) AppleWebKit/537.36 (KHTML, like Gecko) Chrome/148.0.7778.96 Mobile Safari/537.36 (compatible; Googlebot/2.1; +http://www.google.com/bot.html)"
192.0.91.228 - - [13/Jun/2026:19:13:45 -0400] "HEAD / HTTP/1.1" 200 0 "-" "jetmon/1.0 (Jetpack Site Uptime Monitor by WordPress.com)"
66.249.73.232 - - [13/Jun/2026:19:15:51 -0400] "GET /view/item/latest/F70223494 HTTP/1.1" 404 1251 "-" "Mozilla/5.0 (compatible; Googlebot/2.1; +http://www.google.com/bot.html)"
66.249.73.232 - - [13/Jun/2026:19:16:39 -0400] "GET /view/item/wholesale/F70164201 HTTP/1.1" 404 1251 "-" "Mozilla/5.0 (Linux; Android 6.0.1; Nexus 5X Build/MMB29P) AppleWebKit/537.36 (KHTML, like Gecko) Chrome/148.0.7778.96 Mobile Safari/537.36 (compatible; Googlebot/2.1; +http://www.google.com/bot.html)"
192.0.91.228 - - [13/Jun/2026:19:18:51 -0400] "HEAD / HTTP/1.1" 200 0 "-" "jetmon/1.0 (Jetpack Site Uptime Monitor by WordPress.com)"
66.249.74.13 - - [13/Jun/2026:19:19:36 -0400] "GET /items/price/R82279841 HTTP/1.1" 404 1251 "-" "Mozilla/5.0 (compatible; Googlebot/2.1; +http://www.google.com/bot.html)"
162.254.36.150 - aleksandr [13/Jun/2026:19:20:41 -0400] "GET /wp-json/wp/v2/users/me HTTP/1.1" 404 1251 "-" "Mozilla/5.0 (Macintosh; Intel Mac OS X 10_15_7) AppleWebKit/537.36 (KHTML, like Gecko) Chrome/133.0.0.0 Safari/537.36 Edg/133.0.0.0"
66.249.73.231 - - [13/Jun/2026:19:21:21 -0400] "GET /view/item/sale/F70380993 HTTP/1.1" 404 1251 "-" "Mozilla/5.0 (compatible; Googlebot/2.1; +http://www.google.com/bot.html)"
66.249.73.232 - - [13/Jun/2026:19:22:07 -0400] "GET /view/item/the/F70453493 HTTP/1.1" 404 1251 "-" "Mozilla/5.0 (Linux; Android 6.0.1; Nexus 5X Build/MMB29P) AppleWebKit/537.36 (KHTML, like Gecko) Chrome/148.0.7778.96 Mobile Safari/537.36 (compatible; Googlebot/2.1; +http://www.google.com/bot.html)"
66.249.73.232 - - [13/Jun/2026:19:23:29 -0400] "GET /view/item/for/F70387677 HTTP/1.1" 404 1251 "-" "Mozilla/5.0 (compatible; Googlebot/2.1; +http://www.google.com/bot.html)"
192.0.91.228 - - [13/Jun/2026:19:23:51 -0400] "HEAD / HTTP/1.1" 200 0 "-" "jetmon/1.0 (Jetpack Site Uptime Monitor by WordPress.com)"
43.165.126.130 - - [13/Jun/2026:19:24:11 -0400] "GET / HTTP/1.1" 200 4168 "http://www.raydget.vip" "Mozilla/5.0 (iPhone; CPU iPhone OS 13_2_3 like Mac OS X) AppleWebKit/605.1.15 (KHTML, like Gecko) Version/13.0.3 Mobile/15E148 Safari/604.1"
66.249.73.230 - - [13/Jun/2026:19:24:24 -0400] "GET /view/item/classic/F70153378 HTTP/1.1" 404 1251 "-" "Mozilla/5.0 (Linux; Android 6.0.1; Nexus 5X Build/MMB29P) AppleWebKit/537.36 (KHTML, like Gecko) Chrome/148.0.7778.96 Mobile Safari/537.36 (compatible; Googlebot/2.1; +http://www.google.com/bot.html)"
66.249.74.13 - - [13/Jun/2026:19:24:29 -0400] "GET /items/outlet/R82214081 HTTP/1.1" 404 1251 "-" "Mozilla/5.0 (Linux; Android 6.0.1; Nexus 5X Build/MMB29P) AppleWebKit/537.36 (KHTML, like Gecko) Chrome/149.0.7827.114 Mobile Safari/537.36 (compatible; Googlebot/2.1; +http://www.google.com/bot.html)"
66.249.73.230 - - [13/Jun/2026:19:25:47 -0400] "GET /view/item/discount/F70448232 HTTP/1.1" 404 1251 "-" "Mozilla/5.0 (Linux; Android 6.0.1; Nexus 5X Build/MMB29P) AppleWebKit/537.36 (KHTML, like Gecko) Chrome/148.0.7778.96 Mobile Safari/537.36 (compatible; Googlebot/2.1; +http://www.google.com/bot.html)"
66.249.73.231 - - [13/Jun/2026:19:25:59 -0400] "GET /view/item/expensive/F70411756 HTTP/1.1" 404 1251 "-" "Mozilla/5.0 (Linux; Android 6.0.1; Nexus 5X Build/MMB29P) AppleWebKit/537.36 (KHTML, like Gecko) Chrome/148.0.7778.96 Mobile Safari/537.36 (compatible; Googlebot/2.1; +http://www.google.com/bot.html)"
192.0.91.228 - - [13/Jun/2026:19:28:52 -0400] "HEAD / HTTP/1.1" 200 0 "-" "jetmon/1.0 (Jetpack Site Uptime Monitor by WordPress.com)"
66.249.73.230 - - [13/Jun/2026:19:30:56 -0400] "GET /view/item/clearance/F70140755 HTTP/1.1" 404 1251 "-" "Mozilla/5.0 (Linux; Android 6.0.1; Nexus 5X Build/MMB29P) AppleWebKit/537.36 (KHTML, like Gecko) Chrome/148.0.7778.96 Mobile Safari/537.36 (compatible; Googlebot/2.1; +http://www.google.com/bot.html)"
66.249.73.230 - - [13/Jun/2026:19:30:56 -0400] "GET /view/item/discount/F70127751 HTTP/1.1" 404 1251 "-" "Mozilla/5.0 (Linux; Android 6.0.1; Nexus 5X Build/MMB29P) AppleWebKit/537.36 (KHTML, like Gecko) Chrome/148.0.7778.96 Mobile Safari/537.36 (compatible; Googlebot/2.1; +http://www.google.com/bot.html)"
62.60.130.235 - - [13/Jun/2026:19:33:02 -0400] "GET /wp-content/plugins/updraftplus/readme.txt HTTP/1.1" 404 1251 "-" "Mozilla/5.0 (Windows NT 10.0; Win64; x64) AppleWebKit/537.36"
192.0.91.228 - - [13/Jun/2026:19:33:51 -0400] "HEAD / HTTP/1.1" 200 0 "-" "jetmon/1.0 (Jetpack Site Uptime Monitor by WordPress.com)"
66.249.73.232 - - [13/Jun/2026:19:35:20 -0400] "GET /view/item/new/F70421329 HTTP/1.1" 404 1251 "-" "Mozilla/5.0 (Linux; Android 6.0.1; Nexus 5X Build/MMB29P) AppleWebKit/537.36 (KHTML, like Gecko) Chrome/148.0.7778.96 Mobile Safari/537.36 (compatible; Googlebot/2.1; +http://www.google.com/bot.html)"
192.0.91.228 - - [13/Jun/2026:19:38:51 -0400] "HEAD / HTTP/1.1" 200 0 "-" "jetmon/1.0 (Jetpack Site Uptime Monitor by WordPress.com)"
66.249.74.14 - - [13/Jun/2026:19:39:29 -0400] "GET /discipline/detail/ebov91cwplcahyt.phtml HTTP/1.1" 404 1251 "-" "Mozilla/5.0 (Linux; Android 6.0.1; Nexus 5X Build/MMB29P) AppleWebKit/537.36 (KHTML, like Gecko) Chrome/149.0.7827.114 Mobile Safari/537.36 (compatible; Googlebot/2.1; +http://www.google.com/bot.html)"
66.249.74.15 - - [13/Jun/2026:19:40:06 -0400] "GET /chart/specification/foqazfebfc64lsn.phtml HTTP/1.1" 404 1251 "-" "Mozilla/5.0 (compatible; Googlebot/2.1; +http://www.google.com/bot.html)"
192.0.91.228 - - [13/Jun/2026:19:43:52 -0400] "HEAD / HTTP/1.1" 200 0 "-" "jetmon/1.0 (Jetpack Site Uptime Monitor by WordPress.com)"
66.249.74.15 - - [13/Jun/2026:19:44:29 -0400] "GET /rank/build/evg9dh4ut14erel.phtml HTTP/1.1" 404 1251 "-" "Mozilla/5.0 (Linux; Android 6.0.1; Nexus 5X Build/MMB29P) AppleWebKit/537.36 (KHTML, like Gecko) Chrome/149.0.7827.114 Mobile Safari/537.36 (compatible; Googlebot/2.1; +http://www.google.com/bot.html)"
66.249.73.230 - - [13/Jun/2026:19:45:19 -0400] "GET /view/item/classic/F70182627 HTTP/1.1" 404 1251 "-" "Mozilla/5.0 (Linux; Android 6.0.1; Nexus 5X Build/MMB29P) AppleWebKit/537.36 (KHTML, like Gecko) Chrome/148.0.7778.96 Mobile Safari/537.36 (compatible; Googlebot/2.1; +http://www.google.com/bot.html)"
45.153.34.43 - - [13/Jun/2026:19:45:36 -0400] "GET /phpinfo HTTP/1.1" 404 1251 "http://raydget.vip/phpinfo" "Mozilla/5.0 (X11; Linux x86_64) AppleWebKit/537.36 (KHTML, like Gecko) Chrome/91.0.4472.124 Safari/537.36"
45.153.34.43 - - [13/Jun/2026:19:45:36 -0400] "GET /phpinfo.php HTTP/1.1" 404 1251 "http://raydget.vip/phpinfo.php" "Mozilla/5.0 (Windows NT 10.0; Win64; x64) AppleWebKit/537.36 (KHTML, like Gecko) Chrome/91.0.4472.124 Safari/537.36"
45.153.34.43 - - [13/Jun/2026:19:45:37 -0400] "GET /test.php HTTP/1.1" 404 1251 "http://raydget.vip/test.php" "Mozilla/5.0 (Windows NT 10.0; Win64; x64) AppleWebKit/537.36 (KHTML, like Gecko) Chrome/91.0.4472.124 Safari/537.36"
45.153.34.43 - - [13/Jun/2026:19:45:37 -0400] "GET /_profiler/phpinfo HTTP/1.1" 404 1251 "http://raydget.vip/_profiler/phpinfo" "Mozilla/5.0 (Macintosh; Intel Mac OS X 10_15_7) AppleWebKit/537.36 (KHTML, like Gecko) Chrome/91.0.4472.124 Safari/537.36"
45.153.34.43 - - [13/Jun/2026:19:45:37 -0400] "GET /info.php HTTP/1.1" 404 1251 "http://raydget.vip/info.php" "Mozilla/5.0 (Macintosh; Intel Mac OS X 10_15_7) AppleWebKit/537.36 (KHTML, like Gecko) Chrome/91.0.4472.124 Safari/537.36"
45.153.34.43 - - [13/Jun/2026:19:45:37 -0400] "GET /php.php HTTP/1.1" 404 1251 "http://raydget.vip/php.php" "Mozilla/5.0 (Macintosh; Intel Mac OS X 10_15_7) AppleWebKit/537.36 (KHTML, like Gecko) Chrome/91.0.4472.124 Safari/537.36"
45.153.34.43 - - [13/Jun/2026:19:45:38 -0400] "GET /php_info.php HTTP/1.1" 404 1251 "http://raydget.vip/php_info.php" "Mozilla/5.0 (X11; Linux x86_64) AppleWebKit/537.36 (KHTML, like Gecko) Chrome/91.0.4472.124 Safari/537.36"
45.153.34.43 - - [13/Jun/2026:19:45:38 -0400] "GET /i.php HTTP/1.1" 404 1251 "http://raydget.vip/i.php" "Mozilla/5.0 (X11; Linux x86_64) AppleWebKit/537.36 (KHTML, like Gecko) Chrome/91.0.4472.124 Safari/537.36"
45.153.34.43 - - [13/Jun/2026:19:45:38 -0400] "GET /pi.php HTTP/1.1" 404 1251 "http://raydget.vip/pi.php" "Mozilla/5.0 (X11; Linux x86_64) AppleWebKit/537.36 (KHTML, like Gecko) Chrome/91.0.4472.124 Safari/537.36"
45.153.34.43 - - [13/Jun/2026:19:45:39 -0400] "GET /config.phpinfo HTTP/1.1" 404 1251 "http://raydget.vip/config.phpinfo" "Mozilla/5.0 (Windows NT 10.0; Win64; x64) AppleWebKit/537.36 (KHTML, like Gecko) Chrome/91.0.4472.124 Safari/537.36"
45.153.34.43 - - [13/Jun/2026:19:45:39 -0400] "GET /admin/phpinfo.php HTTP/1.1" 404 1251 "http://raydget.vip/admin/phpinfo.php" "Mozilla/5.0 (Windows NT 10.0; Win64; x64) AppleWebKit/537.36 (KHTML, like Gecko) Chrome/91.0.4472.124 Safari/537.36"
45.153.34.43 - - [13/Jun/2026:19:45:39 -0400] "GET /.aws/credentials HTTP/1.1" 404 1251 "http://raydget.vip/.aws/credentials" "Mozilla/5.0 (X11; Linux x86_64) AppleWebKit/537.36 (KHTML, like Gecko) Chrome/91.0.4472.124 Safari/537.36"
45.153.34.43 - - [13/Jun/2026:19:45:40 -0400] "GET /pinfo.php HTTP/1.1" 404 1251 "http://raydget.vip/pinfo.php" "Mozilla/5.0 (Windows NT 10.0; Win64; x64) AppleWebKit/537.36 (KHTML, like Gecko) Chrome/91.0.4472.124 Safari/537.36"
45.153.34.43 - - [13/Jun/2026:19:45:40 -0400] "GET /phpinfo2.php HTTP/1.1" 404 1251 "http://raydget.vip/phpinfo2.php" "Mozilla/5.0 (X11; Linux x86_64) AppleWebKit/537.36 (KHTML, like Gecko) Chrome/91.0.4472.124 Safari/537.36"
45.153.34.43 - - [13/Jun/2026:19:45:40 -0400] "GET /php_version.php HTTP/1.1" 404 1251 "http://raydget.vip/php_version.php" "Mozilla/5.0 (Windows NT 10.0; Win64; x64) AppleWebKit/537.36 (KHTML, like Gecko) Chrome/91.0.4472.124 Safari/537.36"
45.153.34.43 - - [13/Jun/2026:19:45:40 -0400] "GET /version.php HTTP/1.1" 404 1251 "http://raydget.vip/version.php" "Mozilla/5.0 (Macintosh; Intel Mac OS X 10_15_7) AppleWebKit/537.36 (KHTML, like Gecko) Chrome/91.0.4472.124 Safari/537.36"
45.153.34.43 - - [13/Jun/2026:19:45:41 -0400] "GET /server-info.php HTTP/1.1" 404 1251 "http://raydget.vip/server-info.php" "Mozilla/5.0 (X11; Linux x86_64) AppleWebKit/537.36 (KHTML, like Gecko) Chrome/91.0.4472.124 Safari/537.36"
45.153.34.43 - - [13/Jun/2026:19:45:41 -0400] "GET /env.php HTTP/1.1" 404 1251 "http://raydget.vip/env.php" "Mozilla/5.0 (Windows NT 10.0; Win64; x64) AppleWebKit/537.36 (KHTML, like Gecko) Chrome/91.0.4472.124 Safari/537.36"
45.153.34.43 - - [13/Jun/2026:19:45:41 -0400] "GET /init.php HTTP/1.1" 404 1251 "http://raydget.vip/init.php" "Mozilla/5.0 (Windows NT 10.0; Win64; x64) AppleWebKit/537.36 (KHTML, like Gecko) Chrome/91.0.4472.124 Safari/537.36"
45.153.34.43 - - [13/Jun/2026:19:45:42 -0400] "GET /.env HTTP/1.1" 404 1251 "http://raydget.vip/.env" "Mozilla/5.0 (Macintosh; Intel Mac OS X 10_15_7) AppleWebKit/537.36 (KHTML, like Gecko) Chrome/91.0.4472.124 Safari/537.36"
45.153.34.43 - - [13/Jun/2026:19:45:42 -0400] "GET /.env.bak HTTP/1.1" 404 1251 "http://raydget.vip/.env.bak" "Mozilla/5.0 (Macintosh; Intel Mac OS X 10_15_7) AppleWebKit/537.36 (KHTML, like Gecko) Chrome/91.0.4472.124 Safari/537.36"
45.153.34.43 - - [13/Jun/2026:19:45:42 -0400] "GET /.env-ku HTTP/1.1" 404 1251 "http://raydget.vip/.env-ku" "Mozilla/5.0 (X11; Linux x86_64) AppleWebKit/537.36 (KHTML, like Gecko) Chrome/91.0.4472.124 Safari/537.36"
45.153.34.43 - - [13/Jun/2026:19:45:43 -0400] "GET /backup_web_config.txt HTTP/1.1" 404 1251 "http://raydget.vip/backup_web_config.txt" "Mozilla/5.0 (Windows NT 10.0; Win64; x64) AppleWebKit/537.36 (KHTML, like Gecko) Chrome/91.0.4472.124 Safari/537.36"
45.153.34.43 - - [13/Jun/2026:19:45:43 -0400] "GET /app_dev.php/_profiler/open?file-app/config/parameters.yml HTTP/1.1" 404 1251 "http://raydget.vip/app_dev.php/_profiler/open?file-app/config/parameters.yml" "Mozilla/5.0 (Windows NT 10.0; Win64; x64) AppleWebKit/537.36 (KHTML, like Gecko) Chrome/91.0.4472.124 Safari/537.36"
45.153.34.43 - - [13/Jun/2026:19:45:43 -0400] "GET /web/dump-6-18-15.sql HTTP/1.1" 404 1251 "http://raydget.vip/web/dump-6-18-15.sql" "Mozilla/5.0 (X11; Linux x86_64) AppleWebKit/537.36 (KHTML, like Gecko) Chrome/91.0.4472.124 Safari/537.36"
66.249.73.231 - - [13/Jun/2026:19:47:53 -0400] "GET /view/item/cheap/F70431777 HTTP/1.1" 404 1251 "-" "Mozilla/5.0 (Linux; Android 6.0.1; Nexus 5X Build/MMB29P) AppleWebKit/537.36 (KHTML, like Gecko) Chrome/148.0.7778.96 Mobile Safari/537.36 (compatible; Googlebot/2.1; +http://www.google.com/bot.html)"
34.34.253.219 - - [13/Jun/2026:19:48:19 -0400] "GET /view/item/online/F70260045 HTTP/1.1" 404 1251 "-" "Mozilla/5.0 (iPhone; CPU iPhone OS 17_2 like Mac OS X) AppleWebKit/605.1.15 (KHTML, like Gecko) EdgiOS/120.0.2210.141 Version/17.0 Mobile/15E148 Safari/604.1"
34.96.52.34 - - [13/Jun/2026:19:48:19 -0400] "GET /items/buy/R82440060 HTTP/1.1" 404 1251 "-" "Mozilla/5.0 (iPhone; CPU iPhone OS 17_2 like Mac OS X) AppleWebKit/605.1.15 (KHTML, like Gecko) EdgiOS/120.0.2210.141 Version/17.0 Mobile/15E148 Safari/604.1"
34.96.52.34 - - [13/Jun/2026:19:48:20 -0400] "GET /view/item/best/F70413064 HTTP/1.1" 404 1251 "-" "Mozilla/5.0 (iPhone; CPU iPhone OS 17_2 like Mac OS X) AppleWebKit/605.1.15 (KHTML, like Gecko) EdgiOS/120.0.2210.141 Version/17.0 Mobile/15E148 Safari/604.1"
66.249.73.232 - - [13/Jun/2026:19:48:43 -0400] "GET /view/item/the/F70148557 HTTP/1.1" 404 1251 "-" "Mozilla/5.0 (Linux; Android 6.0.1; Nexus 5X Build/MMB29P) AppleWebKit/537.36 (KHTML, like Gecko) Chrome/148.0.7778.96 Mobile Safari/537.36 (compatible; Googlebot/2.1; +http://www.google.com/bot.html)"
192.0.91.228 - - [13/Jun/2026:19:48:53 -0400] "HEAD / HTTP/1.1" 200 0 "-" "jetmon/1.0 (Jetpack Site Uptime Monitor by WordPress.com)"
66.249.73.232 - - [13/Jun/2026:19:49:36 -0400] "GET /view/item/quality/F702221 HTTP/1.1" 404 1251 "-" "Mozilla/5.0 (Linux; Android 6.0.1; Nexus 5X Build/MMB29P) AppleWebKit/537.36 (KHTML, like Gecko) Chrome/148.0.7778.96 Mobile Safari/537.36 (compatible; Googlebot/2.1; +http://www.google.com/bot.html)"
66.249.73.231 - - [13/Jun/2026:19:49:43 -0400] "GET /view/item/outlet/F70441729 HTTP/1.1" 404 1251 "-" "Mozilla/5.0 (Linux; Android 6.0.1; Nexus 5X Build/MMB29P) AppleWebKit/537.36 (KHTML, like Gecko) Chrome/148.0.7778.96 Mobile Safari/537.36 (compatible; Googlebot/2.1; +http://www.google.com/bot.html)"
66.249.73.231 - - [13/Jun/2026:19:51:30 -0400] "GET /view/item/authentic/F7096987 HTTP/1.1" 404 1251 "-" "Mozilla/5.0 (Linux; Android 6.0.1; Nexus 5X Build/MMB29P) AppleWebKit/537.36 (KHTML, like Gecko) Chrome/148.0.7778.96 Mobile Safari/537.36 (compatible; Googlebot/2.1; +http://www.google.com/bot.html)"
66.249.73.230 - - [13/Jun/2026:19:53:17 -0400] "GET /view/item/authentic/F70477006 HTTP/1.1" 404 1251 "-" "Mozilla/5.0 (Linux; Android 6.0.1; Nexus 5X Build/MMB29P) AppleWebKit/537.36 (KHTML, like Gecko) Chrome/148.0.7778.96 Mobile Safari/537.36 (compatible; Googlebot/2.1; +http://www.google.com/bot.html)"
192.0.91.228 - - [13/Jun/2026:19:53:46 -0400] "HEAD / HTTP/1.1" 200 0 "-" "jetmon/1.0 (Jetpack Site Uptime Monitor by WordPress.com)"
62.84.186.183 - - [13/Jun/2026:19:55:11 -0400] "GET /wp-login.php HTTP/1.1" 404 1251 "-" "Mozilla/5.0 (X11; Linux x86_64; rv:133.0) Gecko/20100101 Firefox/133.0"
66.249.73.231 - - [13/Jun/2026:19:55:56 -0400] "GET /view/item/expensive/F70275200 HTTP/1.1" 404 1251 "-" "Mozilla/5.0 (compatible; Googlebot/2.1; +http://www.google.com/bot.html)"
66.249.73.230 - - [13/Jun/2026:19:57:26 -0400] "GET /view/item/the/F70309789 HTTP/1.1" 404 1251 "-" "Mozilla/5.0 (Linux; Android 6.0.1; Nexus 5X Build/MMB29P) AppleWebKit/537.36 (KHTML, like Gecko) Chrome/148.0.7778.96 Mobile Safari/537.36 (compatible; Googlebot/2.1; +http://www.google.com/bot.html)"
66.249.73.230 - - [13/Jun/2026:19:57:32 -0400] "GET /view/item/discount/F70270876 HTTP/1.1" 404 1251 "-" "Mozilla/5.0 (Linux; Android 6.0.1; Nexus 5X Build/MMB29P) AppleWebKit/537.36 (KHTML, like Gecko) Chrome/148.0.7778.96 Mobile Safari/537.36 (compatible; Googlebot/2.1; +http://www.google.com/bot.html)"
66.249.74.13 - - [13/Jun/2026:19:58:14 -0400] "GET /module/consequence/fxezn32b3iusxgb.phtml HTTP/1.1" 404 1251 "-" "Mozilla/5.0 (Linux; Android 6.0.1; Nexus 5X Build/MMB29P) AppleWebKit/537.36 (KHTML, like Gecko) Chrome/148.0.7778.96 Mobile Safari/537.36 (compatible; Googlebot/2.1; +http://www.google.com/bot.html)"
192.0.91.228 - - [13/Jun/2026:19:58:46 -0400] "HEAD / HTTP/1.1" 200 0 "-" "jetmon/1.0 (Jetpack Site Uptime Monitor by WordPress.com)"
66.249.73.232 - - [13/Jun/2026:20:00:20 -0400] "GET /view/item/expensive/F70494194 HTTP/1.1" 404 1251 "-" "Mozilla/5.0 (compatible; Googlebot/2.1; +http://www.google.com/bot.html)"
66.249.73.232 - - [13/Jun/2026:20:01:16 -0400] "GET /view/item/original/F70301502 HTTP/1.1" 404 1251 "-" "Mozilla/5.0 (Linux; Android 6.0.1; Nexus 5X Build/MMB29P) AppleWebKit/537.36 (KHTML, like Gecko) Chrome/148.0.7778.96 Mobile Safari/537.36 (compatible; Googlebot/2.1; +http://www.google.com/bot.html)"
66.249.73.232 - - [13/Jun/2026:20:01:17 -0400] "GET /view/item/classic/F70317733 HTTP/1.1" 404 1251 "-" "Mozilla/5.0 (Linux; Android 6.0.1; Nexus 5X Build/MMB29P) AppleWebKit/537.36 (KHTML, like Gecko) Chrome/148.0.7778.96 Mobile Safari/537.36 (compatible; Googlebot/2.1; +http://www.google.com/bot.html)"
66.249.73.230 - - [13/Jun/2026:20:02:35 -0400] "GET /view/item/special/F70486397 HTTP/1.1" 404 1251 "-" "Mozilla/5.0 (Linux; Android 6.0.1; Nexus 5X Build/MMB29P) AppleWebKit/537.36 (KHTML, like Gecko) Chrome/148.0.7778.96 Mobile Safari/537.36 (compatible; Googlebot/2.1; +http://www.google.com/bot.html)"
192.0.91.228 - - [13/Jun/2026:20:03:56 -0400] "HEAD / HTTP/1.1" 200 0 "-" "jetmon/1.0 (Jetpack Site Uptime Monitor by WordPress.com)"
66.249.73.230 - - [13/Jun/2026:20:04:03 -0400] "GET /view/item/outlet/F70144669 HTTP/1.1" 404 1251 "-" "Mozilla/5.0 (Linux; Android 6.0.1; Nexus 5X Build/MMB29P) AppleWebKit/537.36 (KHTML, like Gecko) Chrome/148.0.7778.96 Mobile Safari/537.36 (compatible; Googlebot/2.1; +http://www.google.com/bot.html)"
66.249.73.231 - - [13/Jun/2026:20:04:45 -0400] "GET /view/item/brand/F70457756 HTTP/1.1" 404 1251 "-" "Mozilla/5.0 (Linux; Android 6.0.1; Nexus 5X Build/MMB29P) AppleWebKit/537.36 (KHTML, like Gecko) Chrome/148.0.7778.96 Mobile Safari/537.36 (compatible; Googlebot/2.1; +http://www.google.com/bot.html)"
66.249.73.231 - - [13/Jun/2026:20:05:50 -0400] "GET /view/item/high/F70283051 HTTP/1.1" 404 1251 "-" "Mozilla/5.0 (Linux; Android 6.0.1; Nexus 5X Build/MMB29P) AppleWebKit/537.36 (KHTML, like Gecko) Chrome/148.0.7778.96 Mobile Safari/537.36 (compatible; Googlebot/2.1; +http://www.google.com/bot.html)"
66.249.74.13 - - [13/Jun/2026:20:08:29 -0400] "GET /type/portion/ee24brqwrbqcdo7.phtml HTTP/1.1" 404 1251 "-" "Mozilla/5.0 (Linux; Android 6.0.1; Nexus 5X Build/MMB29P) AppleWebKit/537.36 (KHTML, like Gecko) Chrome/149.0.7827.114 Mobile Safari/537.36 (compatible; Googlebot/2.1; +http://www.google.com/bot.html)"
66.249.73.231 - - [13/Jun/2026:20:08:36 -0400] "GET /view/item/inexpensive/F70462807 HTTP/1.1" 404 1251 "-" "Mozilla/5.0 (Linux; Android 6.0.1; Nexus 5X Build/MMB29P) AppleWebKit/537.36 (KHTML, like Gecko) Chrome/148.0.7778.96 Mobile Safari/537.36 (compatible; Googlebot/2.1; +http://www.google.com/bot.html)"
192.0.91.228 - - [13/Jun/2026:20:08:52 -0400] "HEAD / HTTP/1.1" 200 0 "-" "jetmon/1.0 (Jetpack Site Uptime Monitor by WordPress.com)"
66.249.73.230 - - [13/Jun/2026:20:09:06 -0400] "GET /view/item/cheap/F70114347 HTTP/1.1" 404 1251 "-" "Mozilla/5.0 (Linux; Android 6.0.1; Nexus 5X Build/MMB29P) AppleWebKit/537.36 (KHTML, like Gecko) Chrome/148.0.7778.96 Mobile Safari/537.36 (compatible; Googlebot/2.1; +http://www.google.com/bot.html)"
66.249.73.230 - - [13/Jun/2026:20:09:56 -0400] "GET /view/item/latest/F7019460 HTTP/1.1" 404 1251 "-" "Mozilla/5.0 (compatible; Googlebot/2.1; +http://www.google.com/bot.html)"
66.249.73.230 - - [13/Jun/2026:20:10:01 -0400] "GET /view/item/jp/F70223519 HTTP/1.1" 404 1251 "-" "Mozilla/5.0 (compatible; Googlebot/2.1; +http://www.google.com/bot.html)"
66.249.73.230 - - [13/Jun/2026:20:11:23 -0400] "GET /view/item/high/F7075789 HTTP/1.1" 404 1251 "-" "Mozilla/5.0 (Linux; Android 6.0.1; Nexus 5X Build/MMB29P) AppleWebKit/537.36 (KHTML, like Gecko) Chrome/148.0.7778.96 Mobile Safari/537.36 (compatible; Googlebot/2.1; +http://www.google.com/bot.html)"
66.249.74.14 - - [13/Jun/2026:20:11:23 -0400] "GET /items/expensive/R82493667 HTTP/1.1" 404 1251 "-" "Mozilla/5.0 (Linux; Android 6.0.1; Nexus 5X Build/MMB29P) AppleWebKit/537.36 (KHTML, like Gecko) Chrome/148.0.7778.96 Mobile Safari/537.36 (compatible; Googlebot/2.1; +http://www.google.com/bot.html)"
66.249.73.230 - - [13/Jun/2026:20:13:27 -0400] "GET /view/item/sale/F70243815 HTTP/1.1" 404 1251 "-" "Mozilla/5.0 (Linux; Android 6.0.1; Nexus 5X Build/MMB29P) AppleWebKit/537.36 (KHTML, like Gecko) Chrome/148.0.7778.96 Mobile Safari/537.36 (compatible; Googlebot/2.1; +http://www.google.com/bot.html)"
66.249.73.231 - - [13/Jun/2026:20:13:47 -0400] "GET /view/item/wholesale/F7049470 HTTP/1.1" 404 1251 "-" "Mozilla/5.0 (Linux; Android 6.0.1; Nexus 5X Build/MMB29P) AppleWebKit/537.36 (KHTML, like Gecko) Chrome/148.0.7778.96 Mobile Safari/537.36 (compatible; Googlebot/2.1; +http://www.google.com/bot.html)"
192.0.91.228 - - [13/Jun/2026:20:13:51 -0400] "HEAD / HTTP/1.1" 200 0 "-" "jetmon/1.0 (Jetpack Site Uptime Monitor by WordPress.com)"
66.249.74.13 - - [13/Jun/2026:20:14:49 -0400] "GET /items/shop/R82259881 HTTP/1.1" 404 1251 "-" "Mozilla/5.0 (Linux; Android 6.0.1; Nexus 5X Build/MMB29P) AppleWebKit/537.36 (KHTML, like Gecko) Chrome/149.0.7827.114 Mobile Safari/537.36 (compatible; Googlebot/2.1; +http://www.google.com/bot.html)"
66.249.74.14 - - [13/Jun/2026:20:14:50 -0400] "GET /items/original/R82160494 HTTP/1.1" 404 1251 "-" "Mozilla/5.0 (Linux; Android 6.0.1; Nexus 5X Build/MMB29P) AppleWebKit/537.36 (KHTML, like Gecko) Chrome/149.0.7827.114 Mobile Safari/537.36 (compatible; Googlebot/2.1; +http://www.google.com/bot.html)"
66.249.74.13 - - [13/Jun/2026:20:14:51 -0400] "GET /items/outlet/R82411324 HTTP/1.1" 404 1251 "-" "Mozilla/5.0 (Linux; Android 6.0.1; Nexus 5X Build/MMB29P) AppleWebKit/537.36 (KHTML, like Gecko) Chrome/149.0.7827.114 Mobile Safari/537.36 (compatible; Googlebot/2.1; +http://www.google.com/bot.html)"
66.249.74.15 - - [13/Jun/2026:20:14:52 -0400] "GET /items/new/R8275757 HTTP/1.1" 404 1251 "-" "Mozilla/5.0 (Linux; Android 6.0.1; Nexus 5X Build/MMB29P) AppleWebKit/537.36 (KHTML, like Gecko) Chrome/149.0.7827.114 Mobile Safari/537.36 (compatible; Googlebot/2.1; +http://www.google.com/bot.html)"
66.249.73.231 - - [13/Jun/2026:20:15:37 -0400] "GET /view/item/on/F7028481 HTTP/1.1" 404 1251 "-" "Mozilla/5.0 (Linux; Android 6.0.1; Nexus 5X Build/MMB29P) AppleWebKit/537.36 (KHTML, like Gecko) Chrome/148.0.7778.96 Mobile Safari/537.36 (compatible; Googlebot/2.1; +http://www.google.com/bot.html)"
66.249.73.230 - - [13/Jun/2026:20:17:22 -0400] "GET /view/item/authentic/F7064299 HTTP/1.1" 404 1251 "-" "Mozilla/5.0 (Linux; Android 6.0.1; Nexus 5X Build/MMB29P) AppleWebKit/537.36 (KHTML, like Gecko) Chrome/148.0.7778.96 Mobile Safari/537.36 (compatible; Googlebot/2.1; +http://www.google.com/bot.html)"
66.249.73.231 - - [13/Jun/2026:20:17:48 -0400] "GET /view/item/buy/F70134049 HTTP/1.1" 404 1251 "-" "Mozilla/5.0 (Linux; Android 6.0.1; Nexus 5X Build/MMB29P) AppleWebKit/537.36 (KHTML, like Gecko) Chrome/148.0.7778.96 Mobile Safari/537.36 (compatible; Googlebot/2.1; +http://www.google.com/bot.html)"
66.249.73.232 - - [13/Jun/2026:20:17:58 -0400] "GET /view/item/expensive/F70458849 HTTP/1.1" 404 1251 "-" "Mozilla/5.0 (Linux; Android 6.0.1; Nexus 5X Build/MMB29P) AppleWebKit/537.36 (KHTML, like Gecko) Chrome/148.0.7778.96 Mobile Safari/537.36 (compatible; Googlebot/2.1; +http://www.google.com/bot.html)"
192.0.91.228 - - [13/Jun/2026:20:18:51 -0400] "HEAD / HTTP/1.1" 200 0 "-" "jetmon/1.0 (Jetpack Site Uptime Monitor by WordPress.com)"
66.249.73.232 - - [13/Jun/2026:20:19:56 -0400] "GET /view/item/quality/F70234433 HTTP/1.1" 404 1251 "-" "Mozilla/5.0 (compatible; Googlebot/2.1; +http://www.google.com/bot.html)"
66.249.73.230 - - [13/Jun/2026:20:19:58 -0400] "GET /view/item/classic/F70345666 HTTP/1.1" 404 1251 "-" "Mozilla/5.0 (Linux; Android 6.0.1; Nexus 5X Build/MMB29P) AppleWebKit/537.36 (KHTML, like Gecko) Chrome/148.0.7778.96 Mobile Safari/537.36 (compatible; Googlebot/2.1; +http://www.google.com/bot.html)"
66.249.73.232 - - [13/Jun/2026:20:20:56 -0400] "GET /view/item/on/F70392795 HTTP/1.1" 404 1251 "-" "Mozilla/5.0 (Linux; Android 6.0.1; Nexus 5X Build/MMB29P) AppleWebKit/537.36 (KHTML, like Gecko) Chrome/148.0.7778.96 Mobile Safari/537.36 (compatible; Googlebot/2.1; +http://www.google.com/bot.html)"
66.249.74.14 - - [13/Jun/2026:20:21:14 -0400] "GET /feature/offshoot/es2xbrq3rbqc4o7.phtml HTTP/1.1" 404 1251 "-" "Mozilla/5.0 (Linux; Android 6.0.1; Nexus 5X Build/MMB29P) AppleWebKit/537.36 (KHTML, like Gecko) Chrome/148.0.7778.96 Mobile Safari/537.36 (compatible; Googlebot/2.1; +http://www.google.com/bot.html)"
34.239.33.204 - - [13/Jun/2026:20:21:44 -0400] "GET /robots.txt HTTP/1.1" 404 1251 "-" "Mozilla/5.0 (Macintosh; Intel Mac OS X 10_10_1) AppleWebKit/600.2.5 (KHTML, like Gecko) Version/8.0.2 Safari/600.2.5 (Gort)"
66.249.73.230 - - [13/Jun/2026:20:22:09 -0400] "GET /view/item/the/F70438643 HTTP/1.1" 404 1251 "-" "Mozilla/5.0 (Linux; Android 6.0.1; Nexus 5X Build/MMB29P) AppleWebKit/537.36 (KHTML, like Gecko) Chrome/148.0.7778.96 Mobile Safari/537.36 (compatible; Googlebot/2.1; +http://www.google.com/bot.html)"
192.0.91.228 - - [13/Jun/2026:20:23:45 -0400] "HEAD / HTTP/1.1" 200 0 "-" "jetmon/1.0 (Jetpack Site Uptime Monitor by WordPress.com)"
66.249.73.230 - - [13/Jun/2026:20:24:19 -0400] "GET /view/item/quality/F70352792 HTTP/1.1" 404 1251 "-" "Mozilla/5.0 (compatible; Googlebot/2.1; +http://www.google.com/bot.html)"
66.249.73.232 - - [13/Jun/2026:20:24:19 -0400] "GET /view/item/shop/F70159105 HTTP/1.1" 404 1251 "-" "Mozilla/5.0 (Linux; Android 6.0.1; Nexus 5X Build/MMB29P) AppleWebKit/537.36 (KHTML, like Gecko) Chrome/148.0.7778.96 Mobile Safari/537.36 (compatible; Googlebot/2.1; +http://www.google.com/bot.html)"
66.249.73.230 - - [13/Jun/2026:20:24:30 -0400] "GET /view/item/shop/F70391899 HTTP/1.1" 404 1251 "-" "Mozilla/5.0 (Linux; Android 6.0.1; Nexus 5X Build/MMB29P) AppleWebKit/537.36 (KHTML, like Gecko) Chrome/148.0.7778.96 Mobile Safari/537.36 (compatible; Googlebot/2.1; +http://www.google.com/bot.html)"
66.249.74.13 - - [13/Jun/2026:20:26:30 -0400] "GET /items/shopping/R82377411 HTTP/1.1" 404 1251 "-" "Mozilla/5.0 (Linux; Android 6.0.1; Nexus 5X Build/MMB29P) AppleWebKit/537.36 (KHTML, like Gecko) Chrome/148.0.7778.96 Mobile Safari/537.36 (compatible; Googlebot/2.1; +http://www.google.com/bot.html)"
66.249.73.230 - - [13/Jun/2026:20:27:34 -0400] "GET /view/item/authentic/F70367714 HTTP/1.1" 404 1251 "-" "Mozilla/5.0 (Linux; Android 6.0.1; Nexus 5X Build/MMB29P) AppleWebKit/537.36 (KHTML, like Gecko) Chrome/148.0.7778.96 Mobile Safari/537.36 (compatible; Googlebot/2.1; +http://www.google.com/bot.html)"
34.56.168.230 - - [13/Jun/2026:20:27:42 -0400] "HEAD /robots.txt HTTP/1.1" 404 0 "-" "Mozilla/5.0 (X11; Linux x86_64) AppleWebKit/537.36 (KHTML, like Gecko) Chrome/136.0.0.0 Safari/537.36"
34.63.117.220 - - [13/Jun/2026:20:27:42 -0400] "HEAD /items/authentic/R8263266 HTTP/1.1" 404 0 "-" "Mozilla/5.0 AppleWebKit/537.36 (KHTML, like Gecko); compatible; ShapBot/0.1.0"
66.249.73.232 - - [13/Jun/2026:20:28:04 -0400] "GET /view/item/outlet/F70364044 HTTP/1.1" 404 1251 "-" "Mozilla/5.0 (Linux; Android 6.0.1; Nexus 5X Build/MMB29P) AppleWebKit/537.36 (KHTML, like Gecko) Chrome/148.0.7778.96 Mobile Safari/537.36 (compatible; Googlebot/2.1; +http://www.google.com/bot.html)"
34.56.168.230 - - [13/Jun/2026:20:28:33 -0400] "GET /items/authentic/R8263266 HTTP/1.1" 404 1251 "-" "Mozilla/5.0 (X11; Linux x86_64) AppleWebKit/537.36 (KHTML, like Gecko) Chrome/144.0.0.0 Safari/537.36"
34.56.168.230 - - [13/Jun/2026:20:28:36 -0400] "GET /favicon.ico HTTP/1.1" 404 1251 "https://www.raydget.vip/items/authentic/R8263266" "Mozilla/5.0 (X11; Linux x86_64) AppleWebKit/537.36 (KHTML, like Gecko) Chrome/144.0.0.0 Safari/537.36"
192.0.91.228 - - [13/Jun/2026:20:28:45 -0400] "HEAD / HTTP/1.1" 200 0 "-" "jetmon/1.0 (Jetpack Site Uptime Monitor by WordPress.com)"
192.185.4.147 - - [13/Jun/2026:20:29:26 -0400] "GET /wp-login.php HTTP/1.1" 404 1251 "-" "Mozilla/5.0 (Windows NT 10.0; Win64; x64) AppleWebKit/537.36 (KHTML, like Gecko) Chrome/120.0.0.0 Safari/537.36"
66.249.73.230 - - [13/Jun/2026:20:29:44 -0400] "GET /view/item/outlet/F70239066 HTTP/1.1" 404 1251 "-" "Mozilla/5.0 (compatible; Googlebot/2.1; +http://www.google.com/bot.html)"
66.249.73.232 - - [13/Jun/2026:20:31:39 -0400] "GET /view/item/authentic/F70488190 HTTP/1.1" 404 1251 "-" "Mozilla/5.0 (Linux; Android 6.0.1; Nexus 5X Build/MMB29P) AppleWebKit/537.36 (KHTML, like Gecko) Chrome/148.0.7778.96 Mobile Safari/537.36 (compatible; Googlebot/2.1; +http://www.google.com/bot.html)"
66.249.73.232 - - [13/Jun/2026:20:32:50 -0400] "GET /view/item/jp/F70379873 HTTP/1.1" 404 1251 "-" "Mozilla/5.0 (Linux; Android 6.0.1; Nexus 5X Build/MMB29P) AppleWebKit/537.36 (KHTML, like Gecko) Chrome/148.0.7778.96 Mobile Safari/537.36 (compatible; Googlebot/2.1; +http://www.google.com/bot.html)"
66.249.74.13 - - [13/Jun/2026:20:33:01 -0400] "GET /model/remnant/ew9gumxza6xvzje.phtml HTTP/1.1" 404 1251 "-" "Mozilla/5.0 (Linux; Android 6.0.1; Nexus 5X Build/MMB29P) AppleWebKit/537.36 (KHTML, like Gecko) Chrome/148.0.7778.96 Mobile Safari/537.36 (compatible; Googlebot/2.1; +http://www.google.com/bot.html)"
192.0.91.228 - - [13/Jun/2026:20:33:51 -0400] "HEAD / HTTP/1.1" 200 0 "-" "jetmon/1.0 (Jetpack Site Uptime Monitor by WordPress.com)"
114.119.142.84 - - [13/Jun/2026:20:34:12 -0400] "GET /tag/chat/ HTTP/1.1" 404 1251 "https://raydget.vip/tag/chat/" "Mozilla/5.0 (Linux; Android 7.0;) AppleWebKit/537.36 (HTML, like Gecko) Mobile Safari/537.36 (compatible; PetalBot;+https://webmaster.petalsearch.com/site/petalbot)"
66.249.73.232 - - [13/Jun/2026:20:35:11 -0400] "GET /view/item/online/F70110777 HTTP/1.1" 404 1251 "-" "Mozilla/5.0 (Linux; Android 6.0.1; Nexus 5X Build/MMB29P) AppleWebKit/537.36 (KHTML, like Gecko) Chrome/148.0.7778.96 Mobile Safari/537.36 (compatible; Googlebot/2.1; +http://www.google.com/bot.html)"
66.249.73.232 - - [13/Jun/2026:20:35:13 -0400] "GET /view/item/classic/F70417738 HTTP/1.1" 404 1251 "-" "Mozilla/5.0 (Linux; Android 6.0.1; Nexus 5X Build/MMB29P) AppleWebKit/537.36 (KHTML, like Gecko) Chrome/148.0.7778.96 Mobile Safari/537.36 (compatible; Googlebot/2.1; +http://www.google.com/bot.html)"
66.249.73.231 - - [13/Jun/2026:20:37:44 -0400] "GET /view/item/expensive/F7022470 HTTP/1.1" 404 1251 "-" "Mozilla/5.0 (Linux; Android 6.0.1; Nexus 5X Build/MMB29P) AppleWebKit/537.36 (KHTML, like Gecko) Chrome/148.0.7778.96 Mobile Safari/537.36 (compatible; Googlebot/2.1; +http://www.google.com/bot.html)"
66.249.73.232 - - [13/Jun/2026:20:38:47 -0400] "GET /view/item/buy/F70138441 HTTP/1.1" 404 1251 "-" "Mozilla/5.0 (Linux; Android 6.0.1; Nexus 5X Build/MMB29P) AppleWebKit/537.36 (KHTML, like Gecko) Chrome/148.0.7778.96 Mobile Safari/537.36 (compatible; Googlebot/2.1; +http://www.google.com/bot.html)"
192.0.91.228 - - [13/Jun/2026:20:38:49 -0400] "HEAD / HTTP/1.1" 200 0 "-" "jetmon/1.0 (Jetpack Site Uptime Monitor by WordPress.com)"
203.172.89.21 - - [13/Jun/2026:20:38:59 -0400] "GET /wp-login.php HTTP/1.1" 404 1251 "-" "Mozilla/5.0 (Windows NT 10.0; Win64; x64) AppleWebKit/537.36 (KHTML, like Gecko) Chrome/120.0.0.0 Safari/537.36"
66.249.73.232 - - [13/Jun/2026:20:40:32 -0400] "GET /view/item/inexpensive/F70384578 HTTP/1.1" 404 1251 "-" "Mozilla/5.0 (Linux; Android 6.0.1; Nexus 5X Build/MMB29P) AppleWebKit/537.36 (KHTML, like Gecko) Chrome/148.0.7778.96 Mobile Safari/537.36 (compatible; Googlebot/2.1; +http://www.google.com/bot.html)"
66.249.73.231 - - [13/Jun/2026:20:42:38 -0400] "GET /view/item/for/F70231960 HTTP/1.1" 404 1251 "-" "Mozilla/5.0 (Linux; Android 6.0.1; Nexus 5X Build/MMB29P) AppleWebKit/537.36 (KHTML, like Gecko) Chrome/148.0.7778.96 Mobile Safari/537.36 (compatible; Googlebot/2.1; +http://www.google.com/bot.html)"
192.0.91.228 - - [13/Jun/2026:20:43:50 -0400] "HEAD / HTTP/1.1" 200 0 "-" "jetmon/1.0 (Jetpack Site Uptime Monitor by WordPress.com)"
66.249.73.231 - - [13/Jun/2026:20:44:32 -0400] "GET /view/item/releases/F70293685 HTTP/1.1" 404 1251 "-" "Mozilla/5.0 (Linux; Android 6.0.1; Nexus 5X Build/MMB29P) AppleWebKit/537.36 (KHTML, like Gecko) Chrome/148.0.7778.96 Mobile Safari/537.36 (compatible; Googlebot/2.1; +http://www.google.com/bot.html)"
192.0.113.20 - - [13/Jun/2026:20:45:30 -0400] "GET /wp-content/uploads/26.jpg HTTP/1.1" 200 43835 "-" "Photon/1.0"
66.249.73.232 - - [13/Jun/2026:20:46:27 -0400] "GET /view/item/inexpensive/F70137105 HTTP/1.1" 404 1251 "-" "Mozilla/5.0 (compatible; Googlebot/2.1; +http://www.google.com/bot.html)"
66.249.73.231 - - [13/Jun/2026:20:46:29 -0400] "GET /view/item/inexpensive/F7075200 HTTP/1.1" 404 1251 "-" "Mozilla/5.0 (Linux; Android 6.0.1; Nexus 5X Build/MMB29P) AppleWebKit/537.36 (KHTML, like Gecko) Chrome/148.0.7778.96 Mobile Safari/537.36 (compatible; Googlebot/2.1; +http://www.google.com/bot.html)"
192.0.91.228 - - [13/Jun/2026:20:48:50 -0400] "HEAD / HTTP/1.1" 200 0 "-" "jetmon/1.0 (Jetpack Site Uptime Monitor by WordPress.com)"
114.119.131.90 - - [13/Jun/2026:20:50:25 -0400] "GET /wp-content/uploads/vozvrat.docx HTTP/1.1" 200 12765 "https://raydget.vip/vozvrat-i-obmen-tovara/" "Mozilla/5.0 (Linux; Android 7.0;) AppleWebKit/537.36 (HTML, like Gecko) Mobile Safari/537.36 (compatible; PetalBot;+https://webmaster.petalsearch.com/site/petalbot)"
66.249.73.231 - - [13/Jun/2026:20:52:22 -0400] "GET /view/item/authentic/F70140071 HTTP/1.1" 404 1251 "-" "Mozilla/5.0 (compatible; Googlebot/2.1; +http://www.google.com/bot.html)"
66.249.73.230 - - [13/Jun/2026:20:53:19 -0400] "GET /view/item/new/F7087251 HTTP/1.1" 404 1251 "-" "Mozilla/5.0 (Linux; Android 6.0.1; Nexus 5X Build/MMB29P) AppleWebKit/537.36 (KHTML, like Gecko) Chrome/148.0.7778.96 Mobile Safari/537.36 (compatible; Googlebot/2.1; +http://www.google.com/bot.html)"
132.255.164.117 - - [13/Jun/2026:20:53:42 -0400] "GET /wp-login.php HTTP/1.1" 404 1251 "-" "Mozilla/5.0 (Windows NT 10.0; Win64; x64) AppleWebKit/537.36 (KHTML, like Gecko) Chrome/120.0.0.0 Safari/537.36"
66.249.73.231 - - [13/Jun/2026:20:53:50 -0400] "GET /view/item/new/F70214638 HTTP/1.1" 404 1251 "-" "Mozilla/5.0 (Linux; Android 6.0.1; Nexus 5X Build/MMB29P) AppleWebKit/537.36 (KHTML, like Gecko) Chrome/148.0.7778.96 Mobile Safari/537.36 (compatible; Googlebot/2.1; +http://www.google.com/bot.html)"
192.0.91.228 - - [13/Jun/2026:20:53:52 -0400] "HEAD / HTTP/1.1" 200 0 "-" "jetmon/1.0 (Jetpack Site Uptime Monitor by WordPress.com)"
66.249.73.231 - - [13/Jun/2026:20:57:54 -0400] "GET /view/item/best/F70123368 HTTP/1.1" 404 1251 "-" "Mozilla/5.0 (Linux; Android 6.0.1; Nexus 5X Build/MMB29P) AppleWebKit/537.36 (KHTML, like Gecko) Chrome/148.0.7778.96 Mobile Safari/537.36 (compatible; Googlebot/2.1; +http://www.google.com/bot.html)"
66.249.73.232 - - [13/Jun/2026:20:58:40 -0400] "GET /view/item/the/F70242129 HTTP/1.1" 404 1251 "-" "Mozilla/5.0 (Linux; Android 6.0.1; Nexus 5X Build/MMB29P) AppleWebKit/537.36 (KHTML, like Gecko) Chrome/148.0.7778.96 Mobile Safari/537.36 (compatible; Googlebot/2.1; +http://www.google.com/bot.html)"
66.249.73.232 - - [13/Jun/2026:20:58:40 -0400] "GET /view/item/inexpensive/F70310945 HTTP/1.1" 404 1251 "-" "Mozilla/5.0 (Linux; Android 6.0.1; Nexus 5X Build/MMB29P) AppleWebKit/537.36 (KHTML, like Gecko) Chrome/148.0.7778.96 Mobile Safari/537.36 (compatible; Googlebot/2.1; +http://www.google.com/bot.html)"
192.0.91.228 - - [13/Jun/2026:20:58:49 -0400] "HEAD / HTTP/1.1" 200 0 "-" "jetmon/1.0 (Jetpack Site Uptime Monitor by WordPress.com)"
159.203.57.110 - - [13/Jun/2026:21:01:26 -0400] "GET /wp-login.php HTTP/1.1" 404 1251 "-" "Mozilla/5.0 (Windows NT 10.0; Win64; x64) AppleWebKit/537.36 (KHTML, like Gecko) Chrome/133.0.0.0 Safari/537.36 Edg/133.0.0.0"
66.249.74.13 - - [13/Jun/2026:21:01:29 -0400] "GET /register/manufacture/esutf7iuvrigb4z.phtml HTTP/1.1" 404 1251 "-" "Mozilla/5.0 (Linux; Android 6.0.1; Nexus 5X Build/MMB29P) AppleWebKit/537.36 (KHTML, like Gecko) Chrome/149.0.7827.114 Mobile Safari/537.36 (compatible; Googlebot/2.1; +http://www.google.com/bot.html)"
188.120.249.22 - - [13/Jun/2026:21:02:07 -0400] "GET / HTTP/1.1" 200 3384 "http://RAYDGET.VIP" "Mozilla/5.0 (Windows NT 10.0; Win64; x64) AppleWebKit/537.36 (KHTML, like Gecko) Chrome/120.0.0.0 Safari/537.36"
66.249.74.15 - - [13/Jun/2026:21:02:25 -0400] "GET /cultivar/proceeds/e90sldou1xomja5.phtml HTTP/1.1" 404 1251 "-" "Mozilla/5.0 (Linux; Android 6.0.1; Nexus 5X Build/MMB29P) AppleWebKit/537.36 (KHTML, like Gecko) Chrome/148.0.7778.96 Mobile Safari/537.36 (compatible; Googlebot/2.1; +http://www.google.com/bot.html)"
66.249.73.232 - - [13/Jun/2026:21:02:49 -0400] "GET /view/item/inexpensive/F70240312 HTTP/1.1" 404 1251 "-" "Mozilla/5.0 (Linux; Android 6.0.1; Nexus 5X Build/MMB29P) AppleWebKit/537.36 (KHTML, like Gecko) Chrome/148.0.7778.96 Mobile Safari/537.36 (compatible; Googlebot/2.1; +http://www.google.com/bot.html)"
66.249.73.230 - - [13/Jun/2026:21:02:49 -0400] "GET /view/item/arrival/F70449806 HTTP/1.1" 404 1251 "-" "Mozilla/5.0 (Linux; Android 6.0.1; Nexus 5X Build/MMB29P) AppleWebKit/537.36 (KHTML, like Gecko) Chrome/148.0.7778.96 Mobile Safari/537.36 (compatible; Googlebot/2.1; +http://www.google.com/bot.html)"
193.115.126.168 - - [13/Jun/2026:21:02:51 -0400] "GET /wp-login.php HTTP/1.1" 404 1251 "-" "Mozilla/5.0 (Windows NT 10.0; Win64; x64) AppleWebKit/537.36 (KHTML, like Gecko) Chrome/120.0.0.0 Safari/537.36"
192.0.91.228 - - [13/Jun/2026:21:03:44 -0400] "HEAD / HTTP/1.1" 200 0 "-" "jetmon/1.0 (Jetpack Site Uptime Monitor by WordPress.com)"
66.249.73.230 - - [13/Jun/2026:21:05:45 -0400] "GET /view/item/fashion/F70246117 HTTP/1.1" 404 1251 "-" "Mozilla/5.0 (Linux; Android 6.0.1; Nexus 5X Build/MMB29P) AppleWebKit/537.36 (KHTML, like Gecko) Chrome/148.0.7778.96 Mobile Safari/537.36 (compatible; Googlebot/2.1; +http://www.google.com/bot.html)"
66.249.73.231 - - [13/Jun/2026:21:08:40 -0400] "GET /view/item/original/F70329052 HTTP/1.1" 404 1251 "-" "Mozilla/5.0 (Linux; Android 6.0.1; Nexus 5X Build/MMB29P) AppleWebKit/537.36 (KHTML, like Gecko) Chrome/148.0.7778.96 Mobile Safari/537.36 (compatible; Googlebot/2.1; +http://www.google.com/bot.html)"
192.0.91.228 - - [13/Jun/2026:21:08:42 -0400] "HEAD / HTTP/1.1" 200 0 "-" "jetmon/1.0 (Jetpack Site Uptime Monitor by WordPress.com)"
20.27.94.131 - - [13/Jun/2026:21:10:21 -0400] "GET /view/item/store/F70260032 HTTP/1.1" 404 1251 "-" "Mozilla/5.0 AppleWebKit/537.36 (KHTML, like Gecko); compatible; ChatGPT-User/1.0; +https://openai.com/bot"
66.249.73.231 - - [13/Jun/2026:21:10:36 -0400] "GET /view/item/for/F70115155 HTTP/1.1" 404 1251 "-" "Mozilla/5.0 (Linux; Android 6.0.1; Nexus 5X Build/MMB29P) AppleWebKit/537.36 (KHTML, like Gecko) Chrome/148.0.7778.96 Mobile Safari/537.36 (compatible; Googlebot/2.1; +http://www.google.com/bot.html)"
66.249.73.232 - - [13/Jun/2026:21:13:24 -0400] "GET /view/item/arrival/F702565 HTTP/1.1" 404 1251 "-" "Mozilla/5.0 (Linux; Android 6.0.1; Nexus 5X Build/MMB29P) AppleWebKit/537.36 (KHTML, like Gecko) Chrome/148.0.7778.96 Mobile Safari/537.36 (compatible; Googlebot/2.1; +http://www.google.com/bot.html)"
66.249.73.230 - - [13/Jun/2026:21:13:40 -0400] "GET /view/item/brand/F70202336 HTTP/1.1" 404 1251 "-" "Mozilla/5.0 (Linux; Android 6.0.1; Nexus 5X Build/MMB29P) AppleWebKit/537.36 (KHTML, like Gecko) Chrome/148.0.7778.96 Mobile Safari/537.36 (compatible; Googlebot/2.1; +http://www.google.com/bot.html)"
192.0.91.228 - - [13/Jun/2026:21:13:47 -0400] "HEAD / HTTP/1.1" 200 0 "-" "jetmon/1.0 (Jetpack Site Uptime Monitor by WordPress.com)"
66.249.73.231 - - [13/Jun/2026:21:14:06 -0400] "GET /view/item/outlet/F70200958 HTTP/1.1" 404 1251 "-" "Mozilla/5.0 (Linux; Android 6.0.1; Nexus 5X Build/MMB29P) AppleWebKit/537.36 (KHTML, like Gecko) Chrome/148.0.7778.96 Mobile Safari/537.36 (compatible; Googlebot/2.1; +http://www.google.com/bot.html)"
66.249.74.13 - - [13/Jun/2026:21:14:49 -0400] "GET /items/clearance/R82309773 HTTP/1.1" 404 1251 "-" "Mozilla/5.0 (Linux; Android 6.0.1; Nexus 5X Build/MMB29P) AppleWebKit/537.36 (KHTML, like Gecko) Chrome/149.0.7827.114 Mobile Safari/537.36 (compatible; Googlebot/2.1; +http://www.google.com/bot.html)"
66.249.74.13 - - [13/Jun/2026:21:14:50 -0400] "GET /items/store/R82274236 HTTP/1.1" 404 1251 "-" "Mozilla/5.0 (Linux; Android 6.0.1; Nexus 5X Build/MMB29P) AppleWebKit/537.36 (KHTML, like Gecko) Chrome/149.0.7827.114 Mobile Safari/537.36 (compatible; Googlebot/2.1; +http://www.google.com/bot.html)"
66.249.74.13 - - [13/Jun/2026:21:14:51 -0400] "GET /items/high/R82265114 HTTP/1.1" 404 1251 "-" "Mozilla/5.0 (Linux; Android 6.0.1; Nexus 5X Build/MMB29P) AppleWebKit/537.36 (KHTML, like Gecko) Chrome/149.0.7827.114 Mobile Safari/537.36 (compatible; Googlebot/2.1; +http://www.google.com/bot.html)"
66.249.74.13 - - [13/Jun/2026:21:14:52 -0400] "GET /items/store/R82258747 HTTP/1.1" 404 1251 "-" "Mozilla/5.0 (Linux; Android 6.0.1; Nexus 5X Build/MMB29P) AppleWebKit/537.36 (KHTML, like Gecko) Chrome/149.0.7827.114 Mobile Safari/537.36 (compatible; Googlebot/2.1; +http://www.google.com/bot.html)"
66.249.74.13 - - [13/Jun/2026:21:14:53 -0400] "GET /items/cheap/R82208447 HTTP/1.1" 404 1251 "-" "Mozilla/5.0 (Linux; Android 6.0.1; Nexus 5X Build/MMB29P) AppleWebKit/537.36 (KHTML, like Gecko) Chrome/149.0.7827.114 Mobile Safari/537.36 (compatible; Googlebot/2.1; +http://www.google.com/bot.html)"
66.249.73.230 - - [13/Jun/2026:21:17:15 -0400] "GET /view/item/outlet/F70173037 HTTP/1.1" 404 1251 "-" "Mozilla/5.0 (Linux; Android 6.0.1; Nexus 5X Build/MMB29P) AppleWebKit/537.36 (KHTML, like Gecko) Chrome/148.0.7778.96 Mobile Safari/537.36 (compatible; Googlebot/2.1; +http://www.google.com/bot.html)"
109.123.245.70 - - [13/Jun/2026:21:18:03 -0400] "GET /wp-login.php HTTP/1.1" 404 1251 "-" "Mozilla/5.0 (X11; Linux x86_64; rv:133.0) Gecko/20100101 Firefox/133.0"
192.0.91.228 - - [13/Jun/2026:21:18:47 -0400] "HEAD / HTTP/1.1" 200 0 "-" "jetmon/1.0 (Jetpack Site Uptime Monitor by WordPress.com)"
66.249.73.231 - - [13/Jun/2026:21:19:22 -0400] "GET /view/item/shopping/F70325771 HTTP/1.1" 404 1251 "-" "Mozilla/5.0 (compatible; Googlebot/2.1; +http://www.google.com/bot.html)"
162.144.12.37 - - [13/Jun/2026:21:20:15 -0400] "GET /wp-login.php HTTP/1.1" 404 1251 "-" "Mozilla/5.0 (Windows NT 10.0; Win64; x64) AppleWebKit/537.36 (KHTML, like Gecko) Chrome/120.0.0.0 Safari/537.36"
66.249.73.232 - - [13/Jun/2026:21:21:06 -0400] "GET /view/item/fashion/F7050612 HTTP/1.1" 404 1251 "-" "Mozilla/5.0 (Linux; Android 6.0.1; Nexus 5X Build/MMB29P) AppleWebKit/537.36 (KHTML, like Gecko) Chrome/148.0.7778.96 Mobile Safari/537.36 (compatible; Googlebot/2.1; +http://www.google.com/bot.html)"
66.249.73.230 - - [13/Jun/2026:21:23:33 -0400] "GET /view/item/fashion/F70493237 HTTP/1.1" 404 1251 "-" "Mozilla/5.0 (Linux; Android 6.0.1; Nexus 5X Build/MMB29P) AppleWebKit/537.36 (KHTML, like Gecko) Chrome/148.0.7778.96 Mobile Safari/537.36 (compatible; Googlebot/2.1; +http://www.google.com/bot.html)"
192.0.91.228 - - [13/Jun/2026:21:23:43 -0400] "HEAD / HTTP/1.1" 200 0 "-" "jetmon/1.0 (Jetpack Site Uptime Monitor by WordPress.com)"
66.249.73.230 - - [13/Jun/2026:21:24:27 -0400] "GET /view/item/the/F70198498 HTTP/1.1" 404 1251 "-" "Mozilla/5.0 (Linux; Android 6.0.1; Nexus 5X Build/MMB29P) AppleWebKit/537.36 (KHTML, like Gecko) Chrome/148.0.7778.96 Mobile Safari/537.36 (compatible; Googlebot/2.1; +http://www.google.com/bot.html)"
66.249.73.231 - - [13/Jun/2026:21:24:56 -0400] "GET /view/item/on/F70488303 HTTP/1.1" 404 1251 "-" "Mozilla/5.0 (Linux; Android 6.0.1; Nexus 5X Build/MMB29P) AppleWebKit/537.36 (KHTML, like Gecko) Chrome/148.0.7778.96 Mobile Safari/537.36 (compatible; Googlebot/2.1; +http://www.google.com/bot.html)"
66.249.73.230 - - [13/Jun/2026:21:25:40 -0400] "GET /view/item/authentic/F70315770 HTTP/1.1" 404 1251 "-" "Mozilla/5.0 (compatible; Googlebot/2.1; +http://www.google.com/bot.html)"
